{"id":76,"date":"2016-09-22T08:44:27","date_gmt":"2016-09-22T08:44:27","guid":{"rendered":"http:\/\/fn.se\/ystad-osterlen\/?page_id=76"},"modified":"2016-10-18T07:56:06","modified_gmt":"2016-10-18T07:56:06","slug":"bilder-fran-arsmotet-2010","status":"publish","type":"page","link":"https:\/\/fn.se\/ystad-osterlen\/bilder-fran-arsmotet-2010\/","title":{"rendered":"Bilder fr\u00e5n \u00e5rsm\u00f6tet 2010"},"content":{"rendered":"<p><img loading=\"lazy\" decoding=\"async\" class=\"alignright wp-image-78 size-full\" src=\"https:\/\/fn.se\/ystad-osterlen\/wp-content\/uploads\/sites\/82\/2016\/09\/\u00c5rsm\u00f6te-2010-2.jpg\" alt=\"arsmote-2010-2\" width=\"4752\" height=\"3168\" srcset=\"https:\/\/fn.se\/ystad-osterlen\/wp-content\/uploads\/sites\/82\/2016\/09\/\u00c5rsm\u00f6te-2010-2.jpg 4752w, https:\/\/fn.se\/ystad-osterlen\/wp-content\/uploads\/sites\/82\/2016\/09\/\u00c5rsm\u00f6te-2010-2-300x200.jpg 300w, https:\/\/fn.se\/ystad-osterlen\/wp-content\/uploads\/sites\/82\/2016\/09\/\u00c5rsm\u00f6te-2010-2-768x512.jpg 768w, https:\/\/fn.se\/ystad-osterlen\/wp-content\/uploads\/sites\/82\/2016\/09\/\u00c5rsm\u00f6te-2010-2-1024x683.jpg 1024w, https:\/\/fn.se\/ystad-osterlen\/wp-content\/uploads\/sites\/82\/2016\/09\/\u00c5rsm\u00f6te-2010-2-450x300.jpg 450w\" sizes=\"auto, (max-width: 4752px) 100vw, 4752px\" \/> <img loading=\"lazy\" decoding=\"async\" class=\"alignright wp-image-79 size-medium\" src=\"https:\/\/fn.se\/ystad-osterlen\/wp-content\/uploads\/sites\/82\/2016\/09\/\u00c5rsm\u00f6te-2010-3-300x200.jpg\" alt=\"arsmote-2010-3\" width=\"300\" height=\"200\" srcset=\"https:\/\/fn.se\/ystad-osterlen\/wp-content\/uploads\/sites\/82\/2016\/09\/\u00c5rsm\u00f6te-2010-3-300x200.jpg 300w, https:\/\/fn.se\/ystad-osterlen\/wp-content\/uploads\/sites\/82\/2016\/09\/\u00c5rsm\u00f6te-2010-3-768x512.jpg 768w, https:\/\/fn.se\/ystad-osterlen\/wp-content\/uploads\/sites\/82\/2016\/09\/\u00c5rsm\u00f6te-2010-3-1024x683.jpg 1024w, https:\/\/fn.se\/ystad-osterlen\/wp-content\/uploads\/sites\/82\/2016\/09\/\u00c5rsm\u00f6te-2010-3-450x300.jpg 450w\" sizes=\"auto, (max-width: 300px) 100vw, 300px\" \/><img loading=\"lazy\" decoding=\"async\" class=\"wp-image-80 size-medium alignleft\" src=\"https:\/\/fn.se\/ystad-osterlen\/wp-content\/uploads\/sites\/82\/2016\/09\/\u00c5rsm\u00f6te-2010-4-300x200.jpg\" alt=\"arsmote-2010-4\" width=\"300\" height=\"200\" srcset=\"https:\/\/fn.se\/ystad-osterlen\/wp-content\/uploads\/sites\/82\/2016\/09\/\u00c5rsm\u00f6te-2010-4-300x200.jpg 300w, https:\/\/fn.se\/ystad-osterlen\/wp-content\/uploads\/sites\/82\/2016\/09\/\u00c5rsm\u00f6te-2010-4-768x512.jpg 768w, https:\/\/fn.se\/ystad-osterlen\/wp-content\/uploads\/sites\/82\/2016\/09\/\u00c5rsm\u00f6te-2010-4-1024x683.jpg 1024w, https:\/\/fn.se\/ystad-osterlen\/wp-content\/uploads\/sites\/82\/2016\/09\/\u00c5rsm\u00f6te-2010-4-450x300.jpg 450w\" sizes=\"auto, (max-width: 300px) 100vw, 300px\" \/><br \/>\n<img loading=\"lazy\" decoding=\"async\" class=\"alignright size-medium wp-image-77\" src=\"https:\/\/fn.se\/ystad-osterlen\/wp-content\/uploads\/sites\/82\/2016\/09\/\u00c5rsm\u00f6te-2010-1-300x200.jpg\" alt=\"arsmote-2010-1\" width=\"300\" height=\"200\" srcset=\"https:\/\/fn.se\/ystad-osterlen\/wp-content\/uploads\/sites\/82\/2016\/09\/\u00c5rsm\u00f6te-2010-1-300x200.jpg 300w, https:\/\/fn.se\/ystad-osterlen\/wp-content\/uploads\/sites\/82\/2016\/09\/\u00c5rsm\u00f6te-2010-1-768x512.jpg 768w, https:\/\/fn.se\/ystad-osterlen\/wp-content\/uploads\/sites\/82\/2016\/09\/\u00c5rsm\u00f6te-2010-1-1024x683.jpg 1024w, https:\/\/fn.se\/ystad-osterlen\/wp-content\/uploads\/sites\/82\/2016\/09\/\u00c5rsm\u00f6te-2010-1-450x300.jpg 450w\" sizes=\"auto, (max-width: 300px) 100vw, 300px\" \/><br \/>\n<img loading=\"lazy\" decoding=\"async\" class=\"wp-image-82 size-medium alignleft\" src=\"https:\/\/fn.se\/ystad-osterlen\/wp-content\/uploads\/sites\/82\/2016\/09\/\u00c5rsm\u00f6te-2010-6-300x200.jpg\" alt=\"arsmote-2010-6\" width=\"300\" height=\"200\" srcset=\"https:\/\/fn.se\/ystad-osterlen\/wp-content\/uploads\/sites\/82\/2016\/09\/\u00c5rsm\u00f6te-2010-6-300x200.jpg 300w, https:\/\/fn.se\/ystad-osterlen\/wp-content\/uploads\/sites\/82\/2016\/09\/\u00c5rsm\u00f6te-2010-6-768x512.jpg 768w, https:\/\/fn.se\/ystad-osterlen\/wp-content\/uploads\/sites\/82\/2016\/09\/\u00c5rsm\u00f6te-2010-6-1024x683.jpg 1024w, https:\/\/fn.se\/ystad-osterlen\/wp-content\/uploads\/sites\/82\/2016\/09\/\u00c5rsm\u00f6te-2010-6-450x300.jpg 450w\" sizes=\"auto, (max-width: 300px) 100vw, 300px\" \/> <img loading=\"lazy\" decoding=\"async\" class=\"alignright wp-image-81 size-full\" src=\"https:\/\/fn.se\/ystad-osterlen\/wp-content\/uploads\/sites\/82\/2016\/09\/\u00c5rsm\u00f6te-2010-5.jpg\" alt=\"arsmote-2010-5\" width=\"4752\" height=\"3168\" srcset=\"https:\/\/fn.se\/ystad-osterlen\/wp-content\/uploads\/sites\/82\/2016\/09\/\u00c5rsm\u00f6te-2010-5.jpg 4752w, https:\/\/fn.se\/ystad-osterlen\/wp-content\/uploads\/sites\/82\/2016\/09\/\u00c5rsm\u00f6te-2010-5-300x200.jpg 300w, https:\/\/fn.se\/ystad-osterlen\/wp-content\/uploads\/sites\/82\/2016\/09\/\u00c5rsm\u00f6te-2010-5-768x512.jpg 768w, https:\/\/fn.se\/ystad-osterlen\/wp-content\/uploads\/sites\/82\/2016\/09\/\u00c5rsm\u00f6te-2010-5-1024x683.jpg 1024w, https:\/\/fn.se\/ystad-osterlen\/wp-content\/uploads\/sites\/82\/2016\/09\/\u00c5rsm\u00f6te-2010-5-450x300.jpg 450w\" sizes=\"auto, (max-width: 4752px) 100vw, 4752px\" \/><img loading=\"lazy\" decoding=\"async\" class=\"alignright wp-image-83 size-full\" src=\"https:\/\/fn.se\/ystad-osterlen\/wp-content\/uploads\/sites\/82\/2016\/09\/\u00c5rsm\u00f6te-2010-7.jpg\" alt=\"arsmote-2010-7\" width=\"4752\" height=\"3168\" srcset=\"https:\/\/fn.se\/ystad-osterlen\/wp-content\/uploads\/sites\/82\/2016\/09\/\u00c5rsm\u00f6te-2010-7.jpg 4752w, https:\/\/fn.se\/ystad-osterlen\/wp-content\/uploads\/sites\/82\/2016\/09\/\u00c5rsm\u00f6te-2010-7-300x200.jpg 300w, https:\/\/fn.se\/ystad-osterlen\/wp-content\/uploads\/sites\/82\/2016\/09\/\u00c5rsm\u00f6te-2010-7-768x512.jpg 768w, https:\/\/fn.se\/ystad-osterlen\/wp-content\/uploads\/sites\/82\/2016\/09\/\u00c5rsm\u00f6te-2010-7-1024x683.jpg 1024w, https:\/\/fn.se\/ystad-osterlen\/wp-content\/uploads\/sites\/82\/2016\/09\/\u00c5rsm\u00f6te-2010-7-450x300.jpg 450w\" sizes=\"auto, (max-width: 4752px) 100vw, 4752px\" \/> <img loading=\"lazy\" decoding=\"async\" class=\"alignright wp-image-84 size-full\" src=\"https:\/\/fn.se\/ystad-osterlen\/wp-content\/uploads\/sites\/82\/2016\/09\/\u00c5rsm\u00f6te-2010-8.jpg\" alt=\"arsmote-2010-8\" width=\"4752\" height=\"3168\" srcset=\"https:\/\/fn.se\/ystad-osterlen\/wp-content\/uploads\/sites\/82\/2016\/09\/\u00c5rsm\u00f6te-2010-8.jpg 4752w, https:\/\/fn.se\/ystad-osterlen\/wp-content\/uploads\/sites\/82\/2016\/09\/\u00c5rsm\u00f6te-2010-8-300x200.jpg 300w, https:\/\/fn.se\/ystad-osterlen\/wp-content\/uploads\/sites\/82\/2016\/09\/\u00c5rsm\u00f6te-2010-8-768x512.jpg 768w, https:\/\/fn.se\/ystad-osterlen\/wp-content\/uploads\/sites\/82\/2016\/09\/\u00c5rsm\u00f6te-2010-8-1024x683.jpg 1024w, https:\/\/fn.se\/ystad-osterlen\/wp-content\/uploads\/sites\/82\/2016\/09\/\u00c5rsm\u00f6te-2010-8-450x300.jpg 450w\" sizes=\"auto, (max-width: 4752px) 100vw, 4752px\" \/><\/p>\n","protected":false},"excerpt":{"rendered":"","protected":false},"author":17,"featured_media":0,"parent":0,"menu_order":0,"comment_status":"closed","ping_status":"closed","template":"templates\/template-sub.php","meta":{"_acf_changed":false,"footnotes":"","_links_to":"","_links_to_target":""},"class_list":["post-76","page","type-page","status-publish","hentry"],"acf":[],"_links":{"self":[{"href":"https:\/\/fn.se\/ystad-osterlen\/wp-json\/wp\/v2\/pages\/76","targetHints":{"allow":["GET"]}}],"collection":[{"href":"https:\/\/fn.se\/ystad-osterlen\/wp-json\/wp\/v2\/pages"}],"about":[{"href":"https:\/\/fn.se\/ystad-osterlen\/wp-json\/wp\/v2\/types\/page"}],"author":[{"embeddable":true,"href":"https:\/\/fn.se\/ystad-osterlen\/wp-json\/wp\/v2\/users\/17"}],"replies":[{"embeddable":true,"href":"https:\/\/fn.se\/ystad-osterlen\/wp-json\/wp\/v2\/comments?post=76"}],"version-history":[{"count":2,"href":"https:\/\/fn.se\/ystad-osterlen\/wp-json\/wp\/v2\/pages\/76\/revisions"}],"predecessor-version":[{"id":86,"href":"https:\/\/fn.se\/ystad-osterlen\/wp-json\/wp\/v2\/pages\/76\/revisions\/86"}],"wp:attachment":[{"href":"https:\/\/fn.se\/ystad-osterlen\/wp-json\/wp\/v2\/media?parent=76"}],"curies":[{"name":"wp","href":"https:\/\/api.w.org\/{rel}","templated":true}]}}