{"id":66,"date":"2016-09-22T08:26:08","date_gmt":"2016-09-22T08:26:08","guid":{"rendered":"http:\/\/fn.se\/ystad-osterlen\/?page_id=66"},"modified":"2016-10-18T07:56:21","modified_gmt":"2016-10-18T07:56:21","slug":"program-for-backakradagarna-2009","status":"publish","type":"page","link":"https:\/\/fn.se\/ystad-osterlen\/program-for-backakradagarna-2009\/","title":{"rendered":"Program f\u00f6r Back\u00e5kradagarna 2009"},"content":{"rendered":"<h2>Program f\u00f6r Back\u00e5kradagarna 2009<\/h2>\n<p class=\"intro\">Sedan 30 \u00e5r tillbaka arrangerar FN-f\u00f6reningen Ystad \u00d6sterlen bejublade f\u00f6rel\u00e4sningsserier p\u00e5 Dag Hammarskj\u00f6lds Back\u00e5kra. F\u00f6rel\u00e4sare h\u00f6jer blicken mot v\u00e4rlden och delger publiken reflektioner, kunskaper och fr\u00e5gest\u00e4llningar &#8211; med aktualitet inom de omr\u00e5den som \u00e4ven intresserade Dag Hammarskj\u00f6ld.<\/p>\n<p>\u00c5rets f\u00f6rel\u00e4sningar infaller p\u00e5 torsdagar med b\u00f6rjan den 2 juli. I sommar \u00e4r \u00e4mnesomr\u00e5dena allt fr\u00e5n hur vi ska agera inf\u00f6r alla de globala utmaningar som st\u00e5r f\u00f6r d\u00f6rren till en blick p\u00e5 Rum\u00e4nien i backspegeln.<br \/>\nDag Hammarskj\u00f6lds Back\u00e5kra ligger mellan K\u00e5seberga och Sandhammaren, strax \u00f6ster om Ystad. 17.15 \u00e4r det insl\u00e4pp, 80:- i entr\u00e9 och 18.00 b\u00f6rjar f\u00f6rel\u00e4sningarna och h\u00e5ller p\u00e5 ca 1 tim.<\/p>\n<p><strong>2\/7 &#8211;<\/strong><br \/>\nRum\u00e4nien i backspegeln &#8211; livet under och efter Ceausescau.<br \/>\nPeter Lindgren, fd diplomat med m\u00e5nga \u00e5r i bl a Argentina, Polen, Grekland och Rum\u00e4nen.<\/p>\n<p><strong>9\/7 &#8211;<\/strong><br \/>\nGlobala utmaningar och m\u00e4nniskorna som visar hur vi ska l\u00f6sa dem.<br \/>\nOle von Uexkull, leder The Right Livelihood Foundation i Stockholm, vars<br \/>\norganisation delar ut det s k alternativa nobelpriset.<\/p>\n<p><strong>16\/7<\/strong> &#8211;<br \/>\nEuropas framtid; f\u00f6rh\u00e5llandet mellan NATO och Ryssland.<br \/>\nBo Pelln\u00e4s, \u00f6verste och skribent i milit\u00e4ra fr\u00e5gor.<\/p>\n<p><strong>23\/7 &#8211;<\/strong><br \/>\nVardagslivet i Mellan\u00f6stern, hur p\u00e5verkar det politiska l\u00e4get m\u00e4nniskorna?<br \/>\nCecilia Udd\u00e9n, Sveriges Radios korrespondent i Amman, Jordanien.<\/p>\n<p><strong>30\/7 &#8211;<\/strong><br \/>\nH\u00e5ller muslimskt mod p\u00e5 att bli en politisk och social kraft i Europa?<br \/>\nAnnika Rabo, professor i socialantropologi med inriktning p\u00e5 Mellan\u00f6stern.<\/p>\n<p>&nbsp;<\/p>\n","protected":false},"excerpt":{"rendered":"<p>Program f\u00f6r Back\u00e5kradagarna 2009 Sedan 30 \u00e5r tillbaka arrangerar FN-f\u00f6reningen Ystad \u00d6sterlen bejublade f\u00f6rel\u00e4sningsserier p\u00e5 Dag Hammarskj\u00f6lds Back\u00e5kra. F\u00f6rel\u00e4sare h\u00f6jer&hellip;<\/p>\n","protected":false},"author":17,"featured_media":0,"parent":0,"menu_order":0,"comment_status":"closed","ping_status":"closed","template":"templates\/template-sub.php","meta":{"_acf_changed":false,"footnotes":"","_links_to":"","_links_to_target":""},"class_list":["post-66","page","type-page","status-publish","hentry"],"acf":[],"_links":{"self":[{"href":"https:\/\/fn.se\/ystad-osterlen\/wp-json\/wp\/v2\/pages\/66","targetHints":{"allow":["GET"]}}],"collection":[{"href":"https:\/\/fn.se\/ystad-osterlen\/wp-json\/wp\/v2\/pages"}],"about":[{"href":"https:\/\/fn.se\/ystad-osterlen\/wp-json\/wp\/v2\/types\/page"}],"author":[{"embeddable":true,"href":"https:\/\/fn.se\/ystad-osterlen\/wp-json\/wp\/v2\/users\/17"}],"replies":[{"embeddable":true,"href":"https:\/\/fn.se\/ystad-osterlen\/wp-json\/wp\/v2\/comments?post=66"}],"version-history":[{"count":1,"href":"https:\/\/fn.se\/ystad-osterlen\/wp-json\/wp\/v2\/pages\/66\/revisions"}],"predecessor-version":[{"id":68,"href":"https:\/\/fn.se\/ystad-osterlen\/wp-json\/wp\/v2\/pages\/66\/revisions\/68"}],"wp:attachment":[{"href":"https:\/\/fn.se\/ystad-osterlen\/wp-json\/wp\/v2\/media?parent=66"}],"curies":[{"name":"wp","href":"https:\/\/api.w.org\/{rel}","templated":true}]}}