{"id":27,"date":"2016-09-20T14:10:03","date_gmt":"2016-09-20T14:10:03","guid":{"rendered":"http:\/\/fn.se\/ystad-osterlen\/?page_id=27"},"modified":"2016-10-18T07:56:41","modified_gmt":"2016-10-18T07:56:41","slug":"verksamhetsplaner","status":"publish","type":"page","link":"https:\/\/fn.se\/ystad-osterlen\/verksamhetsplaner\/","title":{"rendered":"Verksamhetsplaner"},"content":{"rendered":"<h2>Verksamhetsplaner<\/h2>\n<p>H\u00e4r hittar du v\u00e5ra planer f\u00f6r framtida aktiviteter.<\/p>\n<p><a href=\"https:\/\/fn.se\/ystad-osterlen\/wp-content\/uploads\/sites\/82\/2016\/09\/Verksamhetsplan-f\u00f6r-FN-Ystad-\u00d6sterlen-2011.pdf\" rel=\"\">Verksamhetsplan 2011<\/a><\/p>\n<p><a href=\"https:\/\/fn.se\/ystad-osterlen\/wp-content\/uploads\/sites\/82\/2016\/09\/Projekt-under-2010.pdf\">Projekt under 2010<\/a><\/p>\n","protected":false},"excerpt":{"rendered":"<p>Verksamhetsplaner H\u00e4r hittar du v\u00e5ra planer f\u00f6r framtida aktiviteter. Verksamhetsplan 2011 Projekt under 2010<\/p>\n","protected":false},"author":17,"featured_media":0,"parent":0,"menu_order":0,"comment_status":"closed","ping_status":"closed","template":"templates\/template-sub.php","meta":{"_acf_changed":false,"footnotes":"","_links_to":"","_links_to_target":""},"class_list":["post-27","page","type-page","status-publish","hentry"],"acf":[],"_links":{"self":[{"href":"https:\/\/fn.se\/ystad-osterlen\/wp-json\/wp\/v2\/pages\/27","targetHints":{"allow":["GET"]}}],"collection":[{"href":"https:\/\/fn.se\/ystad-osterlen\/wp-json\/wp\/v2\/pages"}],"about":[{"href":"https:\/\/fn.se\/ystad-osterlen\/wp-json\/wp\/v2\/types\/page"}],"author":[{"embeddable":true,"href":"https:\/\/fn.se\/ystad-osterlen\/wp-json\/wp\/v2\/users\/17"}],"replies":[{"embeddable":true,"href":"https:\/\/fn.se\/ystad-osterlen\/wp-json\/wp\/v2\/comments?post=27"}],"version-history":[{"count":3,"href":"https:\/\/fn.se\/ystad-osterlen\/wp-json\/wp\/v2\/pages\/27\/revisions"}],"predecessor-version":[{"id":43,"href":"https:\/\/fn.se\/ystad-osterlen\/wp-json\/wp\/v2\/pages\/27\/revisions\/43"}],"wp:attachment":[{"href":"https:\/\/fn.se\/ystad-osterlen\/wp-json\/wp\/v2\/media?parent=27"}],"curies":[{"name":"wp","href":"https:\/\/api.w.org\/{rel}","templated":true}]}}

<h2>Verksamhetsplaner</h2>
<p>Här hittar du våra planer för framtida aktiviteter.</p>
<p><a href="https://fn.se/ystad-osterlen/wp-content/uploads/sites/82/2016/09/Verksamhetsplan-för-FN-Ystad-Österlen-2011.pdf" rel="">Verksamhetsplan 2011</a></p>
<p><a href="https://fn.se/ystad-osterlen/wp-content/uploads/sites/82/2016/09/Projekt-under-2010.pdf">Projekt under 2010</a></p>

<p>Verksamhetsplaner Här hittar du våra planer för framtida aktiviteter. Verksamhetsplan 2011 Projekt under 2010</p>
