{"id":142,"date":"2019-11-17T14:40:06","date_gmt":"2019-11-17T14:40:06","guid":{"rendered":"https:\/\/fn.se\/vasteras\/?page_id=142"},"modified":"2019-11-17T14:48:55","modified_gmt":"2019-11-17T14:48:55","slug":"kommande-aktiviteter","status":"publish","type":"page","link":"https:\/\/fn.se\/vasteras\/aktiviteter\/kommande-aktiviteter\/","title":{"rendered":"Kommande aktiviteter"},"content":{"rendered":"\n<h4 class=\"wp-block-heading\">Kommande aktiviteter<\/h4>\n\n\n\n<p><strong>10 december 2019<\/strong> &#8211; Vi uppm\u00e4rksammar internationella dagen f\u00f6r m\u00e4nskliga r\u00e4ttigheter. <\/p>\n\n\n\n<p> Plats: V\u00e4ster\u00e5s Stadsbibliotek.  Tid: 18-19.30. F\u00f6rel\u00e4sare: Parul Sharma<\/p>\n\n\n\n<p><strong>30 januari 2020<\/strong> &#8211; Workshop, Den bortgl\u00f6mda gruppen under f\u00f6rintelsen. <\/p>\n\n\n\n<p>Plats: Lovisag\u00e5rden. Tid: 18-19.30. Workshopledare: Alma Dzafic Ferhatovic.<\/p>\n\n\n\n<p><strong>3 februari 2020 <\/strong>&#8211; \u00c5rsm\u00f6te<\/p>\n\n\n\n<p><strong>5 februari 2020<\/strong> &#8211; Vi uppm\u00e4rksammar internationella dagen mot kvinnlig k\u00f6nsstympning<\/p>\n","protected":false},"excerpt":{"rendered":"<p>Kommande aktiviteter 10 december 2019 &#8211; Vi uppm\u00e4rksammar internationella dagen f\u00f6r m\u00e4nskliga r\u00e4ttigheter. Plats: V\u00e4ster\u00e5s Stadsbibliotek. Tid: 18-19.30. F\u00f6rel\u00e4sare: Parul&hellip;<\/p>\n","protected":false},"author":107,"featured_media":0,"parent":13,"menu_order":3,"comment_status":"closed","ping_status":"closed","template":"templates\/template-sub.php","meta":{"_acf_changed":false,"footnotes":"","_links_to":"","_links_to_target":""},"class_list":["post-142","page","type-page","status-publish","hentry"],"acf":[],"_links":{"self":[{"href":"https:\/\/fn.se\/vasteras\/wp-json\/wp\/v2\/pages\/142","targetHints":{"allow":["GET"]}}],"collection":[{"href":"https:\/\/fn.se\/vasteras\/wp-json\/wp\/v2\/pages"}],"about":[{"href":"https:\/\/fn.se\/vasteras\/wp-json\/wp\/v2\/types\/page"}],"author":[{"embeddable":true,"href":"https:\/\/fn.se\/vasteras\/wp-json\/wp\/v2\/users\/107"}],"replies":[{"embeddable":true,"href":"https:\/\/fn.se\/vasteras\/wp-json\/wp\/v2\/comments?post=142"}],"version-history":[{"count":4,"href":"https:\/\/fn.se\/vasteras\/wp-json\/wp\/v2\/pages\/142\/revisions"}],"predecessor-version":[{"id":147,"href":"https:\/\/fn.se\/vasteras\/wp-json\/wp\/v2\/pages\/142\/revisions\/147"}],"up":[{"embeddable":true,"href":"https:\/\/fn.se\/vasteras\/wp-json\/wp\/v2\/pages\/13"}],"wp:attachment":[{"href":"https:\/\/fn.se\/vasteras\/wp-json\/wp\/v2\/media?parent=142"}],"curies":[{"name":"wp","href":"https:\/\/api.w.org\/{rel}","templated":true}]}}