{"id":2,"date":"2016-08-11T11:30:05","date_gmt":"2016-08-11T11:30:05","guid":{"rendered":"http:\/\/fn.se\/varmlands-lans-fn-distrikt\/?page_id=2"},"modified":"2020-06-04T14:40:39","modified_gmt":"2020-06-04T14:40:39","slug":"sample-page","status":"publish","type":"page","link":"https:\/\/fn.se\/varmlands-lans-fn-distrikt\/","title":{"rendered":"Hem"},"content":{"rendered":"<h1>V\u00e4lkommen till V\u00e4rmlands l\u00e4ns FN-distrikt!<\/h1>\n<p>Vi arbetar regionalt med samma m\u00e5l som FN-f\u00f6rbundet, det vill s\u00e4ga st\u00f6der medlemmarna i deras upplysningsarbete och opinionsbildning i internationella fr\u00e5gor, hj\u00e4lper till med informationsmaterial och anordnar kurser och konferenser.<\/p>\n<h4>I V\u00c5RT DISTRIKT ING\u00c5R:<img loading=\"lazy\" decoding=\"async\" class=\"alignright size-medium wp-image-11\" src=\"https:\/\/fn.se\/varmlands-lans-fn-distrikt\/wp-content\/uploads\/sites\/119\/2016\/08\/SFN_DISTRIKT_Va\u0308rmlands-la\u0308ns-121x300.jpg\" alt=\"sfn_distrikt_va%cc%88rmlands-la%cc%88ns\" width=\"121\" height=\"300\" srcset=\"https:\/\/fn.se\/varmlands-lans-fn-distrikt\/wp-content\/uploads\/sites\/119\/2016\/08\/SFN_DISTRIKT_Va\u0308rmlands-la\u0308ns-121x300.jpg 121w, https:\/\/fn.se\/varmlands-lans-fn-distrikt\/wp-content\/uploads\/sites\/119\/2016\/08\/SFN_DISTRIKT_Va\u0308rmlands-la\u0308ns-413x1024.jpg 413w, https:\/\/fn.se\/varmlands-lans-fn-distrikt\/wp-content\/uploads\/sites\/119\/2016\/08\/SFN_DISTRIKT_Va\u0308rmlands-la\u0308ns-129x320.jpg 129w, https:\/\/fn.se\/varmlands-lans-fn-distrikt\/wp-content\/uploads\/sites\/119\/2016\/08\/SFN_DISTRIKT_Va\u0308rmlands-la\u0308ns-282x700.jpg 282w, https:\/\/fn.se\/varmlands-lans-fn-distrikt\/wp-content\/uploads\/sites\/119\/2016\/08\/SFN_DISTRIKT_Va\u0308rmlands-la\u0308ns.jpg 489w\" sizes=\"auto, (max-width: 121px) 100vw, 121px\" \/><\/h4>\n<p><a title=\"Grums FN-f\u00f6rening\" href=\"https:\/\/fn.se\/grums\/\">Grums FN-f\u00f6rening<\/a><\/p>\n<p><a title=\"Karlstad FN-f\u00f6rening\" href=\"https:\/\/fn.se\/karlstad\/\">Karlstad FN-f\u00f6rening<\/a><\/p>\n<p><a title=\"Kils FN-f\u00f6rening\" href=\"https:\/\/fn.se\/kil\/\">Kils FN-f\u00f6rening<\/a><\/p>\n<p><a title=\"Kristinehamns FN-f\u00f6rening\" href=\"https:\/\/fn.se\/kristinehamn\/\">Kristinehamns FN-f\u00f6rening<\/a><\/p>\n<p><a title=\"Sunne FN-f\u00f6rening\" href=\"https:\/\/fn.se\/sunne\">Sunne FN-f\u00f6rening<\/a><\/p>\n<p><a title=\"Torsby FN-f\u00f6rening\" href=\"https:\/\/fn.se\/torsby\">Torsby FN-f\u00f6rening<\/a><\/p>\n<p>Tveka inte att kontakta oss om du har fr\u00e5gor.<\/p>\n<h4>KONTAKT<\/h4>\n<p><strong>Ordf\u00f6rande<br \/>\n<\/strong>Eva Hallstr\u00f6m<br \/>\nTelefon: 070-561 23 67 eller 0565-12367<br \/>\nE-post: <a href=\"mailto:Eva.hallstrom@mp.se\">Eva Hallstrom<\/a><\/p>\n","protected":false},"excerpt":{"rendered":"<p>V\u00e4lkommen till V\u00e4rmlands l\u00e4ns FN-distrikt! Vi arbetar regionalt med samma m\u00e5l som FN-f\u00f6rbundet, det vill s\u00e4ga st\u00f6der medlemmarna i deras&hellip;<\/p>\n","protected":false},"author":16,"featured_media":5,"parent":0,"menu_order":0,"comment_status":"closed","ping_status":"open","template":"templates\/template-sub.php","meta":{"_acf_changed":false,"footnotes":"","_links_to":"","_links_to_target":""},"class_list":["post-2","page","type-page","status-publish","has-post-thumbnail","hentry"],"acf":[],"_links":{"self":[{"href":"https:\/\/fn.se\/varmlands-lans-fn-distrikt\/wp-json\/wp\/v2\/pages\/2","targetHints":{"allow":["GET"]}}],"collection":[{"href":"https:\/\/fn.se\/varmlands-lans-fn-distrikt\/wp-json\/wp\/v2\/pages"}],"about":[{"href":"https:\/\/fn.se\/varmlands-lans-fn-distrikt\/wp-json\/wp\/v2\/types\/page"}],"author":[{"embeddable":true,"href":"https:\/\/fn.se\/varmlands-lans-fn-distrikt\/wp-json\/wp\/v2\/users\/16"}],"replies":[{"embeddable":true,"href":"https:\/\/fn.se\/varmlands-lans-fn-distrikt\/wp-json\/wp\/v2\/comments?post=2"}],"version-history":[{"count":7,"href":"https:\/\/fn.se\/varmlands-lans-fn-distrikt\/wp-json\/wp\/v2\/pages\/2\/revisions"}],"predecessor-version":[{"id":25,"href":"https:\/\/fn.se\/varmlands-lans-fn-distrikt\/wp-json\/wp\/v2\/pages\/2\/revisions\/25"}],"wp:featuredmedia":[{"embeddable":true,"href":"https:\/\/fn.se\/varmlands-lans-fn-distrikt\/wp-json\/wp\/v2\/media\/5"}],"wp:attachment":[{"href":"https:\/\/fn.se\/varmlands-lans-fn-distrikt\/wp-json\/wp\/v2\/media?parent=2"}],"curies":[{"name":"wp","href":"https:\/\/api.w.org\/{rel}","templated":true}]}}

<h1>Välkommen till Värmlands läns FN-distrikt!</h1>
<p>Vi arbetar regionalt med samma mål som FN-förbundet, det vill säga stöder medlemmarna i deras upplysningsarbete och opinionsbildning i internationella frågor, hjälper till med informationsmaterial och anordnar kurser och konferenser.</p>
<h4>I VÅRT DISTRIKT INGÅR:<img loading="lazy" decoding="async" class="alignright size-medium wp-image-11" src="https://fn.se/varmlands-lans-fn-distrikt/wp-content/uploads/sites/119/2016/08/SFN_DISTRIKT_Värmlands-läns-121x300.jpg" alt="sfn_distrikt_va%cc%88rmlands-la%cc%88ns" width="121" height="300" srcset="https://fn.se/varmlands-lans-fn-distrikt/wp-content/uploads/sites/119/2016/08/SFN_DISTRIKT_Värmlands-läns-121x300.jpg 121w, https://fn.se/varmlands-lans-fn-distrikt/wp-content/uploads/sites/119/2016/08/SFN_DISTRIKT_Värmlands-läns-413x1024.jpg 413w, https://fn.se/varmlands-lans-fn-distrikt/wp-content/uploads/sites/119/2016/08/SFN_DISTRIKT_Värmlands-läns-129x320.jpg 129w, https://fn.se/varmlands-lans-fn-distrikt/wp-content/uploads/sites/119/2016/08/SFN_DISTRIKT_Värmlands-läns-282x700.jpg 282w, https://fn.se/varmlands-lans-fn-distrikt/wp-content/uploads/sites/119/2016/08/SFN_DISTRIKT_Värmlands-läns.jpg 489w" sizes="auto, (max-width: 121px) 100vw, 121px" /></h4>
<p><a title="Grums FN-förening" href="https://fn.se/grums/">Grums FN-förening</a></p>
<p><a title="Karlstad FN-förening" href="https://fn.se/karlstad/">Karlstad FN-förening</a></p>
<p><a title="Kils FN-förening" href="https://fn.se/kil/">Kils FN-förening</a></p>
<p><a title="Kristinehamns FN-förening" href="https://fn.se/kristinehamn/">Kristinehamns FN-förening</a></p>
<p><a title="Sunne FN-förening" href="https://fn.se/sunne">Sunne FN-förening</a></p>
<p><a title="Torsby FN-förening" href="https://fn.se/torsby">Torsby FN-förening</a></p>
<p>Tveka inte att kontakta oss om du har frågor.</p>
<h4>KONTAKT</h4>
<p><strong>Ordförande<br />
</strong>Eva Hallström<br />
Telefon: 070-561 23 67 eller 0565-12367<br />
E-post: <a href="mailto:Eva.hallstrom@mp.se">Eva Hallstrom</a></p>

<p>Välkommen till Värmlands läns FN-distrikt! Vi arbetar regionalt med samma mål som FN-förbundet, det vill säga stöder medlemmarna i deras&hellip;</p>
