{"id":73,"date":"2016-09-22T14:11:07","date_gmt":"2016-09-22T14:11:07","guid":{"rendered":"http:\/\/fn.se\/varberg\/?page_id=73"},"modified":"2016-10-18T07:45:37","modified_gmt":"2016-10-18T07:45:37","slug":"varldens-barn-2010","status":"publish","type":"page","link":"https:\/\/fn.se\/varberg\/varldens-barn-2010\/","title":{"rendered":"V\u00e4rldens Barn 2010"},"content":{"rendered":"<h2>V\u00e4rldens Barn 2010<\/h2>\n<p class=\"intro\">S\u00e5 var det dags i mitten av oktober att s\u00e4lja hembakade br\u00f6d och kakor. \u00c4ven att skramla b\u00f6ssa f\u00f6r att f\u00e5 in pengar till insamlingen V\u00e4rldens barn \u00e4r en gammal tradition i Varbergs FN-f\u00f6rening. Ett bra och uppskattat s\u00e4tt att hj\u00e4lpa till som vi g\u00f6r varje \u00e5r med v\u00e5r br\u00f6d- och kakf\u00f6rs\u00e4ljning p\u00e5 Varbergs torg.<\/p>\n","protected":false},"excerpt":{"rendered":"<p>V\u00e4rldens Barn 2010 S\u00e5 var det dags i mitten av oktober att s\u00e4lja hembakade br\u00f6d och kakor. \u00c4ven att skramla&hellip;<\/p>\n","protected":false},"author":17,"featured_media":0,"parent":0,"menu_order":0,"comment_status":"closed","ping_status":"closed","template":"templates\/template-sub.php","meta":{"_acf_changed":false,"footnotes":"","_links_to":"","_links_to_target":""},"class_list":["post-73","page","type-page","status-publish","hentry"],"acf":[],"_links":{"self":[{"href":"https:\/\/fn.se\/varberg\/wp-json\/wp\/v2\/pages\/73","targetHints":{"allow":["GET"]}}],"collection":[{"href":"https:\/\/fn.se\/varberg\/wp-json\/wp\/v2\/pages"}],"about":[{"href":"https:\/\/fn.se\/varberg\/wp-json\/wp\/v2\/types\/page"}],"author":[{"embeddable":true,"href":"https:\/\/fn.se\/varberg\/wp-json\/wp\/v2\/users\/17"}],"replies":[{"embeddable":true,"href":"https:\/\/fn.se\/varberg\/wp-json\/wp\/v2\/comments?post=73"}],"version-history":[{"count":1,"href":"https:\/\/fn.se\/varberg\/wp-json\/wp\/v2\/pages\/73\/revisions"}],"predecessor-version":[{"id":75,"href":"https:\/\/fn.se\/varberg\/wp-json\/wp\/v2\/pages\/73\/revisions\/75"}],"wp:attachment":[{"href":"https:\/\/fn.se\/varberg\/wp-json\/wp\/v2\/media?parent=73"}],"curies":[{"name":"wp","href":"https:\/\/api.w.org\/{rel}","templated":true}]}}