{"id":63,"date":"2016-09-23T11:44:04","date_gmt":"2016-09-23T11:44:04","guid":{"rendered":"http:\/\/fn.se\/uppsala\/?page_id=63"},"modified":"2021-01-27T19:04:05","modified_gmt":"2021-01-27T19:04:05","slug":"arkiv","status":"publish","type":"page","link":"https:\/\/fn.se\/uppsala\/arkiv\/","title":{"rendered":"Arkiv"},"content":{"rendered":"<h2>Arkiv<\/h2>\n<p><a href=\"https:\/\/www.youtube.com\/watch?v=t-ewF3690Jw&amp;feature=youtu.be\">2020-10-24 Webinar med FN:s f\u00f6rra r\u00e4ttschef Hans Corell &#8211; &#8221;Erfarenheter fr\u00e5n mitt arbete som r\u00e4ttschef i F\u00f6renta nationerna 1994-2004&#8221;<\/a><\/p>\n<p><a href=\"https:\/\/fn.se\/uppsala\/refugees-the-unaskable-questions-brian-palmer-and-hedvig-ekerwald-2015-11-17\/\">2015-11-17 Refugees- The UNaskable questions, Brian Palmer and Hedvig Ekerwald\u00a0<\/a><\/p>\n<p><a href=\"https:\/\/fn.se\/uppsala\/elaine-scarry-choosing-between-democracy-and-doom\/\">2015-11-11\u00a0<span id=\"ctl00_FullRegion_PageName\">Elaine Scarry- choosing between democracy and doom<\/span><\/a><\/p>\n<p><a href=\"https:\/\/fn.se\/uppsala\/uppsalajuristernas-kontaktdag-2015\/\">2015-11-10\u00a0Uppsalajuristernas kontaktdag\u00a0p\u00e5 UKK<\/a><\/p>\n<p><a href=\"https:\/\/fn.se\/uppsala\/engagemangsmassan-2015-10-24\/\">2015-10-24\u00a0Engagemangsm\u00e4ssan 2015\u00a0<\/a><\/p>\n<p style=\"text-align: left\"><a href=\"https:\/\/fn.se\/uppsala\/manifestation-refugees-welcome\/\">2015-09-08\u00a0Manifestation Refugees Welcome<\/a><\/p>\n<p style=\"text-align: left\"><a href=\"https:\/\/fn.se\/uppsala\/uppsala-fredspris-2014\/\">2014-10-04 Uppsala fredspris 2014<\/a><\/p>\n","protected":false},"excerpt":{"rendered":"<p>Arkiv 2020-10-24 Webinar med FN:s f\u00f6rra r\u00e4ttschef Hans Corell &#8211; &#8221;Erfarenheter fr\u00e5n mitt arbete som r\u00e4ttschef i F\u00f6renta nationerna 1994-2004&#8221;&hellip;<\/p>\n","protected":false},"author":17,"featured_media":0,"parent":0,"menu_order":0,"comment_status":"closed","ping_status":"closed","template":"templates\/template-sub.php","meta":{"_acf_changed":false,"footnotes":"","_links_to":"","_links_to_target":""},"class_list":["post-63","page","type-page","status-publish","hentry"],"acf":[],"_links":{"self":[{"href":"https:\/\/fn.se\/uppsala\/wp-json\/wp\/v2\/pages\/63","targetHints":{"allow":["GET"]}}],"collection":[{"href":"https:\/\/fn.se\/uppsala\/wp-json\/wp\/v2\/pages"}],"about":[{"href":"https:\/\/fn.se\/uppsala\/wp-json\/wp\/v2\/types\/page"}],"author":[{"embeddable":true,"href":"https:\/\/fn.se\/uppsala\/wp-json\/wp\/v2\/users\/17"}],"replies":[{"embeddable":true,"href":"https:\/\/fn.se\/uppsala\/wp-json\/wp\/v2\/comments?post=63"}],"version-history":[{"count":10,"href":"https:\/\/fn.se\/uppsala\/wp-json\/wp\/v2\/pages\/63\/revisions"}],"predecessor-version":[{"id":289,"href":"https:\/\/fn.se\/uppsala\/wp-json\/wp\/v2\/pages\/63\/revisions\/289"}],"wp:attachment":[{"href":"https:\/\/fn.se\/uppsala\/wp-json\/wp\/v2\/media?parent=63"}],"curies":[{"name":"wp","href":"https:\/\/api.w.org\/{rel}","templated":true}]}}