{"id":163,"date":"2016-09-23T14:57:11","date_gmt":"2016-09-23T14:57:11","guid":{"rendered":"http:\/\/fn.se\/uppsala\/?page_id=163"},"modified":"2026-02-05T19:21:40","modified_gmt":"2026-02-05T19:21:40","slug":"ungdomssektionen","status":"publish","type":"page","link":"https:\/\/fn.se\/uppsala\/ungdomssektionen\/","title":{"rendered":"Ungdomssektionen"},"content":{"rendered":"<h1>UNgdomssektionen<\/h1>\n<p class=\"intro\">\u00c4r du intresserad av att engagemang i lokala projekt med koppling till FN:s tre grundpelare? \u00c4r du under 26 \u00e5r?<\/p>\n<p class=\"intro\">D\u00e5 har du kommit r\u00e4tt \u2013 mer \u00e4n s\u00e5 kr\u00e4vs faktiskt inte f\u00f6r att vara med i Uppsala FN-f\u00f6renings Ungdomssektion! Vi har m\u00f6ten ungef\u00e4r 1-2 g\u00e5nger i m\u00e5naden (eller mer om det finns behov och vilja) f\u00f6r att diskutera nya projekt, prata om hur det g\u00e5r f\u00f6r alla och s\u00e5 klart allm\u00e4nt ha det trevligt. Vi anordnar alltifr\u00e5n f\u00f6rel\u00e4sningar, fikadiskussioner, och panelsamtal.<\/p>\n<p class=\"intro\">F\u00f6lj oss g\u00e4rna p\u00e5 Facebook\u00a0<a href=\"https:\/\/www.facebook.com\/United-Nations-Association-Youth-Section-of-Uppsala-1431181643764631\/\">United Nations Association Youth Section of Uppsala<\/a>\u00a0och skicka g\u00e4rna ett <a href=\"mailto:unauppsalastudent@gmail.com\">mail<\/a>. Vi v\u00e4lkomnar alla som vill delta i v\u00e5ra tr\u00e4ffar.<\/p>\n","protected":false},"excerpt":{"rendered":"<p>UNgdomssektionen \u00c4r du intresserad av att engagemang i lokala projekt med koppling till FN:s tre grundpelare? \u00c4r du under 26&hellip;<\/p>\n","protected":false},"author":1,"featured_media":0,"parent":0,"menu_order":0,"comment_status":"closed","ping_status":"closed","template":"templates\/template-sub.php","meta":{"_acf_changed":false,"footnotes":"","_links_to":"","_links_to_target":""},"class_list":["post-163","page","type-page","status-publish","hentry"],"acf":[],"_links":{"self":[{"href":"https:\/\/fn.se\/uppsala\/wp-json\/wp\/v2\/pages\/163","targetHints":{"allow":["GET"]}}],"collection":[{"href":"https:\/\/fn.se\/uppsala\/wp-json\/wp\/v2\/pages"}],"about":[{"href":"https:\/\/fn.se\/uppsala\/wp-json\/wp\/v2\/types\/page"}],"author":[{"embeddable":true,"href":"https:\/\/fn.se\/uppsala\/wp-json\/wp\/v2\/users\/1"}],"replies":[{"embeddable":true,"href":"https:\/\/fn.se\/uppsala\/wp-json\/wp\/v2\/comments?post=163"}],"version-history":[{"count":6,"href":"https:\/\/fn.se\/uppsala\/wp-json\/wp\/v2\/pages\/163\/revisions"}],"predecessor-version":[{"id":326,"href":"https:\/\/fn.se\/uppsala\/wp-json\/wp\/v2\/pages\/163\/revisions\/326"}],"wp:attachment":[{"href":"https:\/\/fn.se\/uppsala\/wp-json\/wp\/v2\/media?parent=163"}],"curies":[{"name":"wp","href":"https:\/\/api.w.org\/{rel}","templated":true}]}}