{"id":54,"date":"2017-02-08T14:29:52","date_gmt":"2017-02-08T14:29:52","guid":{"rendered":"http:\/\/fn.se\/umea\/?page_id=54"},"modified":"2020-12-08T18:50:06","modified_gmt":"2020-12-08T18:50:06","slug":"fn-dagen","status":"publish","type":"page","link":"https:\/\/fn.se\/umea\/fn-dagen\/","title":{"rendered":"FN-dagen"},"content":{"rendered":"\n<h1 class=\"has-text-align-center wp-block-heading\"><strong>FN-dagen<\/strong><\/h1>\n\n\n<p style=\"text-align: center\"><em>Den 24 oktober \u00e4r det FN-dagen \u2013 en dag att uppm\u00e4rksamma och fira allt det som FN g\u00f6r i v\u00e4rlden.<\/em><\/p><em>\n<\/em><p><em><\/em><\/p>\n<h2 id=\"block-5dd94f9d-4d25-4b6e-ac17-09a71746582d\" class=\"block-editor-block-list__block wp-block is-selected rich-text block-editor-rich-text__editable has-text-align-center is-hovered wp-block\" role=\"textbox\" aria-label=\"Skriv rubrik\u2026\" data-block=\"5dd94f9d-4d25-4b6e-ac17-09a71746582d\" data-type=\"core\/heading\" data-title=\"Rubrik\"><strong data-rich-text-format-boundary=\"true\">FN-dagen 2020<\/strong><\/h2>\n\n\n<p>Ume\u00e5 FN-f\u00f6rening firade FN-dagen och FN:s 75-\u00e5rs jubileum under tv\u00e5 omg\u00e5ngar 2020. Firandet tjuvstartade p\u00e5 fredagen&nbsp; 23\/10 p\u00e5 Ume\u00e5 universitets campus. D\u00e4r bj\u00f6d vi p\u00e5 fika, besvarade fr\u00e5gor som st\u00e4lldes kring f\u00f6reningen och dess arbete, samt anordnade vi en digital quiz d\u00e4r deltagarna hade m\u00f6jligheten att vinna ett hemligt pris.&nbsp;<br><br>Under l\u00f6rdagen fortsatte firandet tillsammans med Fredsbaskrarna V\u00e4sterbotten. Vid veteranernas minnessten h\u00f6lls en ceremoni med tal av ordf\u00f6randen fr\u00e5n b\u00e5da f\u00f6reningarna i vilka FNs arbete f\u00f6rr och framtida belystes. Efter ceremonin fortsatte firandet med en tipspromenad om FN och f\u00f6rbundets arbete. Det var en rolig och givande aktivitet, genom vi alla l\u00e4rde oss n\u00e5got nytt och l\u00e4rde k\u00e4nna varandra. Avslutningsvis grillade vi hamburgare ihop och s\u00e5g filmer om Ume\u00e5-FN f\u00f6renings samt Fredsbaskrarnas arbete och vad de g\u00f6r.&nbsp;<\/p>\n\n\n\n<figure class=\"wp-block-image size-large\"><img loading=\"lazy\" decoding=\"async\" width=\"1024\" height=\"683\" src=\"https:\/\/fn.se\/umea\/wp-content\/uploads\/sites\/95\/2020\/11\/FN-dag-1-1024x683.jpg\" alt=\"\" class=\"wp-image-384\" srcset=\"https:\/\/fn.se\/umea\/wp-content\/uploads\/sites\/95\/2020\/11\/FN-dag-1-1024x683.jpg 1024w, https:\/\/fn.se\/umea\/wp-content\/uploads\/sites\/95\/2020\/11\/FN-dag-1-300x200.jpg 300w, https:\/\/fn.se\/umea\/wp-content\/uploads\/sites\/95\/2020\/11\/FN-dag-1-768x512.jpg 768w, https:\/\/fn.se\/umea\/wp-content\/uploads\/sites\/95\/2020\/11\/FN-dag-1-1536x1024.jpg 1536w, https:\/\/fn.se\/umea\/wp-content\/uploads\/sites\/95\/2020\/11\/FN-dag-1-650x433.jpg 650w, https:\/\/fn.se\/umea\/wp-content\/uploads\/sites\/95\/2020\/11\/FN-dag-1.jpg 2048w\" sizes=\"auto, (max-width: 1024px) 100vw, 1024px\" \/><\/figure>\n\n\n\n<figure class=\"wp-block-image size-large\"><img loading=\"lazy\" decoding=\"async\" width=\"1024\" height=\"683\" src=\"https:\/\/fn.se\/umea\/wp-content\/uploads\/sites\/95\/2020\/11\/FN-dag-2-1024x683.jpg\" alt=\"\" class=\"wp-image-385\" srcset=\"https:\/\/fn.se\/umea\/wp-content\/uploads\/sites\/95\/2020\/11\/FN-dag-2-1024x683.jpg 1024w, https:\/\/fn.se\/umea\/wp-content\/uploads\/sites\/95\/2020\/11\/FN-dag-2-300x200.jpg 300w, https:\/\/fn.se\/umea\/wp-content\/uploads\/sites\/95\/2020\/11\/FN-dag-2-768x512.jpg 768w, https:\/\/fn.se\/umea\/wp-content\/uploads\/sites\/95\/2020\/11\/FN-dag-2-1536x1024.jpg 1536w, https:\/\/fn.se\/umea\/wp-content\/uploads\/sites\/95\/2020\/11\/FN-dag-2-650x433.jpg 650w, https:\/\/fn.se\/umea\/wp-content\/uploads\/sites\/95\/2020\/11\/FN-dag-2.jpg 2048w\" sizes=\"auto, (max-width: 1024px) 100vw, 1024px\" \/><\/figure>\n\n\n\n<figure class=\"wp-block-image size-large\"><img loading=\"lazy\" decoding=\"async\" width=\"1024\" height=\"683\" src=\"https:\/\/fn.se\/umea\/wp-content\/uploads\/sites\/95\/2020\/11\/DSC_9489-2-1024x683.jpg\" alt=\"\" class=\"wp-image-387\" srcset=\"https:\/\/fn.se\/umea\/wp-content\/uploads\/sites\/95\/2020\/11\/DSC_9489-2-1024x683.jpg 1024w, https:\/\/fn.se\/umea\/wp-content\/uploads\/sites\/95\/2020\/11\/DSC_9489-2-300x200.jpg 300w, https:\/\/fn.se\/umea\/wp-content\/uploads\/sites\/95\/2020\/11\/DSC_9489-2-768x512.jpg 768w, https:\/\/fn.se\/umea\/wp-content\/uploads\/sites\/95\/2020\/11\/DSC_9489-2-1536x1024.jpg 1536w, https:\/\/fn.se\/umea\/wp-content\/uploads\/sites\/95\/2020\/11\/DSC_9489-2-650x433.jpg 650w, https:\/\/fn.se\/umea\/wp-content\/uploads\/sites\/95\/2020\/11\/DSC_9489-2.jpg 2048w\" sizes=\"auto, (max-width: 1024px) 100vw, 1024px\" \/><\/figure>\n\n\n\n<h2 class=\"has-text-align-center wp-block-heading\"><br><br><strong>FN-dagen 2019<\/strong><\/h2>\n\n\n\n<p>Ume\u00e5 FN-f\u00f6reningen firade dagen 2019 med att arrangerade en f\u00f6rel\u00e4sning tillsammans med Fredsbaskrarna V\u00e4sterbotten f\u00f6r att uppm\u00e4rksamma FN-dagen. F\u00f6rel\u00e4sningen bestod av att svenska veteraner som deltagit i FN-ledda insatser delade med sig av sina erfarenheter och ber\u00e4ttelser fr\u00e5n uppdragen i konfliktzonerna. Genom att sprida dessa ber\u00e4ttelser, och att sprida dem just p\u00e5 FN-dagen, s\u00e5 uppm\u00e4rksammades hur FNs fredsbyggande arbete b\u00e5de g\u00f6r skillnad f\u00f6r m\u00e4nniskor i konfliktzoner samt p\u00e5verkar de soldater som eventuellt l\u00e4mnar den fysiska konflikten bakom sig, men \u00e4nd\u00e5 genom sina erfarenheter tar konflikten med sig tillbaka till sina heml\u00e4nder, hemst\u00e4der och vardagsliv. P\u00e5 s\u00e5 s\u00e4tt bidrog projektet till att p\u00e5 FN-dagen lyfta och konkretisera b\u00e5de FNs fredsarbete och de gr\u00e4ns\u00f6verskridande konsekvenserna av konflikter.<\/p>\n\n\n\n<figure class=\"wp-block-image\"><img loading=\"lazy\" decoding=\"async\" width=\"2048\" height=\"1452\" src=\"https:\/\/fn.se\/umea\/wp-content\/uploads\/sites\/95\/2020\/08\/IMG_0050-3.jpg\" alt=\"\" class=\"wp-image-296\" srcset=\"https:\/\/fn.se\/umea\/wp-content\/uploads\/sites\/95\/2020\/08\/IMG_0050-3.jpg 2048w, https:\/\/fn.se\/umea\/wp-content\/uploads\/sites\/95\/2020\/08\/IMG_0050-3-300x213.jpg 300w, https:\/\/fn.se\/umea\/wp-content\/uploads\/sites\/95\/2020\/08\/IMG_0050-3-1024x726.jpg 1024w, https:\/\/fn.se\/umea\/wp-content\/uploads\/sites\/95\/2020\/08\/IMG_0050-3-768x545.jpg 768w, https:\/\/fn.se\/umea\/wp-content\/uploads\/sites\/95\/2020\/08\/IMG_0050-3-1536x1089.jpg 1536w, https:\/\/fn.se\/umea\/wp-content\/uploads\/sites\/95\/2020\/08\/IMG_0050-3-650x461.jpg 650w\" sizes=\"auto, (max-width: 2048px) 100vw, 2048px\" \/><figcaption><img loading=\"lazy\" decoding=\"async\" width=\"2048\" height=\"1365\" src=\"https:\/\/fn.se\/umea\/wp-content\/uploads\/sites\/95\/2020\/08\/IMG_0054-2.jpg\" alt=\"\"><\/figcaption><\/figure>\n\n\n\n<figure class=\"wp-block-image\"><img loading=\"lazy\" decoding=\"async\" width=\"2048\" height=\"1365\" src=\"https:\/\/fn.se\/umea\/wp-content\/uploads\/sites\/95\/2020\/08\/IMG_0067-2.jpg\" alt=\"\" class=\"wp-image-299\" srcset=\"https:\/\/fn.se\/umea\/wp-content\/uploads\/sites\/95\/2020\/08\/IMG_0067-2.jpg 2048w, https:\/\/fn.se\/umea\/wp-content\/uploads\/sites\/95\/2020\/08\/IMG_0067-2-300x200.jpg 300w, https:\/\/fn.se\/umea\/wp-content\/uploads\/sites\/95\/2020\/08\/IMG_0067-2-1024x683.jpg 1024w, https:\/\/fn.se\/umea\/wp-content\/uploads\/sites\/95\/2020\/08\/IMG_0067-2-768x512.jpg 768w, https:\/\/fn.se\/umea\/wp-content\/uploads\/sites\/95\/2020\/08\/IMG_0067-2-1536x1024.jpg 1536w, https:\/\/fn.se\/umea\/wp-content\/uploads\/sites\/95\/2020\/08\/IMG_0067-2-650x433.jpg 650w\" sizes=\"auto, (max-width: 2048px) 100vw, 2048px\" \/><\/figure>\n\n\n\n<figure class=\"wp-block-image\"><img loading=\"lazy\" decoding=\"async\" width=\"2048\" height=\"1365\" src=\"https:\/\/fn.se\/umea\/wp-content\/uploads\/sites\/95\/2020\/08\/IMG_0077-1-2.jpg\" alt=\"\" class=\"wp-image-297\" srcset=\"https:\/\/fn.se\/umea\/wp-content\/uploads\/sites\/95\/2020\/08\/IMG_0077-1-2.jpg 2048w, https:\/\/fn.se\/umea\/wp-content\/uploads\/sites\/95\/2020\/08\/IMG_0077-1-2-300x200.jpg 300w, https:\/\/fn.se\/umea\/wp-content\/uploads\/sites\/95\/2020\/08\/IMG_0077-1-2-1024x683.jpg 1024w, https:\/\/fn.se\/umea\/wp-content\/uploads\/sites\/95\/2020\/08\/IMG_0077-1-2-768x512.jpg 768w, https:\/\/fn.se\/umea\/wp-content\/uploads\/sites\/95\/2020\/08\/IMG_0077-1-2-1536x1024.jpg 1536w, https:\/\/fn.se\/umea\/wp-content\/uploads\/sites\/95\/2020\/08\/IMG_0077-1-2-650x433.jpg 650w\" sizes=\"auto, (max-width: 2048px) 100vw, 2048px\" \/><\/figure>\n\n\n\n<h1 class=\"wp-block-heading\">Redigera sida<\/h1>\n\n\n\n<p><a href=\"https:\/\/fn.se\/umea\/wp-admin\/edit.php?post_type=page\"><\/a>Byt till utkastF\u00f6rhandsgranskaUppdateraL\u00e4gg till rubrik<\/p>\n\n\n\n<h1 class=\"wp-block-heading\">Human rights week 2019<\/h1>\n\n\n\n<p>I samarbete med&nbsp;Amnesty Ume\u00e5 University arrangerades en f\u00f6rel\u00e4sning i samband med den samiska nationaldagen. Lena Maria, bitr\u00e4dande f\u00f6rest\u00e5ndare f\u00f6r Vaartoe, f\u00f6rel\u00e4ste om den samiska forskningen p\u00e5 Ume\u00e5 universitet. Det blev en v\u00e4ldigt givande och lyckad f\u00f6rel\u00e4sning.<\/p>\n\n\n\n<figure class=\"wp-block-image\"><img loading=\"lazy\" decoding=\"async\" width=\"1440\" height=\"1520\" src=\"https:\/\/fn.se\/umea\/wp-content\/uploads\/sites\/95\/2020\/08\/84657538_2588212664609484_3678703041655078912_o.jpg\" alt=\"\" class=\"wp-image-331\" srcset=\"https:\/\/fn.se\/umea\/wp-content\/uploads\/sites\/95\/2020\/08\/84657538_2588212664609484_3678703041655078912_o.jpg 1440w, https:\/\/fn.se\/umea\/wp-content\/uploads\/sites\/95\/2020\/08\/84657538_2588212664609484_3678703041655078912_o-284x300.jpg 284w, https:\/\/fn.se\/umea\/wp-content\/uploads\/sites\/95\/2020\/08\/84657538_2588212664609484_3678703041655078912_o-970x1024.jpg 970w, https:\/\/fn.se\/umea\/wp-content\/uploads\/sites\/95\/2020\/08\/84657538_2588212664609484_3678703041655078912_o-768x811.jpg 768w, https:\/\/fn.se\/umea\/wp-content\/uploads\/sites\/95\/2020\/08\/84657538_2588212664609484_3678703041655078912_o-650x686.jpg 650w, https:\/\/fn.se\/umea\/wp-content\/uploads\/sites\/95\/2020\/08\/84657538_2588212664609484_3678703041655078912_o-1024x1081.jpg 1024w\" sizes=\"auto, (max-width: 1440px) 100vw, 1440px\" \/><\/figure>\n\n\n\n<figure class=\"wp-block-image\" id=\"block-fd0a0cf3-5bc6-42f1-a9e9-214e5eb3697b\"><img decoding=\"async\" src=\"https:\/\/fn.se\/umea\/wp-content\/uploads\/sites\/95\/2020\/08\/78624612_2455166787914073_2282279598857125888_n-2.jpg\" alt=\"Denna bild har ett alt-attribut som \u00e4r tomt. Dess filnamn \u00e4r 78624612_2455166787914073_2282279598857125888_n-2.jpg\" \/><\/figure>\n\n\n\n<p id=\"block-6a880208-ab5d-495e-81d5-2555de6da7d6\">Denna sida uppdaterades 2020-12-08.<\/p>\n","protected":false},"excerpt":{"rendered":"<p>FN-dagen Den 24 oktober \u00e4r det FN-dagen \u2013 en dag att uppm\u00e4rksamma och fira allt det som FN g\u00f6r i&hellip;<\/p>\n","protected":false},"author":99,"featured_media":0,"parent":0,"menu_order":0,"comment_status":"closed","ping_status":"closed","template":"templates\/template-sub.php","meta":{"_acf_changed":false,"footnotes":"","_links_to":"","_links_to_target":""},"class_list":["post-54","page","type-page","status-publish","hentry"],"acf":[],"_links":{"self":[{"href":"https:\/\/fn.se\/umea\/wp-json\/wp\/v2\/pages\/54","targetHints":{"allow":["GET"]}}],"collection":[{"href":"https:\/\/fn.se\/umea\/wp-json\/wp\/v2\/pages"}],"about":[{"href":"https:\/\/fn.se\/umea\/wp-json\/wp\/v2\/types\/page"}],"author":[{"embeddable":true,"href":"https:\/\/fn.se\/umea\/wp-json\/wp\/v2\/users\/99"}],"replies":[{"embeddable":true,"href":"https:\/\/fn.se\/umea\/wp-json\/wp\/v2\/comments?post=54"}],"version-history":[{"count":18,"href":"https:\/\/fn.se\/umea\/wp-json\/wp\/v2\/pages\/54\/revisions"}],"predecessor-version":[{"id":418,"href":"https:\/\/fn.se\/umea\/wp-json\/wp\/v2\/pages\/54\/revisions\/418"}],"wp:attachment":[{"href":"https:\/\/fn.se\/umea\/wp-json\/wp\/v2\/media?parent=54"}],"curies":[{"name":"wp","href":"https:\/\/api.w.org\/{rel}","templated":true}]}}