{"id":14,"date":"2017-11-16T18:00:49","date_gmt":"2017-11-16T18:00:49","guid":{"rendered":"http:\/\/fn.se\/sundsvall-timra\/?page_id=14"},"modified":"2017-11-16T17:37:17","modified_gmt":"2017-11-16T17:37:17","slug":"student","status":"publish","type":"page","link":"https:\/\/fn.se\/sundsvall-timra\/student\/","title":{"rendered":"Student"},"content":{"rendered":"<h1>Student<\/h1>\n<p class=\"intro\">Studentsektion p\u00e5 Mittuniversitetet. (\u00d6ppet f\u00f6r ungdomar som inte studerar ocks\u00e5.)<\/p>\n<p class=\"intro\">Den lokala FN-f\u00f6reningen Sundsvall\/Timr\u00e5 str\u00e4var efter att forma en studentsektion p\u00e5 mittuniversitetet. Tanken med denna grupp \u00e4r att enklare kunna f\u00f6ra samarbeten med mittuniversitetet och sp\u00e5na om id\u00e9er f\u00f6r kommande projekt, utan att beh\u00f6va involvera hela styrelsen. Som ungdomsansvarig f\u00f6r Sundsvall\/Timr\u00e5 distriktet sitter <strong>Evelyn Andersson<\/strong> som \u00e4r ekonomistuderande p\u00e5 Mittuniversitetet.<\/p>\n<p>&nbsp;<\/p>\n<p class=\"intro\">\u00c4r du intresserad av att vara med i studensektionen p\u00e5 Mittuniversitetet s\u00e5 kontakta g\u00e4rna Evelyn p\u00e5\u00a0<a href=\"mailto:evelynandersson@icloud.com\">hennes mailadress,\u00a0<\/a>och \u00e4ven om du har n\u00e5gra andra funderingar.<\/p>\n<div><\/div>\n<p>&nbsp;<\/p>\n","protected":false},"excerpt":{"rendered":"<p>Student Studentsektion p\u00e5 Mittuniversitetet. (\u00d6ppet f\u00f6r ungdomar som inte studerar ocks\u00e5.) Den lokala FN-f\u00f6reningen Sundsvall\/Timr\u00e5 str\u00e4var efter att forma en&hellip;<\/p>\n","protected":false},"author":88,"featured_media":0,"parent":0,"menu_order":0,"comment_status":"closed","ping_status":"closed","template":"templates\/template-sub.php","meta":{"_acf_changed":false,"footnotes":"","_links_to":"","_links_to_target":""},"class_list":["post-14","page","type-page","status-publish","hentry"],"acf":[],"_links":{"self":[{"href":"https:\/\/fn.se\/sundsvall-timra\/wp-json\/wp\/v2\/pages\/14","targetHints":{"allow":["GET"]}}],"collection":[{"href":"https:\/\/fn.se\/sundsvall-timra\/wp-json\/wp\/v2\/pages"}],"about":[{"href":"https:\/\/fn.se\/sundsvall-timra\/wp-json\/wp\/v2\/types\/page"}],"author":[{"embeddable":true,"href":"https:\/\/fn.se\/sundsvall-timra\/wp-json\/wp\/v2\/users\/88"}],"replies":[{"embeddable":true,"href":"https:\/\/fn.se\/sundsvall-timra\/wp-json\/wp\/v2\/comments?post=14"}],"version-history":[{"count":4,"href":"https:\/\/fn.se\/sundsvall-timra\/wp-json\/wp\/v2\/pages\/14\/revisions"}],"predecessor-version":[{"id":48,"href":"https:\/\/fn.se\/sundsvall-timra\/wp-json\/wp\/v2\/pages\/14\/revisions\/48"}],"wp:attachment":[{"href":"https:\/\/fn.se\/sundsvall-timra\/wp-json\/wp\/v2\/media?parent=14"}],"curies":[{"name":"wp","href":"https:\/\/api.w.org\/{rel}","templated":true}]}}