{"id":66,"date":"2016-09-27T14:34:38","date_gmt":"2016-09-27T14:34:38","guid":{"rendered":"http:\/\/fn.se\/strangnas\/?page_id=66"},"modified":"2016-10-17T15:10:17","modified_gmt":"2016-10-17T15:10:17","slug":"2010-04-22-hon-avslojar-klimatskeptiker","status":"publish","type":"page","link":"https:\/\/fn.se\/strangnas\/2010-04-22-hon-avslojar-klimatskeptiker\/","title":{"rendered":"2010-04-22 Hon avsl\u00f6jar klimatskeptiker"},"content":{"rendered":"<h1>Hon avsl\u00f6jar klimatskeptiker<\/h1>\n<p class=\"intro\">PARIS Det f\u00f6reg\u00e5ende decenniet var det varmaste som hittills har uppm\u00e4tts, enligt V\u00e4rldsmeteorologiska organisationen. Samtidigt tyder nya opinionsunders\u00f6kningar p\u00e5 att oron f\u00f6r v\u00e4xthuseffekten snabbt har minskat i USA, klimatskeptikernas f\u00f6rlovade hemland. Naomi Oreskes har granskat deras kampanjer.<\/p>\n<p>Naomi Oreskes \u00e4r professor i historia och vetenskapsteori vid University of California i San Diego, och hon menar att den minskande amerikanska oron f\u00f6r global uppv\u00e4rmning h\u00e4nger samman med en omfattande desinformationskampanj. Avs\u00e4ndare \u00e4r enligt henne en ov\u00e4ntad allians best\u00e5ende av f\u00f6re\u00adtr\u00e4dare f\u00f6r den fossila br\u00e4nsleindustrin, kristna evangelikala grupper och medierna.<\/p>\n<p>\u2013 De har lyckats med att \u00e5terigen \u00f6ppna f\u00f6r debatten om den globala uppv\u00e4rmningen, s\u00e4ger hon.<\/p>\n<p>I en kommande bok med titeln Merchants of Doubt (ungef\u00e4r: Tvivlets k\u00f6pm\u00e4n) beskriver Oreskes tillsammans med medf\u00f6rfattaren och forskaren Erik Conway hur liknande kampanjer tidigare lyckats skapa dimrid\u00e5er kring fenomen som surt regn, ozonh\u00e5let, passiv r\u00f6kning och faran med bek\u00e4mpningsmedlet DDT.<\/p>\n<h2>Allians mellan kyrka och kol<\/h2>\n<p>\u00c5r 2004 utsattes Oreskes f\u00f6r en h\u00e4tsk mediekampanj efter att hon tydligt visat att det inom forskar\u00adv\u00e4rlden fanns en klar samsyn om v\u00e4xthus\u00adeffekten. I en artikel som publicerades i vetenskapstidskriften Science klargjorde Oreskes att de senaste tio \u00e5rens forskning klart och entydigt pekade p\u00e5 att v\u00e4xthuseffekten var ett faktum, och att m\u00e4nsklig aktivitet orsakat problemen. Hennes granskning har ifr\u00e5gasatts av m\u00e5nga, men ingen har lyckats visa att hon har fel.<\/p>\n<p><strong>Varf\u00f6r detta h\u00e5rda motst\u00e5nd mot sj\u00e4lva tanken p\u00e5 att vi m\u00e5ste g\u00f6ra n\u00e5got \u00e5t klimatf\u00f6r\u00e4ndringarna?<\/strong><\/p>\n<p>\u2013 Delvis \u00e4r det ideologiskt betingat och ing\u00e5r i en l\u00e5ng historia i USA d\u00e4r milj\u00f6m\u00e4ssiga regleringar uppfattas som ett sluttande plan som slutar i socialism. Delvis handlar det om religion. Evangelikanska kristna gillar inte vetenskap i allm\u00e4nhet och har g\u00e5tt samman med kolindustrin i syfte att f\u00f6ra fram kreationismen. Naturligtvis har kolindustrin en helt annan m\u00e5ls\u00e4ttning, men dessa grupper har nu g\u00e5tt samman i syfte att underminera vetenskapen<br \/>\ni allm\u00e4nhet.<\/p>\n<p><strong>Vilken taktik har man anv\u00e4nt sig av?<\/strong><\/p>\n<p>\u2013 De skapar massor av rapporter och pressmeddelanden som framst\u00e5r som vetenskapliga, och h\u00e4vdar att det p\u00e5g\u00e5r en vetenskaplig debatt \u2013 trots att inget av det man f\u00f6r fram kommer fr\u00e5n forskarv\u00e4rlden eller \u00e4r baserat p\u00e5 grundl\u00e4ggande forskning. I varje exempel f\u00f6rnekar de problemens omfattning och h\u00e4vdar att forskningen \u00e4r os\u00e4ker.<\/p>\n<p>\u2013 Som exempel kan n\u00e4mnas hur kolindustrin lanserade en kampanj f\u00f6r att ifr\u00e5gas\u00e4tta forskningen om den globala uppv\u00e4rmningen inf\u00f6r FN:s stora milj\u00f6m\u00f6te i Rio 1992. Industrin hyrde pr-firmor som genomf\u00f6rde unders\u00f6kningar om hur man skulle kunna p\u00e5verka allm\u00e4nhetens uppfattning om den globala uppv\u00e4rmningen. Det gjordes oerh\u00f6rt systematiskt.<\/p>\n<p>Olika opinionsunders\u00f6kningar tyder nu p\u00e5 att h\u00e4lften av amerikanerna anser att klimatfr\u00e5gan \u00e4r \u00f6verdriven, och m\u00e5nga menar att v\u00e4xthuseffekten inte har med m\u00e4nsklig aktivitet att g\u00f6ra.<\/p>\n<p>\u2013 Opinionen \u00e4r r\u00f6rlig och jag hoppas att detta \u00e4r \u00f6verg\u00e5ende. Men forskarna m\u00e5ste f\u00e5 ordning p\u00e5 sin kommunikationsstrategi. Hittills har forskarna f\u00f6rlitat sig p\u00e5 att journalister ska f\u00f6rklara klimatforskningen, men de m\u00e5ste g\u00f6ra det p\u00e5 egen hand.<\/p>\n<p><strong>Med tanke p\u00e5 att allm\u00e4nhetens oro har minskat, vilken roll har medierna spelat f\u00f6r detta?<\/strong><\/p>\n<p>\u2013 Uppst\u00e5ndelsen i medierna om e-posten (de e-postmeddelanden som stals fr\u00e5n chefen f\u00f6r klimatforskningsenheten vid universitetet i East Anglia) g\u00f6r mig n\u00e4stan illa\u00adm\u00e5ende. Varf\u00f6r skulle medierna lita till de p\u00e5st\u00e5enden som g\u00f6rs av personer som anv\u00e4nder stulet material? Medierna b\u00e4r ett stort ansvar och har gjort allm\u00e4nheten en stor otj\u00e4nst.<\/p>\n<p>\u2013 Den enda l\u00e4rdom man kan dra av dessa e-postmeddelanden \u00e4r att forskare \u00e4r m\u00e4nskliga varelser och n\u00e4r de trakasseras s\u00e5 blir de uppr\u00f6rda, frustrerade och g\u00e5r i f\u00f6rsvarsst\u00e4llning. Och ibland tar de felaktiga beslut. Men inget av detta underminerar 50 \u00e5r av klimatforskning.<\/p>\n<p><em>Stephen Leahy\/IPS<\/em><\/p>\n","protected":false},"excerpt":{"rendered":"<p>Hon avsl\u00f6jar klimatskeptiker PARIS Det f\u00f6reg\u00e5ende decenniet var det varmaste som hittills har uppm\u00e4tts, enligt V\u00e4rldsmeteorologiska organisationen. Samtidigt tyder nya&hellip;<\/p>\n","protected":false},"author":17,"featured_media":0,"parent":0,"menu_order":0,"comment_status":"closed","ping_status":"closed","template":"templates\/template-sub.php","meta":{"_acf_changed":false,"footnotes":"","_links_to":"","_links_to_target":""},"class_list":["post-66","page","type-page","status-publish","hentry"],"acf":[],"_links":{"self":[{"href":"https:\/\/fn.se\/strangnas\/wp-json\/wp\/v2\/pages\/66","targetHints":{"allow":["GET"]}}],"collection":[{"href":"https:\/\/fn.se\/strangnas\/wp-json\/wp\/v2\/pages"}],"about":[{"href":"https:\/\/fn.se\/strangnas\/wp-json\/wp\/v2\/types\/page"}],"author":[{"embeddable":true,"href":"https:\/\/fn.se\/strangnas\/wp-json\/wp\/v2\/users\/17"}],"replies":[{"embeddable":true,"href":"https:\/\/fn.se\/strangnas\/wp-json\/wp\/v2\/comments?post=66"}],"version-history":[{"count":1,"href":"https:\/\/fn.se\/strangnas\/wp-json\/wp\/v2\/pages\/66\/revisions"}],"predecessor-version":[{"id":68,"href":"https:\/\/fn.se\/strangnas\/wp-json\/wp\/v2\/pages\/66\/revisions\/68"}],"wp:attachment":[{"href":"https:\/\/fn.se\/strangnas\/wp-json\/wp\/v2\/media?parent=66"}],"curies":[{"name":"wp","href":"https:\/\/api.w.org\/{rel}","templated":true}]}}