{"id":45,"date":"2016-09-27T14:12:30","date_gmt":"2016-09-27T14:12:30","guid":{"rendered":"http:\/\/fn.se\/strangnas\/?page_id=45"},"modified":"2016-10-17T15:09:32","modified_gmt":"2016-10-17T15:09:32","slug":"2010-10-25-vattenfall-fortsatter-att-investera-i-fornyelsebar-energi","status":"publish","type":"page","link":"https:\/\/fn.se\/strangnas\/2010-10-25-vattenfall-fortsatter-att-investera-i-fornyelsebar-energi\/","title":{"rendered":"2010-10-25 Vattenfall forts\u00e4tter att investera i f\u00f6rnyelsebar energi"},"content":{"rendered":"<h1>Vattenfall forts\u00e4tter att investera i f\u00f6rnyelsebar energi<\/h1>\n<p class=\"intro\">Pressmeddelande fr\u00e5n Vattenfall<\/p>\n<p><strong>Vattenfall forts\u00e4tter att investera i f\u00f6rnyelsebar energi. Nu har Vattenfall g\u00e5tt in i projektet DanTysk f\u00f6r att bygga en havsbaserad vindkraftpark i Nordsj\u00f6n. Vindkraftparken kommer att producera f\u00f6rnyelsebar energi motsvarande elanv\u00e4ndningen hos drygt 500 000 hem.<\/strong><\/p>\n<p>Projektet \u00e4r ett av de st\u00f6rsta n\u00e4r det g\u00e4ller havsbaserad vindkraft och genomf\u00f6rs gemensamt av Vattenfall och Stadtwerke M\u00fcnchen (SWM).<\/p>\n<p>Den totala investeringen uppg\u00e5r till mer \u00e4n tio miljarder kronor. I det gemensamt \u00e4gda f\u00f6retaget, DanTysk Offshore Wind GmbH, \u00e4ger Vattenfall 51 procent och Stadtwerke M\u00fcnchen 49 procent av aktierna. Vattenfall ansvarar f\u00f6r byggandet, som ber\u00e4knas starta 2012, och driften av vindkraftparken.<\/p>\n<p>Vindkraftparken blir bel\u00e4gen i Nordsj\u00f6n cirka 70 kilometer v\u00e4ster om den tyska \u00f6n Sylt. Med en kapacitet p\u00e5 288 megawatt (MW) och en elproduktion p\u00e5 omkring 1 320 GWh kommer vindkraftparken att producera f\u00f6rnyelsebar energi motsvarande \u00f6ver 500 000 hush\u00e5lls elanv\u00e4ndning baserat p\u00e5 en genomsnittlig elkonsumtion p\u00e5 2 500 kWh per hush\u00e5ll.<\/p>\n<p>DanTysk kommer att best\u00e5 av 80 vindturbiner p\u00e5 ett cirka 70 kvadratkilometer stort omr\u00e5de med vattendjup p\u00e5 upp till 30 meter. Projektet \u00e4r godk\u00e4nt av ber\u00f6rda myndigheter och f\u00f6rberedelserna \u00e4r i full g\u00e5ng. De f\u00f6rsta kontrakten med leverant\u00f6rer har undertecknats och nu p\u00e5g\u00e5r f\u00f6rhandlingar kring fundament till vindturbinerna och kabeldragning f\u00f6r att \u00f6verf\u00f6ra elen till n\u00e4tet. Siemens levererar turbinerna som planeras vara i bruk 2013 och vindkraftparken planeras st\u00e5 helt klar \u00e5rsskiftet 2013 &#8211; 2014.<\/p>\n","protected":false},"excerpt":{"rendered":"<p>Vattenfall forts\u00e4tter att investera i f\u00f6rnyelsebar energi Pressmeddelande fr\u00e5n Vattenfall Vattenfall forts\u00e4tter att investera i f\u00f6rnyelsebar energi. Nu har Vattenfall&hellip;<\/p>\n","protected":false},"author":17,"featured_media":0,"parent":0,"menu_order":0,"comment_status":"closed","ping_status":"closed","template":"templates\/template-sub.php","meta":{"_acf_changed":false,"footnotes":"","_links_to":"","_links_to_target":""},"class_list":["post-45","page","type-page","status-publish","hentry"],"acf":[],"_links":{"self":[{"href":"https:\/\/fn.se\/strangnas\/wp-json\/wp\/v2\/pages\/45","targetHints":{"allow":["GET"]}}],"collection":[{"href":"https:\/\/fn.se\/strangnas\/wp-json\/wp\/v2\/pages"}],"about":[{"href":"https:\/\/fn.se\/strangnas\/wp-json\/wp\/v2\/types\/page"}],"author":[{"embeddable":true,"href":"https:\/\/fn.se\/strangnas\/wp-json\/wp\/v2\/users\/17"}],"replies":[{"embeddable":true,"href":"https:\/\/fn.se\/strangnas\/wp-json\/wp\/v2\/comments?post=45"}],"version-history":[{"count":1,"href":"https:\/\/fn.se\/strangnas\/wp-json\/wp\/v2\/pages\/45\/revisions"}],"predecessor-version":[{"id":47,"href":"https:\/\/fn.se\/strangnas\/wp-json\/wp\/v2\/pages\/45\/revisions\/47"}],"wp:attachment":[{"href":"https:\/\/fn.se\/strangnas\/wp-json\/wp\/v2\/media?parent=45"}],"curies":[{"name":"wp","href":"https:\/\/api.w.org\/{rel}","templated":true}]}}