{"id":32,"date":"2016-09-27T14:03:57","date_gmt":"2016-09-27T14:03:57","guid":{"rendered":"http:\/\/fn.se\/strangnas\/?page_id=32"},"modified":"2016-10-17T15:08:37","modified_gmt":"2016-10-17T15:08:37","slug":"fn-dagen-firades-i-strangnas","status":"publish","type":"page","link":"https:\/\/fn.se\/strangnas\/fn-dagen-firades-i-strangnas\/","title":{"rendered":"FN-dagen firades i Str\u00e4ngn\u00e4s"},"content":{"rendered":"<h2>FN-dagen firades i Str\u00e4ngn\u00e4s<\/h2>\n<p class=\"intro\">Str\u00e4ngn\u00e4s FN-f\u00f6rening firade FN-dagen traditionellt i Mariefreds kyrka.<\/p>\n<p>Fina tal som ber\u00f6rde Millenniem\u00e5l och Barnkonventionen. F\u00f6r den fantastiska underh\u00e5llningen svarade den 9 -\u00e5riga Adam Jonstr\u00f6mer , som spelade klassisk musik, 9-\u00e5riga Sirianne Danneaus som sj\u00f6ng bl.a. Gabriellas s\u00e5ng, Cecilia Karlsson och Mariefredsskolans barnk\u00f6r under ledning av Karin Sj\u00f6kvist. Utst\u00e4llningen i samband med firande var bilder gjorda av elever \u00a0&#8221;Afrikansk konst&#8221; och planscher om V\u00e4rldskoll.<\/p>\n<p>Publiken best\u00e5ende av ca 350 personer uppskattade firandet v\u00e4ldigt mycket.<\/p>\n<p><iframe loading=\"lazy\" title=\"Young Pianist &amp; Composer Adam Jonstr\u00f6mer (9) Performs His Composition Chaconne Biami\" width=\"500\" height=\"281\" src=\"https:\/\/www.youtube.com\/embed\/y9weJusbM3g?feature=oembed\" frameborder=\"0\" allow=\"accelerometer; autoplay; clipboard-write; encrypted-media; gyroscope; picture-in-picture; web-share\" referrerpolicy=\"strict-origin-when-cross-origin\" allowfullscreen><\/iframe><\/p>\n<p><img loading=\"lazy\" decoding=\"async\" class=\"alignleft wp-image-33 size-full\" src=\"https:\/\/fn.se\/strangnas\/wp-content\/uploads\/sites\/33\/2016\/09\/Str\u00e4ngn\u00e4s1.jpeg\" alt=\"strangnas1\" width=\"640\" height=\"480\" srcset=\"https:\/\/fn.se\/strangnas\/wp-content\/uploads\/sites\/33\/2016\/09\/Str\u00e4ngn\u00e4s1.jpeg 640w, https:\/\/fn.se\/strangnas\/wp-content\/uploads\/sites\/33\/2016\/09\/Str\u00e4ngn\u00e4s1-300x225.jpeg 300w, https:\/\/fn.se\/strangnas\/wp-content\/uploads\/sites\/33\/2016\/09\/Str\u00e4ngn\u00e4s1-427x320.jpeg 427w\" sizes=\"auto, (max-width: 640px) 100vw, 640px\" \/> <img loading=\"lazy\" decoding=\"async\" class=\"alignleft wp-image-34 size-full\" src=\"https:\/\/fn.se\/strangnas\/wp-content\/uploads\/sites\/33\/2016\/09\/Str\u00e4ngn\u00e4s2.jpeg\" alt=\"strangnas2\" width=\"640\" height=\"360\" srcset=\"https:\/\/fn.se\/strangnas\/wp-content\/uploads\/sites\/33\/2016\/09\/Str\u00e4ngn\u00e4s2.jpeg 640w, https:\/\/fn.se\/strangnas\/wp-content\/uploads\/sites\/33\/2016\/09\/Str\u00e4ngn\u00e4s2-300x169.jpeg 300w, https:\/\/fn.se\/strangnas\/wp-content\/uploads\/sites\/33\/2016\/09\/Str\u00e4ngn\u00e4s2-450x253.jpeg 450w\" sizes=\"auto, (max-width: 640px) 100vw, 640px\" \/><\/p>\n","protected":false},"excerpt":{"rendered":"<p>FN-dagen firades i Str\u00e4ngn\u00e4s Str\u00e4ngn\u00e4s FN-f\u00f6rening firade FN-dagen traditionellt i Mariefreds kyrka. Fina tal som ber\u00f6rde Millenniem\u00e5l och Barnkonventionen. F\u00f6r&hellip;<\/p>\n","protected":false},"author":17,"featured_media":0,"parent":0,"menu_order":0,"comment_status":"closed","ping_status":"closed","template":"templates\/template-sub.php","meta":{"_acf_changed":false,"footnotes":"","_links_to":"","_links_to_target":""},"class_list":["post-32","page","type-page","status-publish","hentry"],"acf":[],"_links":{"self":[{"href":"https:\/\/fn.se\/strangnas\/wp-json\/wp\/v2\/pages\/32","targetHints":{"allow":["GET"]}}],"collection":[{"href":"https:\/\/fn.se\/strangnas\/wp-json\/wp\/v2\/pages"}],"about":[{"href":"https:\/\/fn.se\/strangnas\/wp-json\/wp\/v2\/types\/page"}],"author":[{"embeddable":true,"href":"https:\/\/fn.se\/strangnas\/wp-json\/wp\/v2\/users\/17"}],"replies":[{"embeddable":true,"href":"https:\/\/fn.se\/strangnas\/wp-json\/wp\/v2\/comments?post=32"}],"version-history":[{"count":1,"href":"https:\/\/fn.se\/strangnas\/wp-json\/wp\/v2\/pages\/32\/revisions"}],"predecessor-version":[{"id":36,"href":"https:\/\/fn.se\/strangnas\/wp-json\/wp\/v2\/pages\/32\/revisions\/36"}],"wp:attachment":[{"href":"https:\/\/fn.se\/strangnas\/wp-json\/wp\/v2\/media?parent=32"}],"curies":[{"name":"wp","href":"https:\/\/api.w.org\/{rel}","templated":true}]}}