{"id":11,"date":"2016-09-27T13:42:31","date_gmt":"2016-09-27T13:42:31","guid":{"rendered":"http:\/\/fn.se\/strangnas\/?page_id=11"},"modified":"2016-10-17T15:09:15","modified_gmt":"2016-10-17T15:09:15","slug":"verksamhet","status":"publish","type":"page","link":"https:\/\/fn.se\/strangnas\/verksamhet\/","title":{"rendered":"Verksamhet"},"content":{"rendered":"<h4>2012<\/h4>\n<p><a href=\"https:\/\/fn.se\/strangnas\/fn-dagen-firades-i-strangnas\/\">FN-dagen firades i Str\u00e4ngn\u00e4s<\/a><\/p>\n<p><a href=\"https:\/\/fn.se\/strangnas\/mariefredselever-overlamnade-tavla-till-fn-forbundets-generalsekreterare\/\">Mariefredselever \u00f6verlamnade tavla till FN-f\u00f6rbundets generalsekreterare<\/a><\/p>\n<h4>2010<\/h4>\n<p><a href=\"https:\/\/fn.se\/strangnas\/wp-content\/uploads\/sites\/33\/2016\/09\/Verksamhetsplan-Str\u00e4ngn\u00e4s-2010.pdf\">Verksamhetsplan 2010<\/a><\/p>\n<p><a href=\"https:\/\/fn.se\/strangnas\/wp-content\/uploads\/sites\/33\/2016\/09\/Budget-2010.pdf\">Budget 2010<\/a><\/p>\n<h4>2009<\/h4>\n<p><a href=\"https:\/\/fn.se\/strangnas\/wp-content\/uploads\/sites\/33\/2016\/09\/Verksamhetsber\u00e4ttelse-Str\u00e4ngn\u00e4s-2009.pdf\">Verksamhetsber\u00e4ttelse 2009<\/a><\/p>\n<p><a href=\"https:\/\/fn.se\/strangnas\/wp-content\/uploads\/sites\/33\/2016\/09\/Ekonomi-Verksamhetsber\u00e4ttelse-2009.pdf\">Ekonomi verksamhetsber\u00e4ttelse 2009<\/a><\/p>\n<p>&nbsp;<\/p>\n","protected":false},"excerpt":{"rendered":"<p>2012 FN-dagen firades i Str\u00e4ngn\u00e4s Mariefredselever \u00f6verlamnade tavla till FN-f\u00f6rbundets generalsekreterare 2010 Verksamhetsplan 2010 Budget 2010 2009 Verksamhetsber\u00e4ttelse 2009 Ekonomi&hellip;<\/p>\n","protected":false},"author":17,"featured_media":0,"parent":0,"menu_order":0,"comment_status":"closed","ping_status":"closed","template":"templates\/template-sub.php","meta":{"_acf_changed":false,"footnotes":"","_links_to":"","_links_to_target":""},"class_list":["post-11","page","type-page","status-publish","hentry"],"acf":[],"_links":{"self":[{"href":"https:\/\/fn.se\/strangnas\/wp-json\/wp\/v2\/pages\/11","targetHints":{"allow":["GET"]}}],"collection":[{"href":"https:\/\/fn.se\/strangnas\/wp-json\/wp\/v2\/pages"}],"about":[{"href":"https:\/\/fn.se\/strangnas\/wp-json\/wp\/v2\/types\/page"}],"author":[{"embeddable":true,"href":"https:\/\/fn.se\/strangnas\/wp-json\/wp\/v2\/users\/17"}],"replies":[{"embeddable":true,"href":"https:\/\/fn.se\/strangnas\/wp-json\/wp\/v2\/comments?post=11"}],"version-history":[{"count":3,"href":"https:\/\/fn.se\/strangnas\/wp-json\/wp\/v2\/pages\/11\/revisions"}],"predecessor-version":[{"id":37,"href":"https:\/\/fn.se\/strangnas\/wp-json\/wp\/v2\/pages\/11\/revisions\/37"}],"wp:attachment":[{"href":"https:\/\/fn.se\/strangnas\/wp-json\/wp\/v2\/media?parent=11"}],"curies":[{"name":"wp","href":"https:\/\/api.w.org\/{rel}","templated":true}]}}