{"id":893,"date":"2018-03-20T14:55:08","date_gmt":"2018-03-20T14:55:08","guid":{"rendered":"https:\/\/fn.se\/stockholm\/?page_id=893"},"modified":"2018-03-20T14:55:41","modified_gmt":"2018-03-20T14:55:41","slug":"seminarium-om-fokus-skarholmen","status":"publish","type":"page","link":"https:\/\/fn.se\/stockholm\/seminarium-om-fokus-skarholmen\/","title":{"rendered":"Seminarium om Fokus Sk\u00e4rholmen"},"content":{"rendered":"<p>&nbsp;<\/p>\n<h1 style=\"text-align: center\">Seminarium om <em>Fokus Sk\u00e4rholmen<\/em><\/h1>\n<p style=\"text-align: center\"><strong>Seminarium om <em>Fokus Sk\u00e4rholmen<\/em> med projektledare, Karin Ahlz\u00e9n, och bitr\u00e4dande projektledare Sara Heppling Trygg. <\/strong><\/p>\n<p style=\"text-align: center\">Seminariet framf\u00f6rde hur projektet <em>Fokus Sk\u00e4rholmen, <\/em>inte bara satsar p\u00e5 att bygga h\u00e5llbart, men att deras hj\u00e4rtefr\u00e5ga \u00e4r den sociala h\u00e5llbarheten. De planerar att bygga ihop Sk\u00e4rholmens stadsdelar och vill \u00f6ka tryggheten och gemenskapen i dessa omr\u00e5den. Fokus Sk\u00e4rholmen arbetar aktivt med deltagande med de som bor i stadsdelen. De presenterade flera olika metoder som de anv\u00e4nt i planering och i genomf\u00f6rande av insatser, riktade mot olika \u00e5ldersgrupper. En sak som var sl\u00e5ende var deras snabba och byr\u00e5kratiska s\u00e4tt att arbeta. De ber\u00e4ttade ocks\u00e5 om att de anv\u00e4nt sig av l\u00e4rdomarna fr\u00e5n Norra Djurg\u00e5rdsstaden f\u00f6r att redan fr\u00e5n start ha h\u00f6gt st\u00e4llda milj\u00f6krav.<\/p>\n","protected":false},"excerpt":{"rendered":"<p>&nbsp; Seminarium om Fokus Sk\u00e4rholmen Seminarium om Fokus Sk\u00e4rholmen med projektledare, Karin Ahlz\u00e9n, och bitr\u00e4dande projektledare Sara Heppling Trygg. Seminariet&hellip;<\/p>\n","protected":false},"author":86,"featured_media":0,"parent":0,"menu_order":0,"comment_status":"closed","ping_status":"closed","template":"","meta":{"_acf_changed":false,"footnotes":"","_links_to":"","_links_to_target":""},"class_list":["post-893","page","type-page","status-publish","hentry"],"acf":[],"_links":{"self":[{"href":"https:\/\/fn.se\/stockholm\/wp-json\/wp\/v2\/pages\/893","targetHints":{"allow":["GET"]}}],"collection":[{"href":"https:\/\/fn.se\/stockholm\/wp-json\/wp\/v2\/pages"}],"about":[{"href":"https:\/\/fn.se\/stockholm\/wp-json\/wp\/v2\/types\/page"}],"author":[{"embeddable":true,"href":"https:\/\/fn.se\/stockholm\/wp-json\/wp\/v2\/users\/86"}],"replies":[{"embeddable":true,"href":"https:\/\/fn.se\/stockholm\/wp-json\/wp\/v2\/comments?post=893"}],"version-history":[{"count":2,"href":"https:\/\/fn.se\/stockholm\/wp-json\/wp\/v2\/pages\/893\/revisions"}],"predecessor-version":[{"id":896,"href":"https:\/\/fn.se\/stockholm\/wp-json\/wp\/v2\/pages\/893\/revisions\/896"}],"wp:attachment":[{"href":"https:\/\/fn.se\/stockholm\/wp-json\/wp\/v2\/media?parent=893"}],"curies":[{"name":"wp","href":"https:\/\/api.w.org\/{rel}","templated":true}]}}