{"id":75,"date":"2016-09-30T15:12:20","date_gmt":"2016-09-30T15:12:20","guid":{"rendered":"http:\/\/fn.se\/stockholm\/?page_id=75"},"modified":"2018-01-30T10:53:25","modified_gmt":"2018-01-30T10:53:25","slug":"99-seminarium-om-kvinnors-ratt-till-sina-kroppar","status":"publish","type":"page","link":"https:\/\/fn.se\/stockholm\/99-seminarium-om-kvinnors-ratt-till-sina-kroppar\/","title":{"rendered":"9\/9 Seminarium om kvinnors r\u00e4tt till sina kroppar"},"content":{"rendered":"<h1>Seminarium om kvinnors r\u00e4tt till sina kroppar<\/h1>\n<p><strong>Den 9 september anordnade Stockholms FN-f\u00f6rening, i samarbete med ABF, f\u00f6rsta delen av seminarieserien om kvinnors r\u00e4tt till sina kroppar.<\/strong><\/p>\n<p>Kv\u00e4llens talare var Olga Persson, f\u00f6rbundssekreterare p\u00e5 Sveriges Kvinno- och Tjejjourers Riksf\u00f6rbund. Olga behandlade FN-konventioner och internationella regelverk om prostitution och m\u00e4nniskohandel. Hon belyste \u00e4ven kopplingen mellan prostitution och handel med framf\u00f6rallt kvinnor och flickor f\u00f6r sexuell exploatering samt hur prostitution styrs av utbud och efterfr\u00e5gan.<\/p>\n<p>Ett stort tack till Olga Persson som f\u00f6rel\u00e4ste om det viktiga \u00e4mnet!<\/p>\n<p>Och \u00e5terigen ett stort tack till alla som deltog!<\/p>\n","protected":false},"excerpt":{"rendered":"<p>Seminarium om kvinnors r\u00e4tt till sina kroppar Den 9 september anordnade Stockholms FN-f\u00f6rening, i samarbete med ABF, f\u00f6rsta delen av&hellip;<\/p>\n","protected":false},"author":17,"featured_media":0,"parent":0,"menu_order":0,"comment_status":"closed","ping_status":"closed","template":"","meta":{"_acf_changed":false,"footnotes":"","_links_to":"","_links_to_target":""},"class_list":["post-75","page","type-page","status-publish","hentry"],"acf":[],"_links":{"self":[{"href":"https:\/\/fn.se\/stockholm\/wp-json\/wp\/v2\/pages\/75","targetHints":{"allow":["GET"]}}],"collection":[{"href":"https:\/\/fn.se\/stockholm\/wp-json\/wp\/v2\/pages"}],"about":[{"href":"https:\/\/fn.se\/stockholm\/wp-json\/wp\/v2\/types\/page"}],"author":[{"embeddable":true,"href":"https:\/\/fn.se\/stockholm\/wp-json\/wp\/v2\/users\/17"}],"replies":[{"embeddable":true,"href":"https:\/\/fn.se\/stockholm\/wp-json\/wp\/v2\/comments?post=75"}],"version-history":[{"count":1,"href":"https:\/\/fn.se\/stockholm\/wp-json\/wp\/v2\/pages\/75\/revisions"}],"predecessor-version":[{"id":77,"href":"https:\/\/fn.se\/stockholm\/wp-json\/wp\/v2\/pages\/75\/revisions\/77"}],"wp:attachment":[{"href":"https:\/\/fn.se\/stockholm\/wp-json\/wp\/v2\/media?parent=75"}],"curies":[{"name":"wp","href":"https:\/\/api.w.org\/{rel}","templated":true}]}}