{"id":509,"date":"2017-05-16T08:51:26","date_gmt":"2017-05-16T08:51:26","guid":{"rendered":"http:\/\/fn.se\/stockholm\/?page_id=509"},"modified":"2019-11-22T12:34:33","modified_gmt":"2019-11-22T12:34:33","slug":"2013-arkiv","status":"publish","type":"page","link":"https:\/\/fn.se\/stockholm\/2013-arkiv\/","title":{"rendered":"2013 Arkiv"},"content":{"rendered":"<h3>2013 Arkiv<\/h3>\n<p><a href=\"https:\/\/fn.se\/stockholm\/1728-2\/\">Verksamhetsber\u00e4ttelse 2013<\/a><\/p>\n<h3>Aktiviteter:<\/h3>\n<p><a href=\"https:\/\/fn.se\/stockholm\/wp-content\/uploads\/sites\/32\/2017\/05\/centralasien_2013.pdf\">Broschyr om f\u00f6rel\u00e4sningsserien: Centralasien<\/a><\/p>\n<p><a href=\"https:\/\/fn.se\/stockholm\/varen-2013-seminarier-om-centralasien\/\">V\u00e5ren 2013: Seminarier om Centralasien<\/a><\/p>\n","protected":false},"excerpt":{"rendered":"<p>2013 Arkiv Verksamhetsber\u00e4ttelse 2013 Aktiviteter: Broschyr om f\u00f6rel\u00e4sningsserien: Centralasien V\u00e5ren 2013: Seminarier om Centralasien<\/p>\n","protected":false},"author":86,"featured_media":538,"parent":0,"menu_order":0,"comment_status":"closed","ping_status":"closed","template":"","meta":{"_acf_changed":false,"footnotes":"","_links_to":"","_links_to_target":""},"class_list":["post-509","page","type-page","status-publish","has-post-thumbnail","hentry"],"acf":[],"_links":{"self":[{"href":"https:\/\/fn.se\/stockholm\/wp-json\/wp\/v2\/pages\/509","targetHints":{"allow":["GET"]}}],"collection":[{"href":"https:\/\/fn.se\/stockholm\/wp-json\/wp\/v2\/pages"}],"about":[{"href":"https:\/\/fn.se\/stockholm\/wp-json\/wp\/v2\/types\/page"}],"author":[{"embeddable":true,"href":"https:\/\/fn.se\/stockholm\/wp-json\/wp\/v2\/users\/86"}],"replies":[{"embeddable":true,"href":"https:\/\/fn.se\/stockholm\/wp-json\/wp\/v2\/comments?post=509"}],"version-history":[{"count":3,"href":"https:\/\/fn.se\/stockholm\/wp-json\/wp\/v2\/pages\/509\/revisions"}],"predecessor-version":[{"id":1731,"href":"https:\/\/fn.se\/stockholm\/wp-json\/wp\/v2\/pages\/509\/revisions\/1731"}],"wp:featuredmedia":[{"embeddable":true,"href":"https:\/\/fn.se\/stockholm\/wp-json\/wp\/v2\/media\/538"}],"wp:attachment":[{"href":"https:\/\/fn.se\/stockholm\/wp-json\/wp\/v2\/media?parent=509"}],"curies":[{"name":"wp","href":"https:\/\/api.w.org\/{rel}","templated":true}]}}