{"id":456,"date":"2017-05-08T09:30:26","date_gmt":"2017-05-08T09:30:26","guid":{"rendered":"http:\/\/fn.se\/stockholm\/?page_id=456"},"modified":"2018-01-30T10:53:20","modified_gmt":"2018-01-30T10:53:20","slug":"242-arsmote-och-seminarium-kanslor-attityder-och-hallbar-utveckling","status":"publish","type":"page","link":"https:\/\/fn.se\/stockholm\/242-arsmote-och-seminarium-kanslor-attityder-och-hallbar-utveckling\/","title":{"rendered":"24\/2 \u00c5rsm\u00f6te och seminarium &#8211; K\u00e4nslor, attityder och h\u00e5llbar utveckling"},"content":{"rendered":"<h3>\u00c5rsm\u00f6te och seminarium &#8211; K\u00e4nslor, attityder och h\u00e5llbar utveckling<\/h3>\n<p>Den 24 februari var det dags f\u00f6r f\u00f6reningens \u00e5rliga \u00e5rsm\u00f6te. I samband med m\u00f6tet bj\u00f6d f\u00f6reningen in sina medlemmar till ett sp\u00e4nnande seminarium med temat: <em>k\u00e4nslor, attityder och h\u00e5llbar utveckling.<\/em><\/p>\n<p>V\u00e5ra medlemmar fick lyssna p\u00e5 hoppets stora betydelse f\u00f6r huruvida vi engagerar oss och hur vi kan hantera v\u00e5ra k\u00e4nslor f\u00f6r att kunna leva i harmoni med v\u00e5ra v\u00e4rderingar.<em> \u00a0<\/em>H\u00e5llbarhetsfr\u00e5gor \u00e4r ofta kopplade till negativa k\u00e4nslor s\u00e5som oro och skuld. <strong>Maria Ojala, doktor i psykologi<\/strong>, f\u00f6rklarade\u00a0varf\u00f6r f\u00f6rm\u00e5gan att uppv\u00e4cka hopp har en stor betydelse f\u00f6r om vi kommer att vara engagerade eller\u00a0inte.<\/p>\n<p><strong>Malena Ernman mottog 2015 \u00e5rs diplom f\u00f6r f\u00f6rsvar av m\u00e4nskliga r\u00e4ttigheter. <\/strong><\/p>\n","protected":false},"excerpt":{"rendered":"<p>\u00c5rsm\u00f6te och seminarium &#8211; K\u00e4nslor, attityder och h\u00e5llbar utveckling Den 24 februari var det dags f\u00f6r f\u00f6reningens \u00e5rliga \u00e5rsm\u00f6te. I&hellip;<\/p>\n","protected":false},"author":86,"featured_media":457,"parent":0,"menu_order":0,"comment_status":"closed","ping_status":"closed","template":"","meta":{"_acf_changed":false,"footnotes":"","_links_to":"","_links_to_target":""},"class_list":["post-456","page","type-page","status-publish","has-post-thumbnail","hentry"],"acf":[],"_links":{"self":[{"href":"https:\/\/fn.se\/stockholm\/wp-json\/wp\/v2\/pages\/456","targetHints":{"allow":["GET"]}}],"collection":[{"href":"https:\/\/fn.se\/stockholm\/wp-json\/wp\/v2\/pages"}],"about":[{"href":"https:\/\/fn.se\/stockholm\/wp-json\/wp\/v2\/types\/page"}],"author":[{"embeddable":true,"href":"https:\/\/fn.se\/stockholm\/wp-json\/wp\/v2\/users\/86"}],"replies":[{"embeddable":true,"href":"https:\/\/fn.se\/stockholm\/wp-json\/wp\/v2\/comments?post=456"}],"version-history":[{"count":3,"href":"https:\/\/fn.se\/stockholm\/wp-json\/wp\/v2\/pages\/456\/revisions"}],"predecessor-version":[{"id":461,"href":"https:\/\/fn.se\/stockholm\/wp-json\/wp\/v2\/pages\/456\/revisions\/461"}],"wp:featuredmedia":[{"embeddable":true,"href":"https:\/\/fn.se\/stockholm\/wp-json\/wp\/v2\/media\/457"}],"wp:attachment":[{"href":"https:\/\/fn.se\/stockholm\/wp-json\/wp\/v2\/media?parent=456"}],"curies":[{"name":"wp","href":"https:\/\/api.w.org\/{rel}","templated":true}]}}