{"id":4544,"date":"2026-04-07T12:59:51","date_gmt":"2026-04-07T12:59:51","guid":{"rendered":"https:\/\/fn.se\/stockholm\/?page_id=4544"},"modified":"2026-04-07T13:03:18","modified_gmt":"2026-04-07T13:03:18","slug":"thea-larsson","status":"publish","type":"page","link":"https:\/\/fn.se\/stockholm\/thea-larsson\/","title":{"rendered":"THEA LARSSON"},"content":{"rendered":"\n<h1 class=\"wp-block-heading\">THEA LARSSON<\/h1>\n\n\n\n<figure class=\"wp-block-image size-large is-resized\"><img loading=\"lazy\" decoding=\"async\" width=\"800\" height=\"1024\" src=\"https:\/\/fn.se\/stockholm\/wp-content\/uploads\/sites\/32\/2026\/04\/IMG_2966-800x1024.jpg\" alt=\"\" class=\"wp-image-4546\" style=\"aspect-ratio:0.7812538338854128;width:270px;height:auto\" \/><\/figure>\n\n\n\n<p><strong>Roll:<\/strong> Ordf\u00f6rande f\u00f6r studentsektionen<\/p>\n\n\n\n<p><strong>Varf\u00f6r har du valt att engagera dig i FN-r\u00f6relsen?<\/strong><br>Jag har valt att engagera mig i FN-r\u00f6relsen eftersom jag ser ett starkt behov av internationellt samarbete f\u00f6r att hantera v\u00e5r tids komplexa utmaningar. Fr\u00e5gor som m\u00e4nskliga r\u00e4ttigheter, fred, h\u00e5llbar utveckling och j\u00e4mst\u00e4lldhet kr\u00e4ver gemensamma l\u00f6sningar som str\u00e4cker sig \u00f6ver staters gr\u00e4nser. Genom mitt engagemang som ordf\u00f6rande i studentsektionen vill jag bidra med att lyfta fr\u00e5gor som jag brinner f\u00f6r och skapa engagemang hos fler unga studenter. Jag vill vara med och driva arbetet f\u00f6r en mer r\u00e4ttvis och inkluderande v\u00e4rld, vilket beh\u00f6vs nu mer \u00e4n n\u00e5gonsin, och att engagera sig inom FN-r\u00f6relsen \u00e4r ett bra s\u00e4tt att g\u00f6ra det.&nbsp;<br><\/p>\n\n\n\n<p><strong>Vilket globalt m\u00e5l i Agenda 2030 brinner du lite extra f\u00f6r och varf\u00f6r?<\/strong><br>Jag brinner s\u00e4rskilt mycket f\u00f6r m\u00e5l 5 &#8211; j\u00e4mst\u00e4lldhet. J\u00e4mst\u00e4lldhet mellan kvinnor och m\u00e4n \u00e4r en grundl\u00e4ggande f\u00f6ruts\u00e4ttning f\u00f6r ett h\u00e5llbart och r\u00e4ttvist samh\u00e4lle. Trots framsteg kvarst\u00e5r stora utmaningar f\u00f6r kvinnor v\u00e4rlden \u00f6ver. Genom att arbeta f\u00f6r j\u00e4mst\u00e4lldhet st\u00e4rker vi inte bara individers r\u00e4ttigheter och livskvalitet, utan bidrar ocks\u00e5 till utveckling, fred och ekonomisk tillv\u00e4xt i samh\u00e4llet. Vi kvinnor som haft turen att v\u00e4xa upp i ett j\u00e4mst\u00e4llt samh\u00e4lle med b\u00e4ttre f\u00f6ruts\u00e4ttningar att g\u00f6ra v\u00e5r r\u00f6st h\u00f6rd b\u00f6r k\u00e4mpa f\u00f6r dem som inte har chansen att g\u00f6ra det sj\u00e4lva.&nbsp;<\/p>\n","protected":false},"excerpt":{"rendered":"<p>THEA LARSSON Roll: Ordf\u00f6rande f\u00f6r studentsektionen Varf\u00f6r har du valt att engagera dig i FN-r\u00f6relsen?Jag har valt att engagera mig&hellip;<\/p>\n","protected":false},"author":86,"featured_media":0,"parent":0,"menu_order":0,"comment_status":"closed","ping_status":"closed","template":"","meta":{"_acf_changed":false,"footnotes":"","_links_to":"","_links_to_target":""},"class_list":["post-4544","page","type-page","status-publish","hentry"],"acf":[],"_links":{"self":[{"href":"https:\/\/fn.se\/stockholm\/wp-json\/wp\/v2\/pages\/4544","targetHints":{"allow":["GET"]}}],"collection":[{"href":"https:\/\/fn.se\/stockholm\/wp-json\/wp\/v2\/pages"}],"about":[{"href":"https:\/\/fn.se\/stockholm\/wp-json\/wp\/v2\/types\/page"}],"author":[{"embeddable":true,"href":"https:\/\/fn.se\/stockholm\/wp-json\/wp\/v2\/users\/86"}],"replies":[{"embeddable":true,"href":"https:\/\/fn.se\/stockholm\/wp-json\/wp\/v2\/comments?post=4544"}],"version-history":[{"count":3,"href":"https:\/\/fn.se\/stockholm\/wp-json\/wp\/v2\/pages\/4544\/revisions"}],"predecessor-version":[{"id":4550,"href":"https:\/\/fn.se\/stockholm\/wp-json\/wp\/v2\/pages\/4544\/revisions\/4550"}],"wp:attachment":[{"href":"https:\/\/fn.se\/stockholm\/wp-json\/wp\/v2\/media?parent=4544"}],"curies":[{"name":"wp","href":"https:\/\/api.w.org\/{rel}","templated":true}]}}