{"id":4475,"date":"2026-03-23T14:11:10","date_gmt":"2026-03-23T14:11:10","guid":{"rendered":"https:\/\/fn.se\/stockholm\/?page_id=4475"},"modified":"2026-04-01T09:09:15","modified_gmt":"2026-04-01T09:09:15","slug":"ar-du-var-nasta-praktikant","status":"publish","type":"page","link":"https:\/\/fn.se\/stockholm\/ar-du-var-nasta-praktikant\/","title":{"rendered":"\u00c4r DU v\u00e5r n\u00e4sta praktikant?"},"content":{"rendered":"\n<p><br><\/p>\n\n\n\n<h2 class=\"wp-block-heading\">\u00c4r du v\u00e5r n\u00e4sta praktikant? \ud83c\udf1f<\/h2>\n\n\n\n<p>Vill du \u00f6ka m\u00e4nniskors kunskap om FN:s arbete och bidra till en mer h\u00e5llbar v\u00e4rld? Stockholms FN-f\u00f6rening erbjuder praktik under h\u00f6stterminen 2026!<\/p>\n\n\n\n<p>Vi \u00e4r den st\u00f6rsta FN-f\u00f6reningen i Sverige och arbetar partipolitiskt och religi\u00f6st obundet utifr\u00e5n Agenda 2030. F\u00f6rutom gemensamma aktiviteter har vi en ungdomssektion och en studentsektion.<\/p>\n\n\n\n<p><\/p>\n\n\n\n<h2 class=\"wp-block-heading\">Om praktiken<\/h2>\n\n\n\n<p>Som praktikant deltar du i planering och genomf\u00f6rande av f\u00f6reningens aktiviteter, b\u00e5de sj\u00e4lvst\u00e4ndigt och tillsammans med styrelsen. Du f\u00e5r insyn i hur en ideell f\u00f6rening fungerar, styrelsearbete och administration. Praktiken ger ocks\u00e5 m\u00f6jlighet att delta i seminarier och projekt kopplade till milj\u00f6, fred och m\u00e4nskliga r\u00e4ttigheter.<\/p>\n\n\n\n<p>Erfarenheterna du f\u00e5r med dig fr\u00e5n praktiken \u00e4r d\u00e4rf\u00f6r m\u00e5nga. Du kommer bl.a. f\u00e5 arbeta med marknadsf\u00f6ring, l\u00e4ra dig f\u00f6reningsformalia och olika IT-verktyg (t.ex. WordPress och CRM-system).<\/p>\n\n\n\n<h3 class=\"wp-block-heading\">Exempel p\u00e5 arbetsuppgifter<\/h3>\n\n\n\n<p>\ud83d\uddd3\ufe0f Planera och genomf\u00f6ra seminarier, m\u00f6ten och evenemang.<\/p>\n\n\n\n<p>\ud83c\udf10 Uppdatera hemsida och sociala medier, inklusive att redigera bilder och skriva texter.<\/p>\n\n\n\n<p>\ud83e\udd1d Ha kontakt med styrelse, sektioner och medlemmar.<\/p>\n\n\n\n<p>\ud83d\udc8c Hantera mejl, telefonsamtal och medlemssystemet.<\/p>\n\n\n\n<p>\ud83d\udcdd F\u00f6rbereda kallelser och protokoll till styrelsem\u00f6ten.<\/p>\n\n\n\n<p>\ud83d\udca1 Sammanst\u00e4lla rapporter och s\u00f6ka information.<\/p>\n\n\n\n<p>\ud83c\udf31 M\u00f6jlighet att driva egna projekt och evenemang inom f\u00f6reningens verksamhet.<\/p>\n\n\n\n<p><\/p>\n\n\n\n<h3 class=\"wp-block-heading\"><strong>Kvalifikationer<\/strong><\/h3>\n\n\n\n<p>\u2013 Intresse f\u00f6r FN, globala fr\u00e5gor och m\u00e4nskliga r\u00e4ttigheter.<\/p>\n\n\n\n<p>\u2013 Praktiken ing\u00e5r i din h\u00f6gskoleutbildning.<\/p>\n\n\n\n<p>\u2013 Sj\u00e4lvst\u00e4ndig, initiativtagande och positiv.<\/p>\n\n\n\n<p><\/p>\n\n\n\n<p>Vi rekryterar brett utifr\u00e5n olika akademiska bakgrunder och ser stora m\u00f6jligheter i de olika perspektiv v\u00e5ra praktikanter bidrar med. Vi v\u00e4lkomnar d\u00e4rf\u00f6r ans\u00f6kningar fr\u00e5n alla sorters utbildningar!<\/p>\n\n\n\n<h3 class=\"wp-block-heading\"><strong>\u00d6vrigt<\/strong><\/h3>\n\n\n\n<p>\ud83d\udccdPlats: Hammarby Sj\u00f6stad, Stockholm<\/p>\n\n\n\n<p>Handledare finns under hela praktikperioden. Kv\u00e4lls- och helgarbete f\u00f6rekommer.<\/p>\n\n\n\n<p>Ans\u00f6kan: Skicka CV och personligt brev till info@unastockholm.se. Markera mejlet med \u201dAns\u00f6kan praktik HT26\u201d i \u00e4mnesraden.<\/p>\n\n\n\n<p><strong>Sista ans\u00f6kningsdag: 24 april <\/strong><\/p>\n\n\n\n<p>Fr\u00e5gor besvaras p\u00e5 samma mejladress.<\/p>\n","protected":false},"excerpt":{"rendered":"<p>\u00c4r du v\u00e5r n\u00e4sta praktikant? \ud83c\udf1f Vill du \u00f6ka m\u00e4nniskors kunskap om FN:s arbete och bidra till en mer h\u00e5llbar&hellip;<\/p>\n","protected":false},"author":86,"featured_media":0,"parent":0,"menu_order":0,"comment_status":"closed","ping_status":"closed","template":"","meta":{"_acf_changed":false,"footnotes":"","_links_to":"","_links_to_target":""},"class_list":["post-4475","page","type-page","status-publish","hentry"],"acf":[],"_links":{"self":[{"href":"https:\/\/fn.se\/stockholm\/wp-json\/wp\/v2\/pages\/4475","targetHints":{"allow":["GET"]}}],"collection":[{"href":"https:\/\/fn.se\/stockholm\/wp-json\/wp\/v2\/pages"}],"about":[{"href":"https:\/\/fn.se\/stockholm\/wp-json\/wp\/v2\/types\/page"}],"author":[{"embeddable":true,"href":"https:\/\/fn.se\/stockholm\/wp-json\/wp\/v2\/users\/86"}],"replies":[{"embeddable":true,"href":"https:\/\/fn.se\/stockholm\/wp-json\/wp\/v2\/comments?post=4475"}],"version-history":[{"count":3,"href":"https:\/\/fn.se\/stockholm\/wp-json\/wp\/v2\/pages\/4475\/revisions"}],"predecessor-version":[{"id":4540,"href":"https:\/\/fn.se\/stockholm\/wp-json\/wp\/v2\/pages\/4475\/revisions\/4540"}],"wp:attachment":[{"href":"https:\/\/fn.se\/stockholm\/wp-json\/wp\/v2\/media?parent=4475"}],"curies":[{"name":"wp","href":"https:\/\/api.w.org\/{rel}","templated":true}]}}

Är DU vår nästa praktikant?

<p><br></p>



<h2 class="wp-block-heading">Är du vår nästa praktikant? 🌟</h2>



<p>Vill du öka människors kunskap om FN:s arbete och bidra till en mer hållbar värld? Stockholms FN-förening erbjuder praktik under höstterminen 2026!</p>



<p>Vi är den största FN-föreningen i Sverige och arbetar partipolitiskt och religiöst obundet utifrån Agenda 2030. Förutom gemensamma aktiviteter har vi en ungdomssektion och en studentsektion.</p>



<p></p>



<h2 class="wp-block-heading">Om praktiken</h2>



<p>Som praktikant deltar du i planering och genomförande av föreningens aktiviteter, både självständigt och tillsammans med styrelsen. Du får insyn i hur en ideell förening fungerar, styrelsearbete och administration. Praktiken ger också möjlighet att delta i seminarier och projekt kopplade till miljö, fred och mänskliga rättigheter.</p>



<p>Erfarenheterna du får med dig från praktiken är därför många. Du kommer bl.a. få arbeta med marknadsföring, lära dig föreningsformalia och olika IT-verktyg (t.ex. WordPress och CRM-system).</p>



<h3 class="wp-block-heading">Exempel på arbetsuppgifter</h3>



<p>🗓️ Planera och genomföra seminarier, möten och evenemang.</p>



<p>🌐 Uppdatera hemsida och sociala medier, inklusive att redigera bilder och skriva texter.</p>



<p>🤝 Ha kontakt med styrelse, sektioner och medlemmar.</p>



<p>💌 Hantera mejl, telefonsamtal och medlemssystemet.</p>



<p>📝 Förbereda kallelser och protokoll till styrelsemöten.</p>



<p>💡 Sammanställa rapporter och söka information.</p>



<p>🌱 Möjlighet att driva egna projekt och evenemang inom föreningens verksamhet.</p>



<p></p>



<h3 class="wp-block-heading"><strong>Kvalifikationer</strong></h3>



<p>– Intresse för FN, globala frågor och mänskliga rättigheter.</p>



<p>– Praktiken ingår i din högskoleutbildning.</p>



<p>– Självständig, initiativtagande och positiv.</p>



<p></p>



<p>Vi rekryterar brett utifrån olika akademiska bakgrunder och ser stora möjligheter i de olika perspektiv våra praktikanter bidrar med. Vi välkomnar därför ansökningar från alla sorters utbildningar!</p>



<h3 class="wp-block-heading"><strong>Övrigt</strong></h3>



<p>📍Plats: Hammarby Sjöstad, Stockholm</p>



<p>Handledare finns under hela praktikperioden. Kvälls- och helgarbete förekommer.</p>



<p>Ansökan: Skicka CV och personligt brev till info@unastockholm.se. Markera mejlet med ”Ansökan praktik HT26” i ämnesraden.</p>



<p><strong>Sista ansökningsdag: 24 april </strong></p>



<p>Frågor besvaras på samma mejladress.</p>

<p>Är du vår nästa praktikant? 🌟 Vill du öka människors kunskap om FN:s arbete och bidra till en mer hållbar&hellip;</p>
