{"id":441,"date":"2017-05-05T11:19:56","date_gmt":"2017-05-05T11:19:56","guid":{"rendered":"http:\/\/fn.se\/stockholm\/?page_id=441"},"modified":"2018-01-30T10:53:25","modified_gmt":"2018-01-30T10:53:25","slug":"74-inspirationskvall-tillsammans-med-ungdoms-och-studentsektion","status":"publish","type":"page","link":"https:\/\/fn.se\/stockholm\/74-inspirationskvall-tillsammans-med-ungdoms-och-studentsektion\/","title":{"rendered":"7\/4 Inspirationskv\u00e4ll tillsammans med ungdoms- och studentsektion"},"content":{"rendered":"<h3>Inspirationskv\u00e4ll tillsammans med ungdoms- och studentsektion<\/h3>\n<p>Stockholms FN-f\u00f6reningens ungdom och studentsektion arrangerade en inspirationskv\u00e4ll till alla som var nyfikna och intresserade av att engagera sig i m\u00e4nskliga r\u00e4ttigheter och i FN:s arbete.<\/p>\n<div class=\"text_exposed_show\">\n<p>&#8221;V\u00e4lkommen p\u00e5 inspirationskv\u00e4ll d\u00e4r du f\u00e5r m\u00f6jlighet att lyssna till karri\u00e4rtips- och r\u00e5d fr\u00e5n Johanna Wiklund, Svenska FN-f\u00f6rbundet. Medverkande \u00e4r \u00e4ven Jennie Ekborg och Marcus Hjalmarsson, som nyligen har avslutat sina praktikperioder p\u00e5 FN-f\u00f6rbund i Georgien respektive i Tanzania, ber\u00e4ttar om sina erfarenheter.&#8221; &#8211; l\u00f6d inbjudan och riktigt lyckat och inspirerande blev det!<\/p>\n<p>Tack till ABF Stockholm, som arrangerade en lokal i samarbete med f\u00f6reningens seminarium.<\/p>\n<\/div>\n","protected":false},"excerpt":{"rendered":"<p>Inspirationskv\u00e4ll tillsammans med ungdoms- och studentsektion Stockholms FN-f\u00f6reningens ungdom och studentsektion arrangerade en inspirationskv\u00e4ll till alla som var nyfikna och&hellip;<\/p>\n","protected":false},"author":86,"featured_media":0,"parent":0,"menu_order":0,"comment_status":"closed","ping_status":"closed","template":"","meta":{"_acf_changed":false,"footnotes":"","_links_to":"","_links_to_target":""},"class_list":["post-441","page","type-page","status-publish","hentry"],"acf":[],"_links":{"self":[{"href":"https:\/\/fn.se\/stockholm\/wp-json\/wp\/v2\/pages\/441","targetHints":{"allow":["GET"]}}],"collection":[{"href":"https:\/\/fn.se\/stockholm\/wp-json\/wp\/v2\/pages"}],"about":[{"href":"https:\/\/fn.se\/stockholm\/wp-json\/wp\/v2\/types\/page"}],"author":[{"embeddable":true,"href":"https:\/\/fn.se\/stockholm\/wp-json\/wp\/v2\/users\/86"}],"replies":[{"embeddable":true,"href":"https:\/\/fn.se\/stockholm\/wp-json\/wp\/v2\/comments?post=441"}],"version-history":[{"count":1,"href":"https:\/\/fn.se\/stockholm\/wp-json\/wp\/v2\/pages\/441\/revisions"}],"predecessor-version":[{"id":442,"href":"https:\/\/fn.se\/stockholm\/wp-json\/wp\/v2\/pages\/441\/revisions\/442"}],"wp:attachment":[{"href":"https:\/\/fn.se\/stockholm\/wp-json\/wp\/v2\/media?parent=441"}],"curies":[{"name":"wp","href":"https:\/\/api.w.org\/{rel}","templated":true}]}}