{"id":4006,"date":"2026-02-18T09:55:18","date_gmt":"2026-02-18T09:55:18","guid":{"rendered":"https:\/\/fn.se\/stockholm\/?page_id=4006"},"modified":"2026-02-25T10:29:36","modified_gmt":"2026-02-25T10:29:36","slug":"panelsamtal-om-kvinnor-fred-och-sakerhet","status":"publish","type":"page","link":"https:\/\/fn.se\/stockholm\/panelsamtal-om-kvinnor-fred-och-sakerhet\/","title":{"rendered":"Panelsamtal om kvinnor, fred och s\u00e4kerhet"},"content":{"rendered":"\n<h2 class=\"wp-block-heading\">Internationella kvinnodagen: Panelsamtal om kvinnor, fred och s\u00e4kerhet<\/h2>\n\n\n\n<p>Varmt v\u00e4lkomna till ett evenemang f\u00f6r att belysa Internationella kvinnodagen, arrangerat av Stockholms FN-f\u00f6rening!<\/p>\n\n\n\n<p>\u00c5rets tema \u00e4r \u2019Kvinnor, fred och s\u00e4kerhet\u2019 med fokus p\u00e5 FN:s s\u00e4kerhetsr\u00e5dsresolution 1325. Under kv\u00e4llen bjuder vi in till ett engagerande panelsamtal med forskare fr\u00e5n Uppsala universitet samt representanter fr\u00e5n Kvinna till Kvinna.<\/p>\n\n\n\n<p>Samtalet kommer att belysa hur kvinnor och flickor p\u00e5verkas under och efter v\u00e4pnade konflikter, samt diskutera kvinnors fortsatt begr\u00e4nsade inflytande och deltagande i fredsprocesser. Mer information om programmet presenteras inom kort.<\/p>\n\n\n\n<p>Evenemanget \u00e4r kostnadsfritt och h\u00e5lls p\u00e5 engelska. Dryck och tilltugg kommer att serveras. <strong>Antalet platser \u00e4r begr\u00e4nsat \u2013 s\u00e4kra din plats redan idag!<\/strong> Skanna QR-koden eller anm\u00e4la dig via f\u00f6ljande l\u00e4nk:&nbsp;<a href=\"https:\/\/simplesignup.se\/event\/234150-event-international-womens-day\">https:\/\/simplesignup.se\/event\/234150-event-international-womens-day<\/a>.<\/p>\n\n\n\n<p><strong>Dag och tid:<\/strong>&nbsp;9 mars 2026 kl. 18-20<\/p>\n\n\n\n<p><strong>Plats<\/strong>: Hammarby Fabriksv\u00e4g 65 120 30 Stockholm (v\u00e5ning 3 i Kvinna till Kvinnas lokaler)<\/p>\n\n\n\n<p>Varmt v\u00e4lkomna!<\/p>\n\n\n\n<figure class=\"wp-block-image size-large\"><img loading=\"lazy\" decoding=\"async\" width=\"1024\" height=\"576\" src=\"https:\/\/fn.se\/stockholm\/wp-content\/uploads\/sites\/32\/2026\/02\/Till-manadsbrev-och-hemsida-1024x576.png\" alt=\"\" class=\"wp-image-4071\" srcset=\"https:\/\/fn.se\/stockholm\/wp-content\/uploads\/sites\/32\/2026\/02\/Till-manadsbrev-och-hemsida-1024x576.png 1024w, https:\/\/fn.se\/stockholm\/wp-content\/uploads\/sites\/32\/2026\/02\/Till-manadsbrev-och-hemsida-300x169.png 300w, https:\/\/fn.se\/stockholm\/wp-content\/uploads\/sites\/32\/2026\/02\/Till-manadsbrev-och-hemsida-768x432.png 768w, https:\/\/fn.se\/stockholm\/wp-content\/uploads\/sites\/32\/2026\/02\/Till-manadsbrev-och-hemsida-1536x864.png 1536w, https:\/\/fn.se\/stockholm\/wp-content\/uploads\/sites\/32\/2026\/02\/Till-manadsbrev-och-hemsida-2048x1152.png 2048w, https:\/\/fn.se\/stockholm\/wp-content\/uploads\/sites\/32\/2026\/02\/Till-manadsbrev-och-hemsida-650x366.png 650w\" sizes=\"auto, (max-width: 1024px) 100vw, 1024px\" \/><\/figure>\n","protected":false},"excerpt":{"rendered":"<p>Internationella kvinnodagen: Panelsamtal om kvinnor, fred och s\u00e4kerhet Varmt v\u00e4lkomna till ett evenemang f\u00f6r att belysa Internationella kvinnodagen, arrangerat av&hellip;<\/p>\n","protected":false},"author":86,"featured_media":0,"parent":0,"menu_order":0,"comment_status":"closed","ping_status":"closed","template":"","meta":{"_acf_changed":false,"footnotes":"","_links_to":"","_links_to_target":""},"class_list":["post-4006","page","type-page","status-publish","hentry"],"acf":[],"_links":{"self":[{"href":"https:\/\/fn.se\/stockholm\/wp-json\/wp\/v2\/pages\/4006","targetHints":{"allow":["GET"]}}],"collection":[{"href":"https:\/\/fn.se\/stockholm\/wp-json\/wp\/v2\/pages"}],"about":[{"href":"https:\/\/fn.se\/stockholm\/wp-json\/wp\/v2\/types\/page"}],"author":[{"embeddable":true,"href":"https:\/\/fn.se\/stockholm\/wp-json\/wp\/v2\/users\/86"}],"replies":[{"embeddable":true,"href":"https:\/\/fn.se\/stockholm\/wp-json\/wp\/v2\/comments?post=4006"}],"version-history":[{"count":8,"href":"https:\/\/fn.se\/stockholm\/wp-json\/wp\/v2\/pages\/4006\/revisions"}],"predecessor-version":[{"id":4113,"href":"https:\/\/fn.se\/stockholm\/wp-json\/wp\/v2\/pages\/4006\/revisions\/4113"}],"wp:attachment":[{"href":"https:\/\/fn.se\/stockholm\/wp-json\/wp\/v2\/media?parent=4006"}],"curies":[{"name":"wp","href":"https:\/\/api.w.org\/{rel}","templated":true}]}}

Panelsamtal om kvinnor, fred och säkerhet

<h2 class="wp-block-heading">Internationella kvinnodagen: Panelsamtal om kvinnor, fred och säkerhet</h2>



<p>Varmt välkomna till ett evenemang för att belysa Internationella kvinnodagen, arrangerat av Stockholms FN-förening!</p>



<p>Årets tema är ’Kvinnor, fred och säkerhet’ med fokus på FN:s säkerhetsrådsresolution 1325. Under kvällen bjuder vi in till ett engagerande panelsamtal med forskare från Uppsala universitet samt representanter från Kvinna till Kvinna.</p>



<p>Samtalet kommer att belysa hur kvinnor och flickor påverkas under och efter väpnade konflikter, samt diskutera kvinnors fortsatt begränsade inflytande och deltagande i fredsprocesser. Mer information om programmet presenteras inom kort.</p>



<p>Evenemanget är kostnadsfritt och hålls på engelska. Dryck och tilltugg kommer att serveras. <strong>Antalet platser är begränsat – säkra din plats redan idag!</strong> Skanna QR-koden eller anmäla dig via följande länk:&nbsp;<a href="https://simplesignup.se/event/234150-event-international-womens-day">https://simplesignup.se/event/234150-event-international-womens-day</a>.</p>



<p><strong>Dag och tid:</strong>&nbsp;9 mars 2026 kl. 18-20</p>



<p><strong>Plats</strong>: Hammarby Fabriksväg 65 120 30 Stockholm (våning 3 i Kvinna till Kvinnas lokaler)</p>



<p>Varmt välkomna!</p>



<figure class="wp-block-image size-large"><img loading="lazy" decoding="async" width="1024" height="576" src="https://fn.se/stockholm/wp-content/uploads/sites/32/2026/02/Till-manadsbrev-och-hemsida-1024x576.png" alt="" class="wp-image-4071" srcset="https://fn.se/stockholm/wp-content/uploads/sites/32/2026/02/Till-manadsbrev-och-hemsida-1024x576.png 1024w, https://fn.se/stockholm/wp-content/uploads/sites/32/2026/02/Till-manadsbrev-och-hemsida-300x169.png 300w, https://fn.se/stockholm/wp-content/uploads/sites/32/2026/02/Till-manadsbrev-och-hemsida-768x432.png 768w, https://fn.se/stockholm/wp-content/uploads/sites/32/2026/02/Till-manadsbrev-och-hemsida-1536x864.png 1536w, https://fn.se/stockholm/wp-content/uploads/sites/32/2026/02/Till-manadsbrev-och-hemsida-2048x1152.png 2048w, https://fn.se/stockholm/wp-content/uploads/sites/32/2026/02/Till-manadsbrev-och-hemsida-650x366.png 650w" sizes="auto, (max-width: 1024px) 100vw, 1024px" /></figure>

<p>Internationella kvinnodagen: Panelsamtal om kvinnor, fred och säkerhet Varmt välkomna till ett evenemang för att belysa Internationella kvinnodagen, arrangerat av&hellip;</p>
