{"id":3728,"date":"2025-09-11T09:12:23","date_gmt":"2025-09-11T09:12:23","guid":{"rendered":"https:\/\/fn.se\/stockholm\/?page_id=3728"},"modified":"2025-09-17T10:48:33","modified_gmt":"2025-09-17T10:48:33","slug":"hur-uppnar-vi-fred","status":"publish","type":"page","link":"https:\/\/fn.se\/stockholm\/hur-uppnar-vi-fred\/","title":{"rendered":"Hur F\u00e5r vi fred?"},"content":{"rendered":"\n<p class=\"has-fn-blue-color has-text-color has-link-color has-huge-font-size wp-elements-1da5d4d77622d389128f71bafd37b1e4\">Hur f\u00e5r vi fred?<\/p>\n\n\n\n<p>V\u00e4lkommen p\u00e5 en heldag av f\u00f6rel\u00e4sningar i uppm\u00e4rksammande av Internationella Fredsdagen p\u00e5 F\u00f6rsvarsh\u00f6gskolan. Under dagen unders\u00f6ker vi fr\u00e5gan &#8221;Hur f\u00e5r vi fred?&#8221; tillsammans 15 talare som kommer ge en bred ing\u00e5ng i fr\u00e5gan. Vi kommer bland annat h\u00f6ra inslag fr\u00e5n forskare, politiker, studenter och arbetsverksamma inom fred och s\u00e4kerhet.<\/p>\n\n\n\n<p style=\"letter-spacing:px\">Dagen riktar sig till F\u00f6rsvarsh\u00f6gskolans studenter och anst\u00e4llda, medlemmar i Stockholms FN-F\u00f6rening samt \u00f6vriga s\u00e4rskillt inbjuna g\u00e4ster.<\/p>\n\n\n\n<p style=\"letter-spacing:px\">\u23f1\ufe0f 22 september kl. 10:00-17:00<\/p>\n\n\n\n<p>\ud83d\udccdF\u00f6rsvarsh\u00f6gskolan<\/p>\n\n\n\n<p class=\"has-fn-blue-color has-text-color has-link-color has-large-font-size wp-elements-94ff93830ee4f2e1d99d3b8ca86ce1e2\">Viktig information om anm\u00e4lan<\/p>\n\n\n\n<p>F\u00f6r att kunna delta m\u00e5ste man vara medlem i en FN-f\u00f6rening i Sverige. Bli medelm <a href=\"https:\/\/betalning.fn.se\/pfs\/memberregistration\/\" data-type=\"link\" data-id=\"https:\/\/betalning.fn.se\/pfs\/memberregistration\/\">h\u00e4r<\/a> och f\u00e5 en anm\u00e4lningsl\u00e4nk i V\u00e4lkommstbrevet! En anm\u00e4lningsl\u00e4nk har redan skickats ut p\u00e5 mail till registerade medlemmar.<\/p>\n\n\n\n<p>Vid anm\u00e4lan anges namn, personnummer och organisation. Avprickning sker vid insl\u00e4pp, och legitimation kr\u00e4vs f\u00f6r externa deltagare d\u00e5 F\u00f6rsvarsh\u00f6gskolan \u00e4r ett skyddsobjekt.<\/p>\n\n\n\n<figure class=\"wp-block-image size-large is-resized\"><img loading=\"lazy\" decoding=\"async\" width=\"724\" height=\"1024\" src=\"https:\/\/fn.se\/stockholm\/wp-content\/uploads\/sites\/32\/2025\/09\/BACK-ONLINE-final-724x1024.png\" alt=\"\" class=\"wp-image-3761\" style=\"width:325px;height:auto\" srcset=\"https:\/\/fn.se\/stockholm\/wp-content\/uploads\/sites\/32\/2025\/09\/BACK-ONLINE-final-724x1024.png 724w, https:\/\/fn.se\/stockholm\/wp-content\/uploads\/sites\/32\/2025\/09\/BACK-ONLINE-final-212x300.png 212w, https:\/\/fn.se\/stockholm\/wp-content\/uploads\/sites\/32\/2025\/09\/BACK-ONLINE-final-768x1086.png 768w, https:\/\/fn.se\/stockholm\/wp-content\/uploads\/sites\/32\/2025\/09\/BACK-ONLINE-final-1086x1536.png 1086w, https:\/\/fn.se\/stockholm\/wp-content\/uploads\/sites\/32\/2025\/09\/BACK-ONLINE-final-1448x2048.png 1448w, https:\/\/fn.se\/stockholm\/wp-content\/uploads\/sites\/32\/2025\/09\/BACK-ONLINE-final-650x920.png 650w, https:\/\/fn.se\/stockholm\/wp-content\/uploads\/sites\/32\/2025\/09\/BACK-ONLINE-final-1024x1449.png 1024w, https:\/\/fn.se\/stockholm\/wp-content\/uploads\/sites\/32\/2025\/09\/BACK-ONLINE-final.png 1587w\" sizes=\"auto, (max-width: 724px) 100vw, 724px\" \/><\/figure>\n\n\n\n<p><\/p>\n","protected":false},"excerpt":{"rendered":"<p>Hur f\u00e5r vi fred? V\u00e4lkommen p\u00e5 en heldag av f\u00f6rel\u00e4sningar i uppm\u00e4rksammande av Internationella Fredsdagen p\u00e5 F\u00f6rsvarsh\u00f6gskolan. Under dagen unders\u00f6ker&hellip;<\/p>\n","protected":false},"author":86,"featured_media":0,"parent":0,"menu_order":0,"comment_status":"closed","ping_status":"closed","template":"","meta":{"_acf_changed":false,"footnotes":"","_links_to":"","_links_to_target":""},"class_list":["post-3728","page","type-page","status-publish","hentry"],"acf":[],"_links":{"self":[{"href":"https:\/\/fn.se\/stockholm\/wp-json\/wp\/v2\/pages\/3728","targetHints":{"allow":["GET"]}}],"collection":[{"href":"https:\/\/fn.se\/stockholm\/wp-json\/wp\/v2\/pages"}],"about":[{"href":"https:\/\/fn.se\/stockholm\/wp-json\/wp\/v2\/types\/page"}],"author":[{"embeddable":true,"href":"https:\/\/fn.se\/stockholm\/wp-json\/wp\/v2\/users\/86"}],"replies":[{"embeddable":true,"href":"https:\/\/fn.se\/stockholm\/wp-json\/wp\/v2\/comments?post=3728"}],"version-history":[{"count":18,"href":"https:\/\/fn.se\/stockholm\/wp-json\/wp\/v2\/pages\/3728\/revisions"}],"predecessor-version":[{"id":3774,"href":"https:\/\/fn.se\/stockholm\/wp-json\/wp\/v2\/pages\/3728\/revisions\/3774"}],"wp:attachment":[{"href":"https:\/\/fn.se\/stockholm\/wp-json\/wp\/v2\/media?parent=3728"}],"curies":[{"name":"wp","href":"https:\/\/api.w.org\/{rel}","templated":true}]}}