{"id":3665,"date":"2025-05-26T11:45:29","date_gmt":"2025-05-26T11:45:29","guid":{"rendered":"https:\/\/fn.se\/stockholm\/?page_id=3665"},"modified":"2026-02-24T14:07:28","modified_gmt":"2026-02-24T14:07:28","slug":"mal-3-god-halsa-och-valbefinnande","status":"publish","type":"page","link":"https:\/\/fn.se\/stockholm\/mal-3-god-halsa-och-valbefinnande\/","title":{"rendered":"M\u00e5l 3-god h\u00e4lsa och v\u00e4lbefinnande"},"content":{"rendered":"\n<p><strong>H\u00e4lsa och heml\u00f6shet \u2013 en fr\u00e5ga om demokratiska m\u00e4nskliga r\u00e4ttigheter<\/strong><\/p>\n\n\n\n<p><br>R\u00e4tten till bostad \u00e4r en fundamental m\u00e4nsklig r\u00e4ttighet. Detta regleras bl.a. i FN:s konvention<br>om ekonomiska, sociala och kulturella r\u00e4ttigheter (ESK-konventionen) som Sverige har<br>ratificerat. Artikel 11 anger att varje person har r\u00e4tt till en tillfredsst\u00e4llande levnadsstandard<br>inklusive bostad. I 1 kap. 2 \u00a7 Regeringsformen som \u00e4r svensk grundlag anges att det<br>allm\u00e4nna (staten och kommunerna) ska verka f\u00f6r att &#8221;alla ska ha tillg\u00e5ng till bostad&#8221;.<\/p>\n\n\n\n<p><br>Enligt 4 kap. 1 \u00a7 i Socialtj\u00e4nstlagen har personer som inte sj\u00e4lva kan tillgodose sitt behov av<br>bostad och som saknar andra m\u00f6jligheter en r\u00e4tt till bist\u00e5nd. Socialtj\u00e4nsten kan i vissa fall<br>hj\u00e4lpa till med tillf\u00e4lligt boende eller st\u00f6d f\u00f6r att f\u00e5 en bostad \u2013 men det \u00e4r behovspr\u00f6vat, inte<br>en generell r\u00e4tt till en permanent bostad.<\/p>\n\n\n\n<p><br>F\u00f6rra \u00e5ret vr\u00e4ktes 711 barn i Sverige, detta trots att Barnkonventionen \u00e4r svensk lag sedan \u00e5r<br>2020 och denna ska garantera barn r\u00e4tten till h\u00e4lsa och till social trygghet. Sedan den 1 juli<br>2024 kan en familj ut\u00f6ver de tidigare vr\u00e4kningsgrunderna s\u00e5som t.ex. utebliven betalning av<br>hyra ocks\u00e5 vr\u00e4kas om n\u00e5gon i familjen anses kriminell, d\u00e5 detta anses f\u00f6rs\u00e4mra n\u00e4rmilj\u00f6n f\u00f6r<br>dem som bor i n\u00e4rheten. Till f\u00f6ljd av detta tar f\u00f6r\u00e4ldrar nu inte kontakt med myndigheter om<br>de har ett barn i riskzonen att bli kriminell d\u00e5 detta kan f\u00f6ranleda att hela familjen blir vr\u00e4kt.<br>Fungerande demokratiska processer f\u00f6ruts\u00e4tter att alla kan g\u00f6ra sin r\u00f6st h\u00f6rd och att valda<br>representanter tar ansvar f\u00f6r att skydda individers r\u00e4ttigheter. R\u00e4tten till bostad och r\u00e4tten till<br>h\u00e4lsa \u00e4r grundl\u00e4ggande m\u00e4nskliga r\u00e4ttigheter som \u00e4r avh\u00e4ngiga av varandra. Det \u00e4r ocks\u00e5<br>sv\u00e5rt f\u00f6r den som saknar tak \u00f6ver huvudet och\/eller lider av bristande h\u00e4lsa som en f\u00f6ljd av<br>detta att h\u00e4vda sina demokratiska r\u00e4ttigheter.<\/p>\n\n\n\n<p><br><strong>Stockholms FN-f\u00f6rening startade under h\u00f6sten 2025 ett projekt f\u00f6r att uppm\u00e4rksamma<br>situationen f\u00f6r heml\u00f6sa i framf\u00f6rallt Stockholm. Projektet inneh\u00f6ll bl.a. en<br>workshop p\u00e5 MR-dagarna i Kista den 9-10 december 2025.<\/strong><\/p>\n\n\n\n<p><br>Vill du veta mer eller engagera dig i framtida initiativ? Kontakta oss p\u00e5<br>info@unastockholm.se.<\/p>\n\n\n\n<figure class=\"wp-block-image size-large\"><img loading=\"lazy\" decoding=\"async\" width=\"1024\" height=\"682\" src=\"https:\/\/fn.se\/stockholm\/wp-content\/uploads\/sites\/32\/2025\/05\/homeless-4772990_1280-1024x682.jpg\" alt=\"\" class=\"wp-image-3666\" srcset=\"https:\/\/fn.se\/stockholm\/wp-content\/uploads\/sites\/32\/2025\/05\/homeless-4772990_1280-1024x682.jpg 1024w, https:\/\/fn.se\/stockholm\/wp-content\/uploads\/sites\/32\/2025\/05\/homeless-4772990_1280-300x200.jpg 300w, https:\/\/fn.se\/stockholm\/wp-content\/uploads\/sites\/32\/2025\/05\/homeless-4772990_1280-768x512.jpg 768w, https:\/\/fn.se\/stockholm\/wp-content\/uploads\/sites\/32\/2025\/05\/homeless-4772990_1280-650x433.jpg 650w, https:\/\/fn.se\/stockholm\/wp-content\/uploads\/sites\/32\/2025\/05\/homeless-4772990_1280.jpg 1280w\" sizes=\"auto, (max-width: 1024px) 100vw, 1024px\" \/><\/figure>\n","protected":false},"excerpt":{"rendered":"<p>H\u00e4lsa och heml\u00f6shet \u2013 en fr\u00e5ga om demokratiska m\u00e4nskliga r\u00e4ttigheter R\u00e4tten till bostad \u00e4r en fundamental m\u00e4nsklig r\u00e4ttighet. Detta regleras&hellip;<\/p>\n","protected":false},"author":86,"featured_media":0,"parent":0,"menu_order":0,"comment_status":"closed","ping_status":"closed","template":"","meta":{"_acf_changed":false,"footnotes":"","_links_to":"","_links_to_target":""},"class_list":["post-3665","page","type-page","status-publish","hentry"],"acf":[],"_links":{"self":[{"href":"https:\/\/fn.se\/stockholm\/wp-json\/wp\/v2\/pages\/3665","targetHints":{"allow":["GET"]}}],"collection":[{"href":"https:\/\/fn.se\/stockholm\/wp-json\/wp\/v2\/pages"}],"about":[{"href":"https:\/\/fn.se\/stockholm\/wp-json\/wp\/v2\/types\/page"}],"author":[{"embeddable":true,"href":"https:\/\/fn.se\/stockholm\/wp-json\/wp\/v2\/users\/86"}],"replies":[{"embeddable":true,"href":"https:\/\/fn.se\/stockholm\/wp-json\/wp\/v2\/comments?post=3665"}],"version-history":[{"count":2,"href":"https:\/\/fn.se\/stockholm\/wp-json\/wp\/v2\/pages\/3665\/revisions"}],"predecessor-version":[{"id":4045,"href":"https:\/\/fn.se\/stockholm\/wp-json\/wp\/v2\/pages\/3665\/revisions\/4045"}],"wp:attachment":[{"href":"https:\/\/fn.se\/stockholm\/wp-json\/wp\/v2\/media?parent=3665"}],"curies":[{"name":"wp","href":"https:\/\/api.w.org\/{rel}","templated":true}]}}