{"id":3121,"date":"2023-04-05T11:05:34","date_gmt":"2023-04-05T11:05:34","guid":{"rendered":"https:\/\/fn.se\/stockholm\/?page_id=3121"},"modified":"2024-02-15T14:31:17","modified_gmt":"2024-02-15T14:31:17","slug":"arkiv-2023","status":"publish","type":"page","link":"https:\/\/fn.se\/stockholm\/arkiv-2023\/","title":{"rendered":"Arkiv 2023"},"content":{"rendered":"\n<p class=\"has-medium-font-size\" style=\"font-style:normal;font-weight:600\"><strong>ARKIV F\u00d6R AKTIVITETER 202<\/strong>3<\/p>\n\n\n\n<p>H\u00e4r kan du ta del av b\u00e5de tidigare aktiviteter och event som h\u00e4nt under 2023, men \u00e4ven vad som h\u00e4nt p\u00e5 kansliet. Sidan uppdateras l\u00f6pande.<\/p>\n\n\n\n<p><strong>20\/2<\/strong> <a href=\"https:\/\/fn.se\/stockholm\/2023\/04\/05\/arsmote-2023\/\">\u00c5rsm\u00f6te<\/a><\/p>\n\n\n\n<p><a href=\"https:\/\/fn.se\/stockholm\/wp-content\/uploads\/sites\/32\/2023\/02\/Verksamhetsberattelse-2022-3.pdf\">Verksamhetsber\u00e4ttelse 2022<\/a><\/p>\n\n\n\n<p><a href=\"https:\/\/fn.se\/stockholm\/wp-content\/uploads\/sites\/32\/2023\/02\/Verksamhetsplan-2023.pdf\">Verksamhetsplan 2023<\/a><\/p>\n\n\n\n<p><a href=\"https:\/\/fn.se\/stockholm\/wp-content\/uploads\/sites\/32\/2023\/02\/Budget-2023.pdf\">Budget 2023<\/a><\/p>\n\n\n\n<p><a href=\"https:\/\/fn.se\/stockholm\/wp-content\/uploads\/sites\/32\/2023\/02\/Revisionsberattelse-for-Stockholms-FN-forening-2023.pdf\">Revisionsber\u00e4ttelse f\u00f6r Stockholms FN-f\u00f6rening 2023<\/a><\/p>\n\n\n\n<p><a href=\"https:\/\/fn.se\/stockholm\/wp-content\/uploads\/sites\/32\/2023\/02\/Dagordning-Arsmote-2023.pdf\">Dagordning \u00c5rsm\u00f6te 2023<\/a><\/p>\n\n\n\n<p><a href=\"https:\/\/fn.se\/stockholm\/wp-content\/uploads\/sites\/32\/2023\/02\/Valberedningens-forslag-till-Stockholms-FN-forenings-arsmote-2023.pdf\">Valberedningens f\u00f6rslag till Stockholms FN-f\u00f6renings \u00e5rsm\u00f6te 2023<\/a><\/p>\n","protected":false},"excerpt":{"rendered":"<p>ARKIV F\u00d6R AKTIVITETER 2023 H\u00e4r kan du ta del av b\u00e5de tidigare aktiviteter och event som h\u00e4nt under 2023, men&hellip;<\/p>\n","protected":false},"author":86,"featured_media":0,"parent":0,"menu_order":0,"comment_status":"closed","ping_status":"closed","template":"","meta":{"_acf_changed":false,"footnotes":"","_links_to":"","_links_to_target":""},"class_list":["post-3121","page","type-page","status-publish","hentry"],"acf":[],"_links":{"self":[{"href":"https:\/\/fn.se\/stockholm\/wp-json\/wp\/v2\/pages\/3121","targetHints":{"allow":["GET"]}}],"collection":[{"href":"https:\/\/fn.se\/stockholm\/wp-json\/wp\/v2\/pages"}],"about":[{"href":"https:\/\/fn.se\/stockholm\/wp-json\/wp\/v2\/types\/page"}],"author":[{"embeddable":true,"href":"https:\/\/fn.se\/stockholm\/wp-json\/wp\/v2\/users\/86"}],"replies":[{"embeddable":true,"href":"https:\/\/fn.se\/stockholm\/wp-json\/wp\/v2\/comments?post=3121"}],"version-history":[{"count":3,"href":"https:\/\/fn.se\/stockholm\/wp-json\/wp\/v2\/pages\/3121\/revisions"}],"predecessor-version":[{"id":3180,"href":"https:\/\/fn.se\/stockholm\/wp-json\/wp\/v2\/pages\/3121\/revisions\/3180"}],"wp:attachment":[{"href":"https:\/\/fn.se\/stockholm\/wp-json\/wp\/v2\/media?parent=3121"}],"curies":[{"name":"wp","href":"https:\/\/api.w.org\/{rel}","templated":true}]}}