{"id":202,"date":"2016-10-03T11:31:04","date_gmt":"2016-10-03T11:31:04","guid":{"rendered":"http:\/\/fn.se\/stockholm\/?page_id=202"},"modified":"2018-01-30T10:53:15","modified_gmt":"2018-01-30T10:53:15","slug":"2011-apell-till-sveriges-regering-och-riksdag","status":"publish","type":"page","link":"https:\/\/fn.se\/stockholm\/2011-apell-till-sveriges-regering-och-riksdag\/","title":{"rendered":"2011: Apell till Sveriges regering och riksdag"},"content":{"rendered":"<h1>Till Sveriges regering och riksdag<\/h1>\n<p class=\"intro\"><strong>APELL TILL SVERIGES REGERING OCH RIKSDAG<\/strong><\/p>\n<p>Vi som organiserat och deltagit i dagens seminarium om slutf\u00f6rhandlingarna mellan EU och Marocko om fisket utanf\u00f6r Marockos och V\u00e4stsaharas kuster vill framf\u00f6ra f\u00f6ljande:<\/p>\n<p>1. L\u00e4get n\u00e4r det g\u00e4ller folkr\u00e4tten har inte f\u00f6r\u00e4ndrats \u2013 men f\u00f6rtydligats \u2013 j\u00e4mf\u00f6rt med 2006, n\u00e4r Sverige r\u00f6stade nej till ett fiskeavtal som ocks\u00e5 omfattade ockuperade v\u00e4stsahariska vatten.<\/p>\n<p>2. Marocko har inte kunnat visa att det nu g\u00e4llande fiskeavtalet godk\u00e4nts av och \u00e4r \u00f6nskat av det v\u00e4stsahariska folket. Detta \u00e4r ett minimikrav om en ockupationsmakts exploatering av naturresurser ska kunna godtas enligt internationell r\u00e4tt.<\/p>\n<p>3. Sverige m\u00e5ste aktivt arbeta f\u00f6r att andra l\u00e4nder i EU f\u00f6ljer Sveriges exempel och avvisar ett nytt avtal som omfattar V\u00e4stsahara.<\/p>\n<p>4. Svenska politiker m\u00e5ste verka f\u00f6r att Europaparlamentet avvisar avtalet om det skulle antas av en kvalificerad majoritet i Ministerr\u00e5det.<\/p>\n<p>5. Ett avvisande av ett nytt fiskeavtal som omfattar ockuperade vatten kan bidra till fred och stabilitet i hela regionen. Det kan medverka till att de h\u00e5rt f\u00f6rtryckta v\u00e4stsaharierna \u00e5terf\u00e5r f\u00f6rtroende f\u00f6r det internationella samfundet.<\/p>\n<p>Denna appell antogs enh\u00e4lligt vid m\u00f6te p\u00e5 ABF-huset i Stockholm 2011-01-20<\/p>\n<p>Kommitt\u00e9n f\u00f6r V\u00e4stsaharas Kvinnor<\/p>\n<p>V\u00e4stsaharaAktionen<\/p>\n<p>F\u00f6reningen V\u00e4stsahara<\/p>\n<p>Afrikagrupperna<\/p>\n<p>Emmaus Stockholm<\/p>\n<p><a href=\"https:\/\/fn.se\/stockholm\/wp-content\/uploads\/sites\/32\/2016\/10\/Sthlm-appell.pdf\">L\u00e4s appellen som PDF h\u00e4r!<\/a><\/p>\n","protected":false},"excerpt":{"rendered":"<p>Till Sveriges regering och riksdag APELL TILL SVERIGES REGERING OCH RIKSDAG Vi som organiserat och deltagit i dagens seminarium om&hellip;<\/p>\n","protected":false},"author":17,"featured_media":0,"parent":0,"menu_order":0,"comment_status":"closed","ping_status":"closed","template":"","meta":{"_acf_changed":false,"footnotes":"","_links_to":"","_links_to_target":""},"class_list":["post-202","page","type-page","status-publish","hentry"],"acf":[],"_links":{"self":[{"href":"https:\/\/fn.se\/stockholm\/wp-json\/wp\/v2\/pages\/202","targetHints":{"allow":["GET"]}}],"collection":[{"href":"https:\/\/fn.se\/stockholm\/wp-json\/wp\/v2\/pages"}],"about":[{"href":"https:\/\/fn.se\/stockholm\/wp-json\/wp\/v2\/types\/page"}],"author":[{"embeddable":true,"href":"https:\/\/fn.se\/stockholm\/wp-json\/wp\/v2\/users\/17"}],"replies":[{"embeddable":true,"href":"https:\/\/fn.se\/stockholm\/wp-json\/wp\/v2\/comments?post=202"}],"version-history":[{"count":1,"href":"https:\/\/fn.se\/stockholm\/wp-json\/wp\/v2\/pages\/202\/revisions"}],"predecessor-version":[{"id":204,"href":"https:\/\/fn.se\/stockholm\/wp-json\/wp\/v2\/pages\/202\/revisions\/204"}],"wp:attachment":[{"href":"https:\/\/fn.se\/stockholm\/wp-json\/wp\/v2\/media?parent=202"}],"curies":[{"name":"wp","href":"https:\/\/api.w.org\/{rel}","templated":true}]}}