{"id":2,"date":"2016-02-17T11:58:01","date_gmt":"2016-02-17T11:58:01","guid":{"rendered":"http:\/\/fn.se\/stockholm\/?page_id=2"},"modified":"2026-04-08T12:33:35","modified_gmt":"2026-04-08T12:33:35","slug":"sample-page","status":"publish","type":"page","link":"https:\/\/fn.se\/stockholm\/","title":{"rendered":"Hem"},"content":{"rendered":"<div class=\"heading-text el-text\">\n<div class=\"uncode_text_column\">\n<h1><img loading=\"lazy\" decoding=\"async\" class=\"wp-image-2571 alignleft\" src=\"https:\/\/fn.se\/stockholm\/wp-content\/uploads\/sites\/32\/2022\/02\/studentsek-logga.png\" alt=\"\" width=\"174\" height=\"331\" srcset=\"https:\/\/fn.se\/stockholm\/wp-content\/uploads\/sites\/32\/2022\/02\/studentsek-logga.png 328w, https:\/\/fn.se\/stockholm\/wp-content\/uploads\/sites\/32\/2022\/02\/studentsek-logga-158x300.png 158w\" sizes=\"auto, (max-width: 174px) 100vw, 174px\" \/><br \/><strong>V\u00c4LKOMMEN TILL STOCKHOLMS FN-F\u00d6RENING!<\/strong><\/h1>\n<\/div>\n<\/div>\n<p><strong>Stockholms FN-f\u00f6rening<\/strong> \u00e4r en del av den svenska FN-r\u00f6relsen och knuten till Svenska FN-f\u00f6rbundet. F\u00f6reningen \u00e4r partipolitiskt och religi\u00f6st obunden. All verksamhet bygger p\u00e5 lokala och n\u00e4ra krafter &#8211; vi t\u00e4nker globalt men handlar n\u00e4ra och lokalt. I v\u00e5r r\u00f6relse levandeg\u00f6rs visioner. Id\u00e9er formas om hur internationellt samarbete kan fr\u00e4mjas. Det \u00e4r berikande p\u00e5 m\u00e5nga s\u00e4tt.<\/p>\n<p>H\u00e4r f\u00e5r du m\u00f6jlighet att m\u00f6ta nya m\u00e4nniskor, l\u00e4ra dig mer om FN och internationella fr\u00e5gor, arbeta med insamlingsprojekt, p\u00e5verka och framf\u00f6r allt bidra till det viktiga arbetet f\u00f6r en b\u00e4ttre v\u00e4rld. F\u00f6reningen har ocks\u00e5, dels, en aktiv ungdomsverksamhet som v\u00e4nder sig till medlemmar under 26 \u00e5r och, dels, en studentsektion vid Stockholms universitet.<\/p>\n<p style=\"text-align: left;padding-left: 200px\">Bli medlem hos oss via denna <strong><a href=\"https:\/\/betalning.fn.se\/pfs\/memberregistration\/\">l\u00e4nk<\/a><\/strong>. <strong>Vi beh\u00f6ver FN. FN beh\u00f6ver dig.<\/strong><\/p>\n<h1>\u00a0<\/h1>\n<h1><strong>SOCIALA MEDIER<\/strong><\/h1>\n<p>F\u00f6lj oss p\u00e5 sociala medier! D\u00e4r uppdaterar vi regelbundet om f\u00f6reningens arbete &#8211; aktiviteter, evenemang, projekt, m\u00f6ten och mer.<\/p>\n<p><strong><a href=\"https:\/\/www.instagram.com\/unastockholm\/\">Instagram | <\/a><a href=\"https:\/\/www.facebook.com\/StockholmsFNforening\">Facebook | <\/a><a href=\"https:\/\/www.linkedin.com\/company\/stockholms-fn-f%C3%B6rening-un-association-of-stockholm\/posts\/?feedView=all\">LinkedIn<\/a><\/strong><\/p>\n\n\n<div class=\"wp-block-columns is-layout-flex wp-container-core-columns-is-layout-9d6595d7 wp-block-columns-is-layout-flex\">\n<div class=\"wp-block-column is-layout-flow wp-block-column-is-layout-flow\"><\/div>\n\n\n\n<div class=\"wp-block-column is-layout-flow wp-block-column-is-layout-flow\"><\/div>\n<\/div>\n\n\n\n<hr class=\"wp-block-separator has-alpha-channel-opacity\" \/>\n\n\n\n<figure class=\"wp-block-image size-large\"><img loading=\"lazy\" decoding=\"async\" width=\"1024\" height=\"256\" src=\"https:\/\/fn.se\/stockholm\/wp-content\/uploads\/sites\/32\/2021\/03\/Aktuellt-1-1024x256.gif\" alt=\"\" class=\"wp-image-2334\" srcset=\"https:\/\/fn.se\/stockholm\/wp-content\/uploads\/sites\/32\/2021\/03\/Aktuellt-1-1024x256.gif 1024w, https:\/\/fn.se\/stockholm\/wp-content\/uploads\/sites\/32\/2021\/03\/Aktuellt-1-300x75.gif 300w, https:\/\/fn.se\/stockholm\/wp-content\/uploads\/sites\/32\/2021\/03\/Aktuellt-1-768x192.gif 768w, https:\/\/fn.se\/stockholm\/wp-content\/uploads\/sites\/32\/2021\/03\/Aktuellt-1-1536x384.gif 1536w, https:\/\/fn.se\/stockholm\/wp-content\/uploads\/sites\/32\/2021\/03\/Aktuellt-1-650x163.gif 650w\" sizes=\"auto, (max-width: 1024px) 100vw, 1024px\" \/><\/figure>\n\n\n\n<h1 class=\"wp-block-heading has-text-align-center\"><strong>L\u00e4s om v\u00e5r aktuella verksamhet <a href=\"https:\/\/fn.se\/stockholm\/aktuellt\/\" data-type=\"page\" data-id=\"26\"><mark style=\"background-color:#ffffff\" class=\"has-inline-color has-fn-blue-color\">H\u00c4R<\/mark><\/a>!<\/strong><\/h1>\n\n\n\n<hr class=\"wp-block-separator has-alpha-channel-opacity\" \/>\n\n\n\n<h1 class=\"wp-block-heading has-text-align-center\"><strong><mark style=\"background-color:#ffffff\" class=\"has-inline-color has-dark-gray-color\">V\u00c5RA FOKUSGRUPPER<\/mark><\/strong><\/h1>\n\n\n\n<h2 class=\"wp-block-heading has-text-align-center\"><mark style=\"background-color:#ffffff\" class=\"has-inline-color has-fn-blue-color\">M\u00c4NSKLIGA R\u00c4TTIGHETER <strong>|<\/strong> FRED OCH S\u00c4KERHET <strong>|<\/strong> MILJ\u00d6 OCH H\u00c5LLBAR UTVECKLING<\/mark><\/h2>\n\n\n\n<div class=\"wp-block-columns is-layout-flex wp-container-core-columns-is-layout-9d6595d7 wp-block-columns-is-layout-flex\">\n<div class=\"wp-block-column is-layout-flow wp-block-column-is-layout-flow\">\n<figure class=\"wp-block-gallery has-nested-images columns-default is-cropped wp-block-gallery-1 is-layout-flex wp-block-gallery-is-layout-flex\">\n<figure class=\"wp-block-image size-large\"><img loading=\"lazy\" decoding=\"async\" width=\"456\" height=\"344\" data-id=\"4148\" src=\"https:\/\/fn.se\/stockholm\/wp-content\/uploads\/sites\/32\/2026\/03\/Skarmavbild-2026-03-02-kl.-15.30.30.png\" alt=\"\" class=\"wp-image-4148\" srcset=\"https:\/\/fn.se\/stockholm\/wp-content\/uploads\/sites\/32\/2026\/03\/Skarmavbild-2026-03-02-kl.-15.30.30.png 456w, https:\/\/fn.se\/stockholm\/wp-content\/uploads\/sites\/32\/2026\/03\/Skarmavbild-2026-03-02-kl.-15.30.30-300x226.png 300w\" sizes=\"auto, (max-width: 456px) 100vw, 456px\" \/><\/figure>\n\n\n\n<figure class=\"wp-block-image size-large\"><img loading=\"lazy\" decoding=\"async\" width=\"372\" height=\"502\" data-id=\"4150\" src=\"https:\/\/fn.se\/stockholm\/wp-content\/uploads\/sites\/32\/2026\/03\/Skarmavbild-2026-03-02-kl.-15.30.42.png\" alt=\"\" class=\"wp-image-4150\" srcset=\"https:\/\/fn.se\/stockholm\/wp-content\/uploads\/sites\/32\/2026\/03\/Skarmavbild-2026-03-02-kl.-15.30.42.png 372w, https:\/\/fn.se\/stockholm\/wp-content\/uploads\/sites\/32\/2026\/03\/Skarmavbild-2026-03-02-kl.-15.30.42-222x300.png 222w\" sizes=\"auto, (max-width: 372px) 100vw, 372px\" \/><\/figure>\n<\/figure>\n<\/div>\n\n\n\n<div class=\"wp-block-column is-layout-flow wp-block-column-is-layout-flow\">\n<figure class=\"wp-block-gallery has-nested-images columns-default is-cropped wp-block-gallery-2 is-layout-flex wp-block-gallery-is-layout-flex\">\n<figure class=\"wp-block-image size-large\"><img loading=\"lazy\" decoding=\"async\" width=\"768\" height=\"1024\" data-id=\"4430\" src=\"https:\/\/fn.se\/stockholm\/wp-content\/uploads\/sites\/32\/2026\/03\/IMG_0493-768x1024.jpeg\" alt=\"\" class=\"wp-image-4430\" srcset=\"https:\/\/fn.se\/stockholm\/wp-content\/uploads\/sites\/32\/2026\/03\/IMG_0493-768x1024.jpeg 768w, https:\/\/fn.se\/stockholm\/wp-content\/uploads\/sites\/32\/2026\/03\/IMG_0493-225x300.jpeg 225w, https:\/\/fn.se\/stockholm\/wp-content\/uploads\/sites\/32\/2026\/03\/IMG_0493-1152x1536.jpeg 1152w, https:\/\/fn.se\/stockholm\/wp-content\/uploads\/sites\/32\/2026\/03\/IMG_0493-1536x2048.jpeg 1536w, https:\/\/fn.se\/stockholm\/wp-content\/uploads\/sites\/32\/2026\/03\/IMG_0493-650x867.jpeg 650w, https:\/\/fn.se\/stockholm\/wp-content\/uploads\/sites\/32\/2026\/03\/IMG_0493-1024x1365.jpeg 1024w, https:\/\/fn.se\/stockholm\/wp-content\/uploads\/sites\/32\/2026\/03\/IMG_0493-scaled.jpeg 1920w\" sizes=\"auto, (max-width: 768px) 100vw, 768px\" \/><\/figure>\n\n\n\n<figure class=\"wp-block-image size-large\"><img loading=\"lazy\" decoding=\"async\" width=\"366\" height=\"484\" data-id=\"4145\" src=\"https:\/\/fn.se\/stockholm\/wp-content\/uploads\/sites\/32\/2026\/03\/Skarmavbild-2026-03-02-kl.-15.30.11.png\" alt=\"\" class=\"wp-image-4145\" srcset=\"https:\/\/fn.se\/stockholm\/wp-content\/uploads\/sites\/32\/2026\/03\/Skarmavbild-2026-03-02-kl.-15.30.11.png 366w, https:\/\/fn.se\/stockholm\/wp-content\/uploads\/sites\/32\/2026\/03\/Skarmavbild-2026-03-02-kl.-15.30.11-227x300.png 227w\" sizes=\"auto, (max-width: 366px) 100vw, 366px\" \/><\/figure>\n<\/figure>\n<\/div>\n\n\n\n<div class=\"wp-block-column is-layout-flow wp-block-column-is-layout-flow\">\n<figure class=\"wp-block-gallery has-nested-images columns-default is-cropped wp-block-gallery-3 is-layout-flex wp-block-gallery-is-layout-flex\">\n<figure class=\"wp-block-image size-large\"><img loading=\"lazy\" decoding=\"async\" width=\"765\" height=\"1024\" data-id=\"4443\" src=\"https:\/\/fn.se\/stockholm\/wp-content\/uploads\/sites\/32\/2026\/03\/Skarmavbild-2026-03-23-kl.-13.04.18-1-765x1024.png\" alt=\"\" class=\"wp-image-4443\" srcset=\"https:\/\/fn.se\/stockholm\/wp-content\/uploads\/sites\/32\/2026\/03\/Skarmavbild-2026-03-23-kl.-13.04.18-1-765x1024.png 765w, https:\/\/fn.se\/stockholm\/wp-content\/uploads\/sites\/32\/2026\/03\/Skarmavbild-2026-03-23-kl.-13.04.18-1-224x300.png 224w, https:\/\/fn.se\/stockholm\/wp-content\/uploads\/sites\/32\/2026\/03\/Skarmavbild-2026-03-23-kl.-13.04.18-1-768x1029.png 768w, https:\/\/fn.se\/stockholm\/wp-content\/uploads\/sites\/32\/2026\/03\/Skarmavbild-2026-03-23-kl.-13.04.18-1-650x871.png 650w, https:\/\/fn.se\/stockholm\/wp-content\/uploads\/sites\/32\/2026\/03\/Skarmavbild-2026-03-23-kl.-13.04.18-1.png 884w\" sizes=\"auto, (max-width: 765px) 100vw, 765px\" \/><\/figure>\n\n\n\n<figure class=\"wp-block-image size-large\"><img loading=\"lazy\" decoding=\"async\" width=\"1024\" height=\"1018\" data-id=\"4442\" src=\"https:\/\/fn.se\/stockholm\/wp-content\/uploads\/sites\/32\/2026\/03\/Skarmavbild-2026-03-23-kl.-13.16.31-1024x1018.png\" alt=\"\" class=\"wp-image-4442\" srcset=\"https:\/\/fn.se\/stockholm\/wp-content\/uploads\/sites\/32\/2026\/03\/Skarmavbild-2026-03-23-kl.-13.16.31-1024x1018.png 1024w, https:\/\/fn.se\/stockholm\/wp-content\/uploads\/sites\/32\/2026\/03\/Skarmavbild-2026-03-23-kl.-13.16.31-300x298.png 300w, https:\/\/fn.se\/stockholm\/wp-content\/uploads\/sites\/32\/2026\/03\/Skarmavbild-2026-03-23-kl.-13.16.31-150x150.png 150w, https:\/\/fn.se\/stockholm\/wp-content\/uploads\/sites\/32\/2026\/03\/Skarmavbild-2026-03-23-kl.-13.16.31-768x764.png 768w, https:\/\/fn.se\/stockholm\/wp-content\/uploads\/sites\/32\/2026\/03\/Skarmavbild-2026-03-23-kl.-13.16.31-650x646.png 650w, https:\/\/fn.se\/stockholm\/wp-content\/uploads\/sites\/32\/2026\/03\/Skarmavbild-2026-03-23-kl.-13.16.31.png 1426w\" sizes=\"auto, (max-width: 1024px) 100vw, 1024px\" \/><\/figure>\n<\/figure>\n<\/div>\n<\/div>\n\n\n\n<hr class=\"wp-block-separator has-alpha-channel-opacity is-style-dots\" \/>\n\n\n\n<h1 class=\"wp-block-heading\"><strong>\u00c5RSM\u00d6TE 2026<\/strong><\/h1>\n\n\n\n<h3 class=\"wp-block-heading\"><strong>H\u00e4r hittar du alla handlingar f\u00f6r \u00e5rsm\u00f6tet 2026:<\/strong><\/h3>\n\n\n\n<div class=\"wp-block-group is-layout-grid wp-container-core-group-is-layout-9649a0d9 wp-block-group-is-layout-grid\">\n<p><a href=\"https:\/\/fn.se\/stockholm\/wp-content\/uploads\/sites\/32\/2026\/02\/Kallelse-till-arsmote-2026-Stockholms-FN-forening.pdf\">Kallelse \/ dagordning \u00e5rsm\u00f6te 2026<\/a><\/p>\n\n\n\n<p><a href=\"https:\/\/fn.se\/stockholm\/wp-content\/uploads\/sites\/32\/2026\/02\/Verksamhetsberattelse-2025-1.pdf\">Verksamhetsber\u00e4ttelse 2025<\/a><\/p>\n\n\n\n<p><a href=\"https:\/\/fn.se\/stockholm\/wp-content\/uploads\/sites\/32\/2026\/02\/Verksamhetsplan-for-2026.docx.pdf\">Verksamhetsplan f\u00f6r 2026<\/a><\/p>\n\n\n\n<p><a href=\"https:\/\/fn.se\/stockholm\/wp-content\/uploads\/sites\/32\/2026\/03\/Revisionsberattelse-2025.pdf\">Revisionsber\u00e4ttelse 2025<\/a><\/p>\n\n\n\n<p><a href=\"https:\/\/fn.se\/stockholm\/wp-content\/uploads\/sites\/32\/2026\/03\/Valberedningens-forslag-till-FN-foreningen-i-Stockholms-arsmote-2026-2.docx\">Valberedningens f\u00f6rslag 2026<\/a><\/p>\n\n\n\n<p><a href=\"https:\/\/fn.se\/stockholm\/wp-content\/uploads\/sites\/32\/2026\/04\/Protokoll-Arsmote-2026.pdf\">Protokoll \u00e5rsm\u00f6te 2026<\/a><\/p>\n<\/div>\n\n\n\n<hr class=\"wp-block-separator has-alpha-channel-opacity is-style-dots\" \/>\n\n\n\n<h1 class=\"wp-block-heading\"><strong>L\u00c4S OM V\u00c5RA SENASTE PROJEKT NEDAN!<\/strong><\/h1>\n\n\n\n<p><\/p>\n","protected":false},"excerpt":{"rendered":"<p>V\u00c4LKOMMEN TILL STOCKHOLMS FN-F\u00d6RENING! Stockholms FN-f\u00f6rening \u00e4r en del av den svenska FN-r\u00f6relsen och knuten till Svenska FN-f\u00f6rbundet. F\u00f6reningen \u00e4r&hellip;<\/p>\n","protected":false},"author":1,"featured_media":0,"parent":0,"menu_order":0,"comment_status":"closed","ping_status":"open","template":"templates\/template-sub.php","meta":{"_acf_changed":false,"footnotes":"","_links_to":"","_links_to_target":""},"class_list":["post-2","page","type-page","status-publish","hentry"],"acf":[],"_links":{"self":[{"href":"https:\/\/fn.se\/stockholm\/wp-json\/wp\/v2\/pages\/2","targetHints":{"allow":["GET"]}}],"collection":[{"href":"https:\/\/fn.se\/stockholm\/wp-json\/wp\/v2\/pages"}],"about":[{"href":"https:\/\/fn.se\/stockholm\/wp-json\/wp\/v2\/types\/page"}],"author":[{"embeddable":true,"href":"https:\/\/fn.se\/stockholm\/wp-json\/wp\/v2\/users\/1"}],"replies":[{"embeddable":true,"href":"https:\/\/fn.se\/stockholm\/wp-json\/wp\/v2\/comments?post=2"}],"version-history":[{"count":449,"href":"https:\/\/fn.se\/stockholm\/wp-json\/wp\/v2\/pages\/2\/revisions"}],"predecessor-version":[{"id":4555,"href":"https:\/\/fn.se\/stockholm\/wp-json\/wp\/v2\/pages\/2\/revisions\/4555"}],"wp:attachment":[{"href":"https:\/\/fn.se\/stockholm\/wp-json\/wp\/v2\/media?parent=2"}],"curies":[{"name":"wp","href":"https:\/\/api.w.org\/{rel}","templated":true}]}}