{"id":197,"date":"2016-10-03T11:25:21","date_gmt":"2016-10-03T11:25:21","guid":{"rendered":"http:\/\/fn.se\/stockholm\/?page_id=197"},"modified":"2016-10-03T11:51:25","modified_gmt":"2016-10-03T11:51:25","slug":"varen-2013-seminarier-om-centralasien","status":"publish","type":"page","link":"https:\/\/fn.se\/stockholm\/varen-2013-seminarier-om-centralasien\/","title":{"rendered":"V\u00e5ren 2013: Seminarier om Centralasien"},"content":{"rendered":"<p>Under v\u00e5ren 2013 har Stockholms FN-f\u00f6rening genomf\u00f6rt en kunskapsh\u00f6jande seminarieserie p\u00e5 ABF-huset om Centralasien. Olja, opium, konflikter, mutskandaler, flyktingar, naturkatastrofer \u2013 det \u00e4r nyheter vi har h\u00f6rt om omr\u00e5det, men kunskapen och f\u00f6rst\u00e5elsen f\u00f6r l\u00e4nderna Kazakstan, Kirgizistan, Tadzjikistan, Turkmenistan och Uzbekistan \u00e4r generellt l\u00e5g. Med hj\u00e4lp av ledande experter och personer f\u00f6dda i omr\u00e5det har vi \u00f6kat v\u00e5r k\u00e4nnedom om Centralasien. Som avslutning p\u00e5 seminarieserien bjuder vi in till filmvisning av\u00a0<em>Long Distance Love<\/em> och samtal med de experter som delat med sig av sina kunskaper under v\u00e5rens olika tematiska seminarier. I samtalet deltar ocks\u00e5 Elin J\u00f6nsson, en av filmens regiss\u00f6rer.<\/p>\n<p>Projektet avslutades med visningen av filmen <strong>Long Distance Love av Elin J\u00f6nsson och Magnus Gertten<\/strong> p\u00e5 Bio Rio. Kv\u00e4llen avslutades med ett samtal med olika sakkunniga om de fr\u00e5gor som filmen v\u00e4cker och vidare om utvecklingen i Centralasien.<\/p>\n<p>Medverkande: <strong>Torgny Hinnemo<\/strong>, journalist, tidigare Moskvakorrespondent f\u00f6r Svenska Dagbladet, redakt\u00f6r f\u00f6r bloggen V\u00e4rlden \u00d6sterut; <strong>Henrik Hallgren<\/strong>, analytiker och ekonomisk och politisk r\u00e5dgivare, ordf\u00f6rande Forum Eurasien;<strong>Jazgul Ismailova<\/strong>, analytiker p\u00e5 LynxEye brand consultants, \u00f6vers\u00e4ttare, f\u00f6dd i Kirgizistan; <strong>Ak Welsapar<\/strong>, f\u00f6rfattare och journalist, f\u00f6dd i Turkmenistan, \u00f6versatt till svenska \u00e4r bland annat romanen <em>Kobra<\/em>; <strong>Elin J\u00f6nsson,<\/strong> regiss\u00f6r f\u00f6r <em>Long Distance Love<\/em> tillsammans med Magnus Gertten, korrespondent i Moskva f\u00f6r SVT. <em>Moderator<\/em>: Gertrud \u00c5str\u00f6m, Stockholm FN-f\u00f6rening.<\/p>\n<p>Referat fr\u00e5n seminarierna:<\/p>\n<p><a href=\"https:\/\/fn.se\/stockholm\/wp-content\/uploads\/sites\/32\/2016\/10\/Sthlm-seminarium-1.pdf\">Centralasienseminarium 1<\/a><\/p>\n<p><a href=\"https:\/\/fn.se\/stockholm\/wp-content\/uploads\/sites\/32\/2016\/10\/Sthlm-Centralasien_sem2.pdf\">Centralasienseminarium 2<\/a><\/p>\n<p><a href=\"https:\/\/fn.se\/stockholm\/wp-content\/uploads\/sites\/32\/2016\/10\/Sthlm-Centralasien_sem3.pdf\">Centralasienseminarium 3<\/a><\/p>\n<p>&nbsp;<\/p>\n","protected":false},"excerpt":{"rendered":"<p>Under v\u00e5ren 2013 har Stockholms FN-f\u00f6rening genomf\u00f6rt en kunskapsh\u00f6jande seminarieserie p\u00e5 ABF-huset om Centralasien. Olja, opium, konflikter, mutskandaler, flyktingar, naturkatastrofer&hellip;<\/p>\n","protected":false},"author":17,"featured_media":0,"parent":0,"menu_order":0,"comment_status":"closed","ping_status":"closed","template":"","meta":{"_acf_changed":false,"footnotes":"","_links_to":"","_links_to_target":""},"class_list":["post-197","page","type-page","status-publish","hentry"],"acf":[],"_links":{"self":[{"href":"https:\/\/fn.se\/stockholm\/wp-json\/wp\/v2\/pages\/197","targetHints":{"allow":["GET"]}}],"collection":[{"href":"https:\/\/fn.se\/stockholm\/wp-json\/wp\/v2\/pages"}],"about":[{"href":"https:\/\/fn.se\/stockholm\/wp-json\/wp\/v2\/types\/page"}],"author":[{"embeddable":true,"href":"https:\/\/fn.se\/stockholm\/wp-json\/wp\/v2\/users\/17"}],"replies":[{"embeddable":true,"href":"https:\/\/fn.se\/stockholm\/wp-json\/wp\/v2\/comments?post=197"}],"version-history":[{"count":3,"href":"https:\/\/fn.se\/stockholm\/wp-json\/wp\/v2\/pages\/197\/revisions"}],"predecessor-version":[{"id":220,"href":"https:\/\/fn.se\/stockholm\/wp-json\/wp\/v2\/pages\/197\/revisions\/220"}],"wp:attachment":[{"href":"https:\/\/fn.se\/stockholm\/wp-json\/wp\/v2\/media?parent=197"}],"curies":[{"name":"wp","href":"https:\/\/api.w.org\/{rel}","templated":true}]}}