{"id":1738,"date":"2019-12-11T13:58:47","date_gmt":"2019-12-11T13:58:47","guid":{"rendered":"https:\/\/fn.se\/stockholm\/?page_id=1738"},"modified":"2021-01-29T15:19:25","modified_gmt":"2021-01-29T15:19:25","slug":"1738-2","status":"publish","type":"page","link":"https:\/\/fn.se\/stockholm\/1738-2\/","title":{"rendered":"Pris f\u00f6r f\u00f6retagsinsatser f\u00f6r klimatet"},"content":{"rendered":"\n<h2 class=\"wp-block-heading\">Pris f\u00f6r f\u00f6retagsinsatser f\u00f6r klimatet <\/h2>\n\n\n\n<p><strong>Plats: <\/strong>Arena Satelliten i Sollentuna <br> <strong>Tid: <\/strong>M\u00e5ndagen den 13 januari kl 18.30 <br> <strong>Arrang\u00f6r: <\/strong>Sollentuna FN-f\u00f6rening och Arena Satelliten <\/p>\n\n\n\n<p>FN:s konvention f\u00f6r klimatf\u00f6r\u00e4ndringar, UNFCCC (Klimatkonventionen), har utsett MAX Burgers som pristagare i UN Global Climate Action Award och det enda europeiska f\u00f6retaget i kategorin Climate Neutral Now. MAX f\u00e5r pris f\u00f6r sitt m\u00e5ng\u00e5riga klimatarbete och satsningen p\u00e5 klimatpositiva produkter, dvs. bolaget *g\u00e5r bortom klimatneutral* och binder mer klimatgaser \u00e4n det sl\u00e4pper ut. <br> <br>Den 13 januari bes\u00f6ker Marita Wengelin, PR-chef p\u00e5 MAX, Sollentuna <br> FN-f\u00f6rening f\u00f6r att ber\u00e4tta mer om utm\u00e4rkelsen fr\u00e5n FN och det arbete som ligger bakom. <br> <br> MAX bjuder p\u00e5 burgare! <br>*OSA senast den 10 januari till <a href=\"phoenixHandler.handleMailTo('carina@bindzau.net');\">carina@bindzau.net<\/a> <br> * Antalet platser \u00e4r begr\u00e4nsat. <br><br> <br>Varmt v\u00e4lkomna h\u00e4lsar Carina Bindzau <br><em>Ordf\u00f6rande i Sollentuna FN-f\u00f6rening <\/em><\/p>\n","protected":false},"excerpt":{"rendered":"<p>Pris f\u00f6r f\u00f6retagsinsatser f\u00f6r klimatet Plats: Arena Satelliten i Sollentuna Tid: M\u00e5ndagen den 13 januari kl 18.30 Arrang\u00f6r: Sollentuna FN-f\u00f6rening&hellip;<\/p>\n","protected":false},"author":86,"featured_media":0,"parent":0,"menu_order":0,"comment_status":"closed","ping_status":"closed","template":"","meta":{"_acf_changed":false,"footnotes":"","_links_to":"","_links_to_target":""},"class_list":["post-1738","page","type-page","status-publish","hentry"],"acf":[],"_links":{"self":[{"href":"https:\/\/fn.se\/stockholm\/wp-json\/wp\/v2\/pages\/1738","targetHints":{"allow":["GET"]}}],"collection":[{"href":"https:\/\/fn.se\/stockholm\/wp-json\/wp\/v2\/pages"}],"about":[{"href":"https:\/\/fn.se\/stockholm\/wp-json\/wp\/v2\/types\/page"}],"author":[{"embeddable":true,"href":"https:\/\/fn.se\/stockholm\/wp-json\/wp\/v2\/users\/86"}],"replies":[{"embeddable":true,"href":"https:\/\/fn.se\/stockholm\/wp-json\/wp\/v2\/comments?post=1738"}],"version-history":[{"count":4,"href":"https:\/\/fn.se\/stockholm\/wp-json\/wp\/v2\/pages\/1738\/revisions"}],"predecessor-version":[{"id":2148,"href":"https:\/\/fn.se\/stockholm\/wp-json\/wp\/v2\/pages\/1738\/revisions\/2148"}],"wp:attachment":[{"href":"https:\/\/fn.se\/stockholm\/wp-json\/wp\/v2\/media?parent=1738"}],"curies":[{"name":"wp","href":"https:\/\/api.w.org\/{rel}","templated":true}]}}