{"id":165,"date":"2016-10-03T10:36:08","date_gmt":"2016-10-03T10:36:08","guid":{"rendered":"http:\/\/fn.se\/stockholm\/?page_id=165"},"modified":"2016-10-03T10:36:08","modified_gmt":"2016-10-03T10:36:08","slug":"arsmote-2014","status":"publish","type":"page","link":"https:\/\/fn.se\/stockholm\/arsmote-2014\/","title":{"rendered":"\u00c5rsm\u00f6te 2014"},"content":{"rendered":"<h1>\u00c5rsm\u00f6te 2014<\/h1>\n<p>Tack alla ni som deltog p\u00e5 2014 \u00e5rs \u00e5rsm\u00f6te f\u00f6r Stockholms FN-f\u00f6rening!<\/p>\n<p>Vi ser med gl\u00e4dje fram emot de sp\u00e4nnande och intressanta aktiviteter som v\u00e4ntas under verksamhets\u00e5ret 2014-2015!<\/p>\n<p>F\u00f6r den som \u00e4r intresserad finns \u00e4ven 2013 \u00e5rs verksamhetsber\u00e4ttelse att l\u00e4sa <a href=\"https:\/\/fn.se\/stockholm\/wp-content\/uploads\/sites\/32\/2016\/09\/Sthlm-Verksamhetsbera-ttelse-2013_OK.pdf\">h\u00e4r!<\/a><\/p>\n<p><img loading=\"lazy\" decoding=\"async\" class=\"alignleft size-large wp-image-166\" src=\"https:\/\/fn.se\/stockholm\/wp-content\/uploads\/sites\/32\/2016\/10\/Sthlm-\u00e5rsm\u00f6te-1-1024x686.jpg\" alt=\"sthlm-arsmote-1\" width=\"1024\" height=\"686\" srcset=\"https:\/\/fn.se\/stockholm\/wp-content\/uploads\/sites\/32\/2016\/10\/Sthlm-\u00e5rsm\u00f6te-1-1024x686.jpg 1024w, https:\/\/fn.se\/stockholm\/wp-content\/uploads\/sites\/32\/2016\/10\/Sthlm-\u00e5rsm\u00f6te-1-300x201.jpg 300w, https:\/\/fn.se\/stockholm\/wp-content\/uploads\/sites\/32\/2016\/10\/Sthlm-\u00e5rsm\u00f6te-1-768x514.jpg 768w, https:\/\/fn.se\/stockholm\/wp-content\/uploads\/sites\/32\/2016\/10\/Sthlm-\u00e5rsm\u00f6te-1-450x301.jpg 450w, https:\/\/fn.se\/stockholm\/wp-content\/uploads\/sites\/32\/2016\/10\/Sthlm-\u00e5rsm\u00f6te-1.jpg 2048w\" sizes=\"auto, (max-width: 1024px) 100vw, 1024px\" \/> <img loading=\"lazy\" decoding=\"async\" class=\"alignleft size-large wp-image-168\" src=\"https:\/\/fn.se\/stockholm\/wp-content\/uploads\/sites\/32\/2016\/10\/Sthlm-\u00e5rsm\u00f6te-3-1024x686.jpg\" alt=\"sthlm-arsmote-3\" width=\"1024\" height=\"686\" \/> <img loading=\"lazy\" decoding=\"async\" class=\"alignleft size-large wp-image-169\" src=\"https:\/\/fn.se\/stockholm\/wp-content\/uploads\/sites\/32\/2016\/10\/Sthlm-\u00e5rsm\u00f6te-4-1024x686.jpg\" alt=\"sthlm-arsmote-4\" width=\"1024\" height=\"686\" srcset=\"https:\/\/fn.se\/stockholm\/wp-content\/uploads\/sites\/32\/2016\/10\/Sthlm-\u00e5rsm\u00f6te-4-1024x686.jpg 1024w, https:\/\/fn.se\/stockholm\/wp-content\/uploads\/sites\/32\/2016\/10\/Sthlm-\u00e5rsm\u00f6te-4-300x201.jpg 300w, https:\/\/fn.se\/stockholm\/wp-content\/uploads\/sites\/32\/2016\/10\/Sthlm-\u00e5rsm\u00f6te-4-768x514.jpg 768w, https:\/\/fn.se\/stockholm\/wp-content\/uploads\/sites\/32\/2016\/10\/Sthlm-\u00e5rsm\u00f6te-4-450x301.jpg 450w, https:\/\/fn.se\/stockholm\/wp-content\/uploads\/sites\/32\/2016\/10\/Sthlm-\u00e5rsm\u00f6te-4.jpg 2048w\" sizes=\"auto, (max-width: 1024px) 100vw, 1024px\" \/> <img loading=\"lazy\" decoding=\"async\" class=\"alignleft size-large wp-image-170\" src=\"https:\/\/fn.se\/stockholm\/wp-content\/uploads\/sites\/32\/2016\/10\/Sthlm-\u00e5rsm\u00f6te-5-1024x686.jpg\" alt=\"sthlm-arsmote-5\" width=\"1024\" height=\"686\" \/><\/p>\n<p>&nbsp;<\/p>\n","protected":false},"excerpt":{"rendered":"<p>\u00c5rsm\u00f6te 2014 Tack alla ni som deltog p\u00e5 2014 \u00e5rs \u00e5rsm\u00f6te f\u00f6r Stockholms FN-f\u00f6rening! Vi ser med gl\u00e4dje fram emot&hellip;<\/p>\n","protected":false},"author":17,"featured_media":167,"parent":0,"menu_order":0,"comment_status":"closed","ping_status":"closed","template":"","meta":{"_acf_changed":false,"footnotes":"","_links_to":"","_links_to_target":""},"class_list":["post-165","page","type-page","status-publish","has-post-thumbnail","hentry"],"acf":[],"_links":{"self":[{"href":"https:\/\/fn.se\/stockholm\/wp-json\/wp\/v2\/pages\/165","targetHints":{"allow":["GET"]}}],"collection":[{"href":"https:\/\/fn.se\/stockholm\/wp-json\/wp\/v2\/pages"}],"about":[{"href":"https:\/\/fn.se\/stockholm\/wp-json\/wp\/v2\/types\/page"}],"author":[{"embeddable":true,"href":"https:\/\/fn.se\/stockholm\/wp-json\/wp\/v2\/users\/17"}],"replies":[{"embeddable":true,"href":"https:\/\/fn.se\/stockholm\/wp-json\/wp\/v2\/comments?post=165"}],"version-history":[{"count":2,"href":"https:\/\/fn.se\/stockholm\/wp-json\/wp\/v2\/pages\/165\/revisions"}],"predecessor-version":[{"id":173,"href":"https:\/\/fn.se\/stockholm\/wp-json\/wp\/v2\/pages\/165\/revisions\/173"}],"wp:featuredmedia":[{"embeddable":true,"href":"https:\/\/fn.se\/stockholm\/wp-json\/wp\/v2\/media\/167"}],"wp:attachment":[{"href":"https:\/\/fn.se\/stockholm\/wp-json\/wp\/v2\/media?parent=165"}],"curies":[{"name":"wp","href":"https:\/\/api.w.org\/{rel}","templated":true}]}}