{"id":159,"date":"2016-10-03T10:16:55","date_gmt":"2016-10-03T10:16:55","guid":{"rendered":"http:\/\/fn.se\/stockholm\/?page_id=159"},"modified":"2018-01-30T10:53:20","modified_gmt":"2018-01-30T10:53:20","slug":"43-millenniemalen-pa-stockholms-universitet","status":"publish","type":"page","link":"https:\/\/fn.se\/stockholm\/43-millenniemalen-pa-stockholms-universitet\/","title":{"rendered":"4\/3 Millenniem\u00e5len p\u00e5 Stockholms universitet"},"content":{"rendered":"<h1>Millenniem\u00e5len p\u00e5 Stockholms universitet<\/h1>\n<p>Den 4 mars anordnade <a href=\"https:\/\/www.facebook.com\/UNAYouthStockholm\">Stockholms FN-f\u00f6renings Ungdomssektion<\/a> i samarbete med <a href=\"https:\/\/www.facebook.com\/UNAStockholmUniversity\/?hc_ref=SEARCH&amp;fref=nf\">Stockholms FN-f\u00f6renings Studentsektion<\/a> ett seminarium f\u00f6r att uppm\u00e4rksamma Millenniem\u00e5len och ber\u00e4ttar om vad m\u00e5len inneb\u00e4r, samt om de utmaningar som FN st\u00e5r inf\u00f6r.<\/p>\n<p>Talare var Svenska FN-f\u00f6rbundets millenniem\u00e5lsambassad\u00f6rer Caroline Nordvall och Lovisa Palm\u00e9r!<\/p>\n<p>Tack till alla ni som kom f\u00f6r att bes\u00f6ka Ungdomssektionens seminarium och ytterligare ett stort tack till Caroline och Lovisa f\u00f6r er intressanta f\u00f6rel\u00e4sning!<\/p>\n","protected":false},"excerpt":{"rendered":"<p>Millenniem\u00e5len p\u00e5 Stockholms universitet Den 4 mars anordnade Stockholms FN-f\u00f6renings Ungdomssektion i samarbete med Stockholms FN-f\u00f6renings Studentsektion ett seminarium f\u00f6r&hellip;<\/p>\n","protected":false},"author":17,"featured_media":0,"parent":0,"menu_order":0,"comment_status":"closed","ping_status":"closed","template":"","meta":{"_acf_changed":false,"footnotes":"","_links_to":"","_links_to_target":""},"class_list":["post-159","page","type-page","status-publish","hentry"],"acf":[],"_links":{"self":[{"href":"https:\/\/fn.se\/stockholm\/wp-json\/wp\/v2\/pages\/159","targetHints":{"allow":["GET"]}}],"collection":[{"href":"https:\/\/fn.se\/stockholm\/wp-json\/wp\/v2\/pages"}],"about":[{"href":"https:\/\/fn.se\/stockholm\/wp-json\/wp\/v2\/types\/page"}],"author":[{"embeddable":true,"href":"https:\/\/fn.se\/stockholm\/wp-json\/wp\/v2\/users\/17"}],"replies":[{"embeddable":true,"href":"https:\/\/fn.se\/stockholm\/wp-json\/wp\/v2\/comments?post=159"}],"version-history":[{"count":1,"href":"https:\/\/fn.se\/stockholm\/wp-json\/wp\/v2\/pages\/159\/revisions"}],"predecessor-version":[{"id":161,"href":"https:\/\/fn.se\/stockholm\/wp-json\/wp\/v2\/pages\/159\/revisions\/161"}],"wp:attachment":[{"href":"https:\/\/fn.se\/stockholm\/wp-json\/wp\/v2\/media?parent=159"}],"curies":[{"name":"wp","href":"https:\/\/api.w.org\/{rel}","templated":true}]}}