{"id":1264,"date":"2019-01-22T15:12:30","date_gmt":"2019-01-22T15:12:30","guid":{"rendered":"https:\/\/fn.se\/stockholm\/?page_id=1264"},"modified":"2019-11-22T12:20:44","modified_gmt":"2019-11-22T12:20:44","slug":"arkiv-varen-2018","status":"publish","type":"page","link":"https:\/\/fn.se\/stockholm\/arkiv-varen-2018\/","title":{"rendered":"Arkiv v\u00e5ren 2018"},"content":{"rendered":"<p><a href=\"https:\/\/fn.se\/stockholm\/1716-2\/\">VERKSAMHETSBER\u00c4TTELSE 2018<\/a><\/p>\n<p>V\u00e5rterminen 2018 &#8211; aktiviteter<\/p>\n<p>21\/1 <a href=\"https:\/\/fn.se\/stockholm\/?page_id=700&amp;preview=true\">Women&#8217;s March<\/a><\/p>\n<p>22\/2 <a href=\"https:\/\/fn.se\/stockholm\/arsmote-2018\/\">Stockholms FN-f\u00f6renings \u00e5rsm\u00f6te 2018<\/a><\/p>\n<p>26\/2 <a href=\"https:\/\/fn.se\/stockholm\/?page_id=802&amp;preview=true\">Visning av norra Djurg\u00e5rdsstaden<\/a><\/p>\n<p>1\/3 <a href=\"https:\/\/fn.se\/stockholm\/seminarium-med-jan-eliasson-i-abf-huset\/\">Seminarium med Jan Eliasson<\/a><\/p>\n<p>8\/3 <a href=\"https:\/\/fn.se\/stockholm\/internationella-kvinnodagen-8-mars\/\">Internationella kvinnodagen<\/a><\/p>\n<p>14\/3 <a href=\"https:\/\/fn.se\/stockholm\/seminarium-om-fokus-skarholmen\/\">Seminarium med Fokus Sk\u00e4rholmen<\/a><\/p>\n<p>19\/4 <a href=\"https:\/\/fn.se\/stockholm\/19-4-ett-samtal-mellan-per-svensson-och-pierre-schori\/\">Ett samtal mellan\u00a0Per Svensson och Pierre Schori<\/a><\/p>\n<p>16\/5 <a href=\"https:\/\/fn.se\/stockholm\/?page_id=971&amp;preview=true\">Stockholms FN-f\u00f6rening bjuder in UNHCR till ett seminarium<\/a><\/p>\n<p>24\/5 <a href=\"https:\/\/fn.se\/stockholm\/24-5-filmvisning-av-sameblod-pa-klarabiografen\/\">Filmvisning av &#8221;Sameblod&#8221; p\u00e5 klarabiografen<\/a><\/p>\n<p>25\/5 <a href=\"https:\/\/fn.se\/stockholm\/25-5-skolklassbesok-fran-timra-gymnasium\/\">Skolklassbes\u00f6k fr\u00e5n Timr\u00e5 Gymnasium<\/a><\/p>\n<p>5\/6\u00a0<a href=\"https:\/\/fn.se\/stockholm\/5-6-seminarium-innovativ-materialutveckling-okensand-och-plast-med-lovisa-justusson-lahti\/\">Seminarium \u201dInnovativ materialutveckling &#8211; \u00d6kensand och plast\u201d med Lovisa Justusson Lahti.<\/a><\/p>\n<p>6\/6 <a href=\"https:\/\/fn.se\/stockholm\/?page_id=975&amp;preview=true\">Nationaldagsfirande i R\u00e5lambshovsparken<\/a><\/p>\n<p>9\/6 &#8211; 13\/6<a href=\"https:\/\/fn.se\/stockholm\/9-6-13-6-stockholms-fn-forening-deltar-under-jarva-politikerveckan-med-tensta-kvinno-och-tjejjour\/\"> Stockholms FN-f\u00f6rening deltar under J\u00e4rva politikerveckan med Tensta kvinno- och tjejjour.<\/a><\/p>\n<p>H\u00f6stterminen 2018 \u2013 aktiviteter<\/p>\n<p>17\/9<a href=\"https:\/\/fn.se\/stockholm\/hostupptakt-med-stockholms-fn-forening-och-unesco\/\"> H\u00f6stupptakt UNESCO r\u00e5det<\/a><\/p>\n<p>4\/10<a href=\"https:\/\/fn.se\/stockholm\/2018\/09\/03\/konferens-sveriges-rost-i-sakerhetsradet-en-rost-i-varlden\/\">\u00a0Konferens \u2013 Sveriges r\u00f6st i s\u00e4kerhetsr\u00e5det \u2013 en r\u00f6st i v\u00e4rlden<\/a><\/p>\n<p>11 \/10<a href=\"https:\/\/fn.se\/stockholm\/2018\/10\/16\/seminarium-om-barnaktenskap-i-sverige\/\"> Flickadagen<\/a><\/p>\n<p>24 \/10 <a href=\"https:\/\/fn.se\/stockholm\/2018\/10\/16\/fn-dagsseminarium-om-folkratt-demokrati-och-manskliga-rattigheter\/\">FN- dagen<\/a><\/p>\n<p>29-31\/10 Studieresa till New York<\/p>\n<p>21\/11 <a href=\"https:\/\/fn.se\/stockholm\/?p=1478&amp;preview=true\">Premi\u00e4r f\u00f6r Eftermiddagsfika med FN-Senior<\/a><\/p>\n<p>24\/11 <a href=\"https:\/\/fn.se\/stockholm\/?p=1492&amp;preview=true\">Vi uppm\u00e4rksammar Internationella dagen mot v\u00e5ld mot kvinnor<\/a><\/p>\n<p>5\/12\u00a0<span class=\"article-cat\">DEBATT:\u00a0<\/span>Som v\u00e4rd f\u00f6r de jemenitiska f\u00f6rhandlingarna f\u00e5r Sverige m\u00f6jlighet att lyfta fram den feministiska utrikespolitiken, skriver representanter f\u00f6r 19 organisationer.\u00a0 En av dessa organisationer \u00e4r Stockholms FN-f\u00f6rening. L\u00c4S ARTIKELN <a href=\"https:\/\/www.unt.se\/asikt\/debatt\/dags-for-feministisk-utrikespolitik-5144746.aspx\">H\u00c4R<\/a>\u00a0&amp; <a href=\"https:\/\/www.svt.se\/opinion\/en-feministisk-utrikespolitik-viktigare-nu-an-nagonsin?fbclid=IwAR3PLRyLK8sECL84kqvlNXedJ3Ojzl171-8OPEmEULyW0wdp8btgh4yxQ6U\">H\u00c4R<\/a>.<\/p>\n<p>10\/12 <a href=\"https:\/\/fn.se\/stockholm\/?p=1494&amp;preview=true\">Nobelmiddag med utdelning av Diplom \u2013 Internationella dagen f\u00f6r m\u00e4nskliga r\u00e4ttigheter<\/a><\/p>\n","protected":false},"excerpt":{"rendered":"<p>VERKSAMHETSBER\u00c4TTELSE 2018 V\u00e5rterminen 2018 &#8211; aktiviteter 21\/1 Women&#8217;s March 22\/2 Stockholms FN-f\u00f6renings \u00e5rsm\u00f6te 2018 26\/2 Visning av norra Djurg\u00e5rdsstaden 1\/3&hellip;<\/p>\n","protected":false},"author":86,"featured_media":0,"parent":0,"menu_order":0,"comment_status":"closed","ping_status":"closed","template":"","meta":{"_acf_changed":false,"footnotes":"","_links_to":"","_links_to_target":""},"class_list":["post-1264","page","type-page","status-publish","hentry"],"acf":[],"_links":{"self":[{"href":"https:\/\/fn.se\/stockholm\/wp-json\/wp\/v2\/pages\/1264","targetHints":{"allow":["GET"]}}],"collection":[{"href":"https:\/\/fn.se\/stockholm\/wp-json\/wp\/v2\/pages"}],"about":[{"href":"https:\/\/fn.se\/stockholm\/wp-json\/wp\/v2\/types\/page"}],"author":[{"embeddable":true,"href":"https:\/\/fn.se\/stockholm\/wp-json\/wp\/v2\/users\/86"}],"replies":[{"embeddable":true,"href":"https:\/\/fn.se\/stockholm\/wp-json\/wp\/v2\/comments?post=1264"}],"version-history":[{"count":6,"href":"https:\/\/fn.se\/stockholm\/wp-json\/wp\/v2\/pages\/1264\/revisions"}],"predecessor-version":[{"id":1719,"href":"https:\/\/fn.se\/stockholm\/wp-json\/wp\/v2\/pages\/1264\/revisions\/1719"}],"wp:attachment":[{"href":"https:\/\/fn.se\/stockholm\/wp-json\/wp\/v2\/media?parent=1264"}],"curies":[{"name":"wp","href":"https:\/\/api.w.org\/{rel}","templated":true}]}}