{"id":113,"date":"2016-10-03T07:57:35","date_gmt":"2016-10-03T07:57:35","guid":{"rendered":"http:\/\/fn.se\/stockholm\/?page_id=113"},"modified":"2018-01-30T10:53:20","modified_gmt":"2018-01-30T10:53:20","slug":"244-pubkvall-med-tema-varldskoll","status":"publish","type":"page","link":"https:\/\/fn.se\/stockholm\/244-pubkvall-med-tema-varldskoll\/","title":{"rendered":"24\/4 Pubkv\u00e4ll med tema V\u00e4rldskoll"},"content":{"rendered":"<h1>Pubkv\u00e4ll med tema V\u00e4rldskoll<\/h1>\n<p><strong>Den 24e april h\u00f6ll Stockholms FN-f\u00f6renings Studentsektion ochUngdomssektionen pubkv\u00e4ll p\u00e5 Caf\u00e9 Bojan vid Stockholms Universitet. Kv\u00e4llen inleddes seminarium om projektet <a href=\"http:\/\/varldskoll.se\/\">V\u00e4rldskoll<\/a> av projektets handl\u00e4ggare Anders Sylwan fr\u00e5n Svenska FN-f\u00f6rbundet.<\/strong><\/p>\n<p>V\u00e4rldskoll \u00e4r FN-f\u00f6rbundets projekt f\u00f6r att skapa \u00f6kad f\u00f6rst\u00e5else och kunskap kring hur utvecklingen i v\u00e4rlden sett ut fram till idag. M\u00e5nga unders\u00f6kningar visar att svenskar har en i m\u00e5nga fall f\u00f6r pessimistisk syn p\u00e5 v\u00e4rldsutvecklingen. Den faktiskta sanningen \u00e4r att utvecklingen ist\u00e4llet g\u00e5r fram\u00e5t i m\u00e5nga delar av v\u00e4rlden, en positiv utveckling som \u00e4r viktig att belysa och sprida kunskap om. Exempel p\u00e5 detta \u00e4r att fattigdomen minskar, fler m\u00e4nniskor har tillg\u00e5ng till rent vatten, vi lever l\u00e4ngre och allt fler barn f\u00e5r chans att b\u00f6rja skolan. \u00c4ven om det finns mycket kvar att g\u00f6ra s\u00e5 g\u00e5r utvecklingen allts\u00e5 \u00e5t r\u00e4tt h\u00e5ll. Genom V\u00e4rldskoll f\u00e5r man b\u00e4ttre koll p\u00e5 l\u00e4get i v\u00e4rlden med hj\u00e4lp av aktuell FN-statistik. Du kan \u00e4ven passa p\u00e5 att j\u00e4mf\u00f6ra olika l\u00e4nder eller f\u00e5 en glimt av hur ditt liv skulle vara om du levde i ett annat land.<\/p>\n<p>Med efterf\u00f6ljande diskussioner fick deltagarna en l\u00e4rorik och trevlig mingelkv\u00e4ll tillsammans med andra studenter och ungdomar med <span class=\"text_exposed_show\">intresse f\u00f6r FN och v\u00e4rldsfr\u00e5gor. Det genomf\u00f6rdes samtidigt en omr\u00f6stning kring millenniem\u00e5len d\u00e4r utfallet blev f\u00f6ljande:<\/span><\/p>\n<p><span class=\"text_exposed_show\">M\u00e5l 1 (halvera jordens fattigdom och hunger): 6 %<br \/>\nM\u00e5l 2 (se till att alla barn f\u00e5r g\u00e5 i grundskolan): 33 %<br \/>\nM\u00e5l 3 (\u00f6ka j\u00e4mst\u00e4lldheten mellan kvinnor och m\u00e4n): 17 %<br \/>\nM\u00e5l 7 (s\u00e4kra en h\u00e5llbar utveckling): 33 %<br \/>\nM\u00e5l 8 (\u00f6ka samarbetet kring bist\u00e5nd och handel): 11 %<br \/>\nVi \u00e4r \u00e4ven glada \u00f6ver de som ville l\u00e4ra sig mer om sektionernas verksamheter och som st\u00e4llde m\u00e5nga intressanta fr\u00e5gor till s\u00e5v\u00e4l f\u00f6rel\u00e4sare som sektionens styrelseledam\u00f6ter!<\/span><\/p>\n<p>F\u00f6r mer info om projektet V\u00e4rldskoll, g\u00e5 in p\u00e5 <a class=\"new-window\" href=\"http:\/\/l.facebook.com\/l.php?u=http%3A%2F%2Fvarldskoll.se%2F&amp;h=aAQFt-kiU&amp;enc=AZNa-XH9eBwfiSvypsnfrD25RYxPc8snd8P9aSTBb1Nl2ujkY2MpWbJZOAOvajLVxys&amp;s=1\" target=\"_blank\" rel=\"nofollow nofollow\">http:\/\/varldskoll.se\/<\/a><\/p>\n<p><span class=\"text_exposed_show\"><br \/>\n<\/span>Tack till alla deltagande, och ett synnerligen stort tack till kv\u00e4llens talare Anders Sylwan!<\/p>\n","protected":false},"excerpt":{"rendered":"<p>Pubkv\u00e4ll med tema V\u00e4rldskoll Den 24e april h\u00f6ll Stockholms FN-f\u00f6renings Studentsektion ochUngdomssektionen pubkv\u00e4ll p\u00e5 Caf\u00e9 Bojan vid Stockholms Universitet. Kv\u00e4llen&hellip;<\/p>\n","protected":false},"author":17,"featured_media":0,"parent":0,"menu_order":0,"comment_status":"closed","ping_status":"closed","template":"","meta":{"_acf_changed":false,"footnotes":"","_links_to":"","_links_to_target":""},"class_list":["post-113","page","type-page","status-publish","hentry"],"acf":[],"_links":{"self":[{"href":"https:\/\/fn.se\/stockholm\/wp-json\/wp\/v2\/pages\/113","targetHints":{"allow":["GET"]}}],"collection":[{"href":"https:\/\/fn.se\/stockholm\/wp-json\/wp\/v2\/pages"}],"about":[{"href":"https:\/\/fn.se\/stockholm\/wp-json\/wp\/v2\/types\/page"}],"author":[{"embeddable":true,"href":"https:\/\/fn.se\/stockholm\/wp-json\/wp\/v2\/users\/17"}],"replies":[{"embeddable":true,"href":"https:\/\/fn.se\/stockholm\/wp-json\/wp\/v2\/comments?post=113"}],"version-history":[{"count":1,"href":"https:\/\/fn.se\/stockholm\/wp-json\/wp\/v2\/pages\/113\/revisions"}],"predecessor-version":[{"id":115,"href":"https:\/\/fn.se\/stockholm\/wp-json\/wp\/v2\/pages\/113\/revisions\/115"}],"wp:attachment":[{"href":"https:\/\/fn.se\/stockholm\/wp-json\/wp\/v2\/media?parent=113"}],"curies":[{"name":"wp","href":"https:\/\/api.w.org\/{rel}","templated":true}]}}