{"id":110,"date":"2016-10-03T07:55:44","date_gmt":"2016-10-03T07:55:44","guid":{"rendered":"http:\/\/fn.se\/stockholm\/?page_id=110"},"modified":"2018-01-30T10:53:20","modified_gmt":"2018-01-30T10:53:20","slug":"284-filmvisning-av-wallstroms-resolution","status":"publish","type":"page","link":"https:\/\/fn.se\/stockholm\/284-filmvisning-av-wallstroms-resolution\/","title":{"rendered":"28\/4 Filmvisning av &#8221;Wallstr\u00f6ms Resolution&#8221;"},"content":{"rendered":"<h1>Filmvisning av &#8221;Wallstr\u00f6ms Resulotion&#8221;<\/h1>\n<h3>Den 28 april h\u00f6ll <a href=\"https:\/\/www.facebook.com\/UNAYouthStockholm\">Stockholms FN-f\u00f6renings Ungdomssektion<\/a>, i samarbete med f\u00f6reningens <a href=\"https:\/\/www.facebook.com\/UNAStockholmUniversity\/?hc_ref=SEARCH&amp;fref=nf\">Studentsektion<\/a>, en filmvisning av dokument\u00e4ren &#8221;Wallstr\u00f6ms Resolution&#8221;<\/h3>\n<p>Filmen tar upp Margot Wallstr\u00f6ms arbete som avslutades och filmvisningen avslutades med en efterf\u00f6ljande diskussion med filmens regiss\u00f6r <strong>Marika Griehsel<\/strong>.<\/p>\n<p>Det var \u00e5r 2010 som FN:s generalsekreterare Ban Ki-moon gav Margot<span class=\"text_exposed_show\">Wallstr\u00f6m uppdraget att f\u00e5 igenom en tydligare resolution mot sexuellt v\u00e5ld som strategi i krigsf\u00f6ring. I filmen &#8221;Wallstr\u00f6ms resolution&#8221; f\u00e5r vi f\u00f6lja Wallstr\u00f6m n\u00e4r hon bes\u00f6ker de krigsdrabbade omr\u00e5dena och m\u00f6ter kvinnor fr\u00e5n olika delar av v\u00e4rlden som fallit offer f\u00f6r de fruktansv\u00e4rda \u00f6vergrepp som soldater uts\u00e4tter sina fiendes civila befolkning f\u00f6r. Det tog endast 10 m\u00e5nader f\u00f6r Wallstr\u00f6m att f\u00e5 igenom Resolution 1960 &#8221;Mot sexuellt v\u00e5ld i krig&#8221; med samtliga av s\u00e4kerhetsr\u00e5dets 15 medlemsl\u00e4nder positiva till f\u00f6rslaget.<\/span><\/p>\n<p>Tack till alla ni som kom f\u00f6r att titta, lyssna och st\u00e4lla fr\u00e5gor!<\/p>\n<p>Och ytterligare ett stort tack till regiss\u00f6r Marika Griehsel f\u00f6r hennes medverkan!<\/p>\n","protected":false},"excerpt":{"rendered":"<p>Filmvisning av &#8221;Wallstr\u00f6ms Resulotion&#8221; Den 28 april h\u00f6ll Stockholms FN-f\u00f6renings Ungdomssektion, i samarbete med f\u00f6reningens Studentsektion, en filmvisning av dokument\u00e4ren&hellip;<\/p>\n","protected":false},"author":17,"featured_media":0,"parent":0,"menu_order":0,"comment_status":"closed","ping_status":"closed","template":"","meta":{"_acf_changed":false,"footnotes":"","_links_to":"","_links_to_target":""},"class_list":["post-110","page","type-page","status-publish","hentry"],"acf":[],"_links":{"self":[{"href":"https:\/\/fn.se\/stockholm\/wp-json\/wp\/v2\/pages\/110","targetHints":{"allow":["GET"]}}],"collection":[{"href":"https:\/\/fn.se\/stockholm\/wp-json\/wp\/v2\/pages"}],"about":[{"href":"https:\/\/fn.se\/stockholm\/wp-json\/wp\/v2\/types\/page"}],"author":[{"embeddable":true,"href":"https:\/\/fn.se\/stockholm\/wp-json\/wp\/v2\/users\/17"}],"replies":[{"embeddable":true,"href":"https:\/\/fn.se\/stockholm\/wp-json\/wp\/v2\/comments?post=110"}],"version-history":[{"count":1,"href":"https:\/\/fn.se\/stockholm\/wp-json\/wp\/v2\/pages\/110\/revisions"}],"predecessor-version":[{"id":112,"href":"https:\/\/fn.se\/stockholm\/wp-json\/wp\/v2\/pages\/110\/revisions\/112"}],"wp:attachment":[{"href":"https:\/\/fn.se\/stockholm\/wp-json\/wp\/v2\/media?parent=110"}],"curies":[{"name":"wp","href":"https:\/\/api.w.org\/{rel}","templated":true}]}}