{"id":107,"date":"2016-10-03T07:53:30","date_gmt":"2016-10-03T07:53:30","guid":{"rendered":"http:\/\/fn.se\/stockholm\/?page_id=107"},"modified":"2018-01-30T10:53:25","modified_gmt":"2018-01-30T10:53:25","slug":"75-bistandsdebatt-med-bistandsminister-hillevi-engstrom","status":"publish","type":"page","link":"https:\/\/fn.se\/stockholm\/75-bistandsdebatt-med-bistandsminister-hillevi-engstrom\/","title":{"rendered":"7\/5 Bist\u00e5ndsdebatt med bist\u00e5ndsminister Hillevi Engstr\u00f6m"},"content":{"rendered":"<h1>Bist\u00e5ndsdebatt med bist\u00e5ndsminister Hillevi Engstr\u00f6m<\/h1>\n<p><strong>Den 7 maj anordnade Stockholms FN-f\u00f6renings Ungdomssektion, i samarbete med Stockholms FN-f\u00f6renings Studentsektion, en bist\u00e5ndsdebatt med inledande anf\u00f6rande av bist\u00e5ndsminister Hillevi Engstr\u00f6m med efterf\u00f6ljande paneldebatt.<\/strong><\/p>\n<p>Ett inledande anf\u00f6rande h\u00f6lls av bist\u00e5ndsminister <strong>Hillevi Engstr\u00f6m<\/strong><\/p>\n<p><span class=\"text_exposed_show\">Moderator till den efterf\u00f6ljande paneldebatten var <strong>Linda Nordin<\/strong>, generalsekreterare svenska FN-f\u00f6rbundet.<\/span><\/p>\n<p><span class=\"text_exposed_show\">Debattpanel bestod av:<br \/>\n&#8211; <strong>Torbj\u00f6rn Pettersson<\/strong>, Sidas avdelningschef f\u00f6r Asien, Nordafrika och humanit\u00e4rt bist\u00e5nd<\/span><\/p>\n<p>&#8211; <strong>Charlotte Bohman<\/strong>, generalsekreterare f\u00f6r Hand in Hand<\/p>\n<p>&#8211; <strong>Fredrik Segerfeldt<\/strong>, liberal debatt\u00f6r<\/p>\n<p>&#8211; <strong>Staffan Landin<\/strong>, frilansande skribent och f\u00f6rel\u00e4sare om utvecklingsfr\u00e5gor; tidigare jobbat p\u00e5 Gapminder och UNDP<\/p>\n<p>&#8211; <strong>Johan von Schreeb<\/strong>, professor vid Karolinska Institutet och expert p\u00e5 global katastrofmedicin; grundare av svenska L\u00e4kare utan gr\u00e4nser<\/p>\n<p>Debattens fr\u00e5gest\u00e4llningar bestod bland annat av; Hur \u00e4r Sveriges bist\u00e5ndspolitik utformad? Hur tar bist\u00e5ndet sig uttryck i praktiken? Hur kan man optimera och effektivisera bist\u00e5ndet?<\/p>\n<p><span class=\"text_exposed_show\">Tack till alla som kom f\u00f6r att lyssna och st\u00e4lla t\u00e4nkv\u00e4rda fr\u00e5gor!<\/span><\/p>\n<p><span class=\"text_exposed_show\">Stort tack till bist\u00e5ndsminister Hillevi Engstr\u00f6m!<\/span><\/p>\n<p><span class=\"text_exposed_show\">Och sist men absolut inte minst, ett stort tack till samtliga deltagare i panelen, som bidrog med tankv\u00e4rda inl\u00e4gg och en mycket intressant diskussion!<\/span><\/p>\n","protected":false},"excerpt":{"rendered":"<p>Bist\u00e5ndsdebatt med bist\u00e5ndsminister Hillevi Engstr\u00f6m Den 7 maj anordnade Stockholms FN-f\u00f6renings Ungdomssektion, i samarbete med Stockholms FN-f\u00f6renings Studentsektion, en bist\u00e5ndsdebatt&hellip;<\/p>\n","protected":false},"author":17,"featured_media":0,"parent":0,"menu_order":0,"comment_status":"closed","ping_status":"closed","template":"","meta":{"_acf_changed":false,"footnotes":"","_links_to":"","_links_to_target":""},"class_list":["post-107","page","type-page","status-publish","hentry"],"acf":[],"_links":{"self":[{"href":"https:\/\/fn.se\/stockholm\/wp-json\/wp\/v2\/pages\/107","targetHints":{"allow":["GET"]}}],"collection":[{"href":"https:\/\/fn.se\/stockholm\/wp-json\/wp\/v2\/pages"}],"about":[{"href":"https:\/\/fn.se\/stockholm\/wp-json\/wp\/v2\/types\/page"}],"author":[{"embeddable":true,"href":"https:\/\/fn.se\/stockholm\/wp-json\/wp\/v2\/users\/17"}],"replies":[{"embeddable":true,"href":"https:\/\/fn.se\/stockholm\/wp-json\/wp\/v2\/comments?post=107"}],"version-history":[{"count":1,"href":"https:\/\/fn.se\/stockholm\/wp-json\/wp\/v2\/pages\/107\/revisions"}],"predecessor-version":[{"id":109,"href":"https:\/\/fn.se\/stockholm\/wp-json\/wp\/v2\/pages\/107\/revisions\/109"}],"wp:attachment":[{"href":"https:\/\/fn.se\/stockholm\/wp-json\/wp\/v2\/media?parent=107"}],"curies":[{"name":"wp","href":"https:\/\/api.w.org\/{rel}","templated":true}]}}