{"id":23,"date":"2016-10-26T12:17:58","date_gmt":"2016-10-26T12:17:58","guid":{"rendered":"http:\/\/fn.se\/stenungsund-tjorn-och-orust\/?page_id=23"},"modified":"2018-02-08T19:40:29","modified_gmt":"2018-02-08T19:40:29","slug":"omoss","status":"publish","type":"page","link":"https:\/\/fn.se\/stenungsund-tjorn-och-orust\/omoss\/","title":{"rendered":"Om oss"},"content":{"rendered":"<p>H\u00e4r kan du l\u00e4sa mer om vad som h\u00e4nder i v\u00e5r f\u00f6rening, vilka som sitter i styrelsen och l\u00e4sa tidigare protokoll genom att v\u00e4lja i menyn till v\u00e4nster.<\/p>\n<h1>Om oss<\/h1>\n<p><strong>F\u00f6reningens v\u00e4rdegrund<\/strong><\/p>\n<p>STO FN-f\u00f6rening \u00e4r partipolitiskt och religi\u00f6st obunden. Alla m\u00e4nniskor har lika v\u00e4rde och ska ocks\u00e5 v\u00e4rderas lika. Vi har alla ett gemensamt ansvar f\u00f6r att varje m\u00e4nniskas grundl\u00e4ggande behov och r\u00e4ttigheter kan tillgodoses. Vi delar ocks\u00e5 alla ett gemensamt ansvar f\u00f6r jordens milj\u00f6 och f\u00f6r kommande generationers livsf\u00f6ruts\u00e4ttningar.<\/p>\n<p><strong>Vad g\u00f6r vi?<\/strong><\/p>\n<p>Detta \u00e4r exempel p\u00e5 vad vi g\u00f6r f\u00f6r att st\u00f6dja F\u00f6renta Nationernas viktiga arbete f\u00f6r global fred och s\u00e4kerhet, m\u00e4nskliga r\u00e4ttigheter och f\u00f6r ett h\u00e5llbart liv p\u00e5 jorden:<\/p>\n<ul>\n<li>Vi deltar i FN-r\u00f6relsens insamlingar<\/li>\n<li>Vi arrangerar f\u00f6rel\u00e4sningar<\/li>\n<li>Vi visar film och sprider informationsmaterial<\/li>\n<li>Vi anordnar inspirationsm\u00f6ten<\/li>\n<li>Vi samverkar med andra organisationer<\/li>\n<li>Vi verkar f\u00f6r <a href=\"https:\/\/fn.se\/stenungsund-tjorn-och-orust\/for-ett-demokratiskt-fn\/\">ett demokratiskt FN<\/a><\/li>\n<\/ul>\n<p>Vad tycker du att vi ska g\u00f6ra mer? V\u00e4lkommen att engagera dig i STO FN-f\u00f6rening!<\/p>\n<p>H\u00e4r kan du ladda ner v\u00e5r <a href=\"https:\/\/fn.se\/stenungsund-tjorn-och-orust\/wp-content\/uploads\/sites\/48\/2018\/02\/Folder-broschyr-STO-FN.pdf\">informationsfolder (PDF-dokument, 2,2 MB)<\/a>.<\/p>\n","protected":false},"excerpt":{"rendered":"<p>H\u00e4r kan du l\u00e4sa mer om vad som h\u00e4nder i v\u00e5r f\u00f6rening, vilka som sitter i styrelsen och l\u00e4sa tidigare&hellip;<\/p>\n","protected":false},"author":16,"featured_media":0,"parent":0,"menu_order":0,"comment_status":"closed","ping_status":"closed","template":"templates\/template-sub.php","meta":{"_acf_changed":false,"footnotes":"","_links_to":"","_links_to_target":""},"class_list":["post-23","page","type-page","status-publish","hentry"],"acf":[],"_links":{"self":[{"href":"https:\/\/fn.se\/stenungsund-tjorn-och-orust\/wp-json\/wp\/v2\/pages\/23","targetHints":{"allow":["GET"]}}],"collection":[{"href":"https:\/\/fn.se\/stenungsund-tjorn-och-orust\/wp-json\/wp\/v2\/pages"}],"about":[{"href":"https:\/\/fn.se\/stenungsund-tjorn-och-orust\/wp-json\/wp\/v2\/types\/page"}],"author":[{"embeddable":true,"href":"https:\/\/fn.se\/stenungsund-tjorn-och-orust\/wp-json\/wp\/v2\/users\/16"}],"replies":[{"embeddable":true,"href":"https:\/\/fn.se\/stenungsund-tjorn-och-orust\/wp-json\/wp\/v2\/comments?post=23"}],"version-history":[{"count":5,"href":"https:\/\/fn.se\/stenungsund-tjorn-och-orust\/wp-json\/wp\/v2\/pages\/23\/revisions"}],"predecessor-version":[{"id":424,"href":"https:\/\/fn.se\/stenungsund-tjorn-och-orust\/wp-json\/wp\/v2\/pages\/23\/revisions\/424"}],"wp:attachment":[{"href":"https:\/\/fn.se\/stenungsund-tjorn-och-orust\/wp-json\/wp\/v2\/media?parent=23"}],"curies":[{"name":"wp","href":"https:\/\/api.w.org\/{rel}","templated":true}]}}