{"id":26,"date":"2016-10-03T13:01:32","date_gmt":"2016-10-03T13:01:32","guid":{"rendered":"http:\/\/fn.se\/sotenas\/?page_id=26"},"modified":"2022-12-06T09:49:38","modified_gmt":"2022-12-06T09:49:38","slug":"kontakt","status":"publish","type":"page","link":"https:\/\/fn.se\/sotenas\/kontakt\/","title":{"rendered":"Kontakt"},"content":{"rendered":"<h1>Kontakt<\/h1>\n<p class=\"intro\">Tveka inte att kontakta Margaretha Feldt om du har fr\u00e5gor om v\u00e5r f\u00f6rening.<\/p>\n<p class=\"intro\"><img loading=\"lazy\" decoding=\"async\" class=\"alignnone wp-image-47 size-medium\" src=\"https:\/\/fn.se\/sotenas\/wp-content\/uploads\/sites\/47\/2022\/12\/9937817E-C75D-42C2-9218-1B29F7D53C15-225x300.jpeg\" alt=\"\" width=\"225\" height=\"300\" srcset=\"https:\/\/fn.se\/sotenas\/wp-content\/uploads\/sites\/47\/2022\/12\/9937817E-C75D-42C2-9218-1B29F7D53C15-225x300.jpeg 225w, https:\/\/fn.se\/sotenas\/wp-content\/uploads\/sites\/47\/2022\/12\/9937817E-C75D-42C2-9218-1B29F7D53C15-768x1024.jpeg 768w, https:\/\/fn.se\/sotenas\/wp-content\/uploads\/sites\/47\/2022\/12\/9937817E-C75D-42C2-9218-1B29F7D53C15-1152x1536.jpeg 1152w, https:\/\/fn.se\/sotenas\/wp-content\/uploads\/sites\/47\/2022\/12\/9937817E-C75D-42C2-9218-1B29F7D53C15-650x867.jpeg 650w, https:\/\/fn.se\/sotenas\/wp-content\/uploads\/sites\/47\/2022\/12\/9937817E-C75D-42C2-9218-1B29F7D53C15-1024x1365.jpeg 1024w, https:\/\/fn.se\/sotenas\/wp-content\/uploads\/sites\/47\/2022\/12\/9937817E-C75D-42C2-9218-1B29F7D53C15.jpeg 1536w\" sizes=\"auto, (max-width: 225px) 100vw, 225px\" \/><\/p>\n<p class=\"intro\">\n<p class=\"intro\">\n<p class=\"intro\">\n<p class=\"intro\">\n<p class=\"intro\">\n<p class=\"intro\">\n<p class=\"intro\">\n<p class=\"intro\">\n<h4 class=\"intro\">Margaretha Feldt, ordf\u00f6rande<\/h4>\n<p><strong>Telefon:\u00a0<\/strong>0523-306 79<br \/>\n<strong>E-post:\u00a0<\/strong><a href=\"margarethafeldt@hotmail.com\">Margaretha Feldt<\/a><strong><br \/>\nAdress:\u00a0<\/strong>Dinglev\u00e4gen 13<br \/>\n456 31 Kungshamn<\/p>\n","protected":false},"excerpt":{"rendered":"<p>Kontakt Tveka inte att kontakta Margaretha Feldt om du har fr\u00e5gor om v\u00e5r f\u00f6rening. Margaretha Feldt, ordf\u00f6rande Telefon:\u00a00523-306 79 E-post:\u00a0Margaretha&hellip;<\/p>\n","protected":false},"author":17,"featured_media":0,"parent":0,"menu_order":0,"comment_status":"closed","ping_status":"closed","template":"templates\/template-sub.php","meta":{"_acf_changed":false,"footnotes":"","_links_to":"","_links_to_target":""},"class_list":["post-26","page","type-page","status-publish","hentry"],"acf":[],"_links":{"self":[{"href":"https:\/\/fn.se\/sotenas\/wp-json\/wp\/v2\/pages\/26","targetHints":{"allow":["GET"]}}],"collection":[{"href":"https:\/\/fn.se\/sotenas\/wp-json\/wp\/v2\/pages"}],"about":[{"href":"https:\/\/fn.se\/sotenas\/wp-json\/wp\/v2\/types\/page"}],"author":[{"embeddable":true,"href":"https:\/\/fn.se\/sotenas\/wp-json\/wp\/v2\/users\/17"}],"replies":[{"embeddable":true,"href":"https:\/\/fn.se\/sotenas\/wp-json\/wp\/v2\/comments?post=26"}],"version-history":[{"count":2,"href":"https:\/\/fn.se\/sotenas\/wp-json\/wp\/v2\/pages\/26\/revisions"}],"predecessor-version":[{"id":48,"href":"https:\/\/fn.se\/sotenas\/wp-json\/wp\/v2\/pages\/26\/revisions\/48"}],"wp:attachment":[{"href":"https:\/\/fn.se\/sotenas\/wp-json\/wp\/v2\/media?parent=26"}],"curies":[{"name":"wp","href":"https:\/\/api.w.org\/{rel}","templated":true}]}}