{"id":2,"date":"2016-08-11T10:32:19","date_gmt":"2016-08-11T10:32:19","guid":{"rendered":"http:\/\/fn.se\/sotenas-fn-forening\/?page_id=2"},"modified":"2019-03-19T10:53:30","modified_gmt":"2019-03-19T10:53:30","slug":"sample-page","status":"publish","type":"page","link":"https:\/\/fn.se\/sotenas\/","title":{"rendered":"Hem"},"content":{"rendered":"<h1>V\u00e4lkommen till Soten\u00e4s FN-f\u00f6rening!<\/h1>\n<p class=\"intro\">Soten\u00e4s FN-f\u00f6rening \u00e4r en del av den svenska FN-r\u00f6relsen och knuten till\u00a0Svenska FN-f\u00f6rbundet. F\u00f6reningen \u00e4r partipolitiskt och religi\u00f6st obunden. All verksamhet bygger p\u00e5 lokala och n\u00e4ra krafter, vi t\u00e4nker globalt men handlar n\u00e4ra och lokalt. I v\u00e5r r\u00f6relse levandeg\u00f6rs visioner. Id\u00e9er formas om hur internationellt samarbete kan fr\u00e4mjas. Det \u00e4r berikande p\u00e5 m\u00e5nga s\u00e4tt.<\/p>\n<p>H\u00e4r f\u00e5r du m\u00f6jlighet att m\u00f6ta nya m\u00e4nniskor, l\u00e4ra dig mer om FN och internationella fr\u00e5gor, arbeta med insamlingsprojekt, p\u00e5verka och framf\u00f6r allt bidra till det viktiga arbetet f\u00f6r en b\u00e4ttre v\u00e4rld.<\/p>\n<p>F\u00f6reningen vill i f\u00f6rbundets anda verka f\u00f6r:<img loading=\"lazy\" decoding=\"async\" class=\"alignright wp-image-32 size-medium\" src=\"https:\/\/fn.se\/sotenas\/wp-content\/uploads\/sites\/47\/2016\/08\/SFN_FO\u0308RENING_Sotena\u0308s-121x300.jpg\" alt=\"sfn_fo%cc%88rening_sotena%cc%88s\" width=\"121\" height=\"300\" srcset=\"https:\/\/fn.se\/sotenas\/wp-content\/uploads\/sites\/47\/2016\/08\/SFN_FO\u0308RENING_Sotena\u0308s-121x300.jpg 121w, https:\/\/fn.se\/sotenas\/wp-content\/uploads\/sites\/47\/2016\/08\/SFN_FO\u0308RENING_Sotena\u0308s-413x1024.jpg 413w, https:\/\/fn.se\/sotenas\/wp-content\/uploads\/sites\/47\/2016\/08\/SFN_FO\u0308RENING_Sotena\u0308s-129x320.jpg 129w, https:\/\/fn.se\/sotenas\/wp-content\/uploads\/sites\/47\/2016\/08\/SFN_FO\u0308RENING_Sotena\u0308s-282x700.jpg 282w, https:\/\/fn.se\/sotenas\/wp-content\/uploads\/sites\/47\/2016\/08\/SFN_FO\u0308RENING_Sotena\u0308s.jpg 489w\" sizes=\"auto, (max-width: 121px) 100vw, 121px\" \/><\/p>\n<ul>\n<li>att motarbeta v\u00e5ld, or\u00e4ttvisor och antidemokratiska krafter i v\u00e5rt samh\u00e4lle<\/li>\n<li>att \u00f6ka v\u00e5r medk\u00e4nsla f\u00f6r lidande m\u00e4nniskor<\/li>\n<li>att f\u00f6ra en kamp mot v\u00e5ldet i alla dess former och s\u00e5lunda fr\u00e4mja freden p\u00e5 jorden<\/li>\n<li>att uppn\u00e5 FN:s millenniem\u00e5l<\/li>\n<\/ul>\n<p>I detta arbete vill vi alltid ha FN: s kamp f\u00f6r m\u00e4nskliga r\u00e4ttigheter som ledstj\u00e4rna.<\/p>\n<p>Vi beh\u00f6ver FN! FN beh\u00f6ver dig!<\/p>\n<p><a href=\"https:\/\/betalning.fn.se\/pfs\/memberregistration\/\" target=\"_blank\" rel=\"noopener\">V\u00e4lkommen som medlem i v\u00e5r f\u00f6rening!<\/a><\/p>\n","protected":false},"excerpt":{"rendered":"<p>V\u00e4lkommen till Soten\u00e4s FN-f\u00f6rening! Soten\u00e4s FN-f\u00f6rening \u00e4r en del av den svenska FN-r\u00f6relsen och knuten till\u00a0Svenska FN-f\u00f6rbundet. F\u00f6reningen \u00e4r partipolitiskt&hellip;<\/p>\n","protected":false},"author":16,"featured_media":7,"parent":0,"menu_order":0,"comment_status":"closed","ping_status":"open","template":"templates\/template-sub.php","meta":{"_acf_changed":false,"footnotes":"","_links_to":"","_links_to_target":""},"class_list":["post-2","page","type-page","status-publish","has-post-thumbnail","hentry"],"acf":[],"_links":{"self":[{"href":"https:\/\/fn.se\/sotenas\/wp-json\/wp\/v2\/pages\/2","targetHints":{"allow":["GET"]}}],"collection":[{"href":"https:\/\/fn.se\/sotenas\/wp-json\/wp\/v2\/pages"}],"about":[{"href":"https:\/\/fn.se\/sotenas\/wp-json\/wp\/v2\/types\/page"}],"author":[{"embeddable":true,"href":"https:\/\/fn.se\/sotenas\/wp-json\/wp\/v2\/users\/16"}],"replies":[{"embeddable":true,"href":"https:\/\/fn.se\/sotenas\/wp-json\/wp\/v2\/comments?post=2"}],"version-history":[{"count":7,"href":"https:\/\/fn.se\/sotenas\/wp-json\/wp\/v2\/pages\/2\/revisions"}],"predecessor-version":[{"id":40,"href":"https:\/\/fn.se\/sotenas\/wp-json\/wp\/v2\/pages\/2\/revisions\/40"}],"wp:featuredmedia":[{"embeddable":true,"href":"https:\/\/fn.se\/sotenas\/wp-json\/wp\/v2\/media\/7"}],"wp:attachment":[{"href":"https:\/\/fn.se\/sotenas\/wp-json\/wp\/v2\/media?parent=2"}],"curies":[{"name":"wp","href":"https:\/\/api.w.org\/{rel}","templated":true}]}}