{"id":13,"date":"2016-10-03T12:44:48","date_gmt":"2016-10-03T12:44:48","guid":{"rendered":"http:\/\/fn.se\/sotenas\/?page_id=13"},"modified":"2022-12-06T09:55:31","modified_gmt":"2022-12-06T09:55:31","slug":"styrelse","status":"publish","type":"page","link":"https:\/\/fn.se\/sotenas\/styrelse\/","title":{"rendered":"Styrelse"},"content":{"rendered":"<h1>Styrelsen<\/h1>\n<p class=\"intro\">H\u00e4r hittar du kontaktuppgifter till v\u00e5r styrelse. Tveka inte att h\u00f6ra av dig till oss om du har fr\u00e5gor.<\/p>\n<h4>Ordf\u00f6rande:<\/h4>\n<p>Margaretha Feldt<br \/>\nTelefon: 0733-36 03 01<br \/>\nE-post: <a href=\"margarethafeldt@hotmail.com\">Margaretha Feldt<\/a><\/p>\n<h4><strong>Sekreterare:<\/strong><\/h4>\n<p>Thomas Bergqvist<\/p>\n<h4><strong>Kass\u00f6r:<\/strong><\/h4>\n<p>Ther\u00e9se Mancini<\/p>\n<h4>Ordinarie ledam\u00f6ter:<\/h4>\n<p>Sanna L Gustafsson<\/p>\n<p style=\"text-align: left\">Thomas Bergqvist<\/p>\n<p>Gunnar Tengstr\u00f6m<\/p>\n<h2>Suppleanter:<\/h2>\n<p>Elsa Pugerup<\/p>\n<p>Ann-Christine Staaf<\/p>\n","protected":false},"excerpt":{"rendered":"<p>Styrelsen H\u00e4r hittar du kontaktuppgifter till v\u00e5r styrelse. Tveka inte att h\u00f6ra av dig till oss om du har fr\u00e5gor.&hellip;<\/p>\n","protected":false},"author":17,"featured_media":0,"parent":0,"menu_order":0,"comment_status":"closed","ping_status":"closed","template":"templates\/template-sub.php","meta":{"_acf_changed":false,"footnotes":"","_links_to":"","_links_to_target":""},"class_list":["post-13","page","type-page","status-publish","hentry"],"acf":[],"_links":{"self":[{"href":"https:\/\/fn.se\/sotenas\/wp-json\/wp\/v2\/pages\/13","targetHints":{"allow":["GET"]}}],"collection":[{"href":"https:\/\/fn.se\/sotenas\/wp-json\/wp\/v2\/pages"}],"about":[{"href":"https:\/\/fn.se\/sotenas\/wp-json\/wp\/v2\/types\/page"}],"author":[{"embeddable":true,"href":"https:\/\/fn.se\/sotenas\/wp-json\/wp\/v2\/users\/17"}],"replies":[{"embeddable":true,"href":"https:\/\/fn.se\/sotenas\/wp-json\/wp\/v2\/comments?post=13"}],"version-history":[{"count":2,"href":"https:\/\/fn.se\/sotenas\/wp-json\/wp\/v2\/pages\/13\/revisions"}],"predecessor-version":[{"id":50,"href":"https:\/\/fn.se\/sotenas\/wp-json\/wp\/v2\/pages\/13\/revisions\/50"}],"wp:attachment":[{"href":"https:\/\/fn.se\/sotenas\/wp-json\/wp\/v2\/media?parent=13"}],"curies":[{"name":"wp","href":"https:\/\/api.w.org\/{rel}","templated":true}]}}