{"id":10,"date":"2016-10-03T12:34:10","date_gmt":"2016-10-03T12:34:10","guid":{"rendered":"http:\/\/fn.se\/sotenas\/?page_id=10"},"modified":"2016-10-17T15:01:47","modified_gmt":"2016-10-17T15:01:47","slug":"nyheter","status":"publish","type":"page","link":"https:\/\/fn.se\/sotenas\/nyheter\/","title":{"rendered":"Nyheter"},"content":{"rendered":"<h1>Nyheter<\/h1>\n<h3>H\u00e4r hittar du det senaste fr\u00e5n v\u00e5r f\u00f6rening.<\/h3>\n<p class=\"intro\">Vi finns numera p\u00e5 Facebook! Bes\u00f6k oss g\u00e4rna. S\u00f6k efter <a href=\"https:\/\/www.facebook.com\/Soten%C3%A4s-FN-F%C3%B6rening-176261109154751\/?fref=ts\">Soten\u00e4s FN-F\u00f6rening<\/a> och gilla!<\/p>\n","protected":false},"excerpt":{"rendered":"<p>Nyheter H\u00e4r hittar du det senaste fr\u00e5n v\u00e5r f\u00f6rening. Vi finns numera p\u00e5 Facebook! Bes\u00f6k oss g\u00e4rna. S\u00f6k efter Soten\u00e4s&hellip;<\/p>\n","protected":false},"author":17,"featured_media":0,"parent":0,"menu_order":0,"comment_status":"closed","ping_status":"closed","template":"templates\/template-sub.php","meta":{"_acf_changed":false,"footnotes":"","_links_to":"","_links_to_target":""},"class_list":["post-10","page","type-page","status-publish","hentry"],"acf":[],"_links":{"self":[{"href":"https:\/\/fn.se\/sotenas\/wp-json\/wp\/v2\/pages\/10","targetHints":{"allow":["GET"]}}],"collection":[{"href":"https:\/\/fn.se\/sotenas\/wp-json\/wp\/v2\/pages"}],"about":[{"href":"https:\/\/fn.se\/sotenas\/wp-json\/wp\/v2\/types\/page"}],"author":[{"embeddable":true,"href":"https:\/\/fn.se\/sotenas\/wp-json\/wp\/v2\/users\/17"}],"replies":[{"embeddable":true,"href":"https:\/\/fn.se\/sotenas\/wp-json\/wp\/v2\/comments?post=10"}],"version-history":[{"count":1,"href":"https:\/\/fn.se\/sotenas\/wp-json\/wp\/v2\/pages\/10\/revisions"}],"predecessor-version":[{"id":12,"href":"https:\/\/fn.se\/sotenas\/wp-json\/wp\/v2\/pages\/10\/revisions\/12"}],"wp:attachment":[{"href":"https:\/\/fn.se\/sotenas\/wp-json\/wp\/v2\/media?parent=10"}],"curies":[{"name":"wp","href":"https:\/\/api.w.org\/{rel}","templated":true}]}}