{"id":22,"date":"2016-09-27T09:07:39","date_gmt":"2016-09-27T09:07:39","guid":{"rendered":"http:\/\/fn.se\/sodradalarna\/?page_id=22"},"modified":"2026-03-06T08:54:40","modified_gmt":"2026-03-06T08:54:40","slug":"kontakt","status":"publish","type":"page","link":"https:\/\/fn.se\/sodradalarna\/kontakt\/","title":{"rendered":"Kontakt"},"content":{"rendered":"<h2>Kontakt<\/h2>\n<div class=\"m-h\">\n<p>Beh\u00f6ver du komma i kontakt med oss \u00e4r du v\u00e4lkommen att mejla v\u00e5r ordf\u00f6rande. Beh\u00f6ver du komma i kontakt med n\u00e5gon annan i styrelsen \u00e4r du v\u00e4lkommen att klicka &#8221;styrelse&#8221; till v\u00e4nster.<\/p>\n<p class=\"fn n\"><span class=\"title\"><strong>Ordf\u00f6rande<\/strong><br \/><\/span><span class=\"value\" style=\"font-size: inherit;\">Maria Vogel<br \/><\/span><span style=\"font-size: inherit;\">E-post: miavog@live.se<\/span><\/p>\n<\/div>\n\n\n<p><\/p>\n","protected":false},"excerpt":{"rendered":"<p>Kontakt Beh\u00f6ver du komma i kontakt med oss \u00e4r du v\u00e4lkommen att mejla v\u00e5r ordf\u00f6rande. Beh\u00f6ver du komma i kontakt&hellip;<\/p>\n","protected":false},"author":16,"featured_media":0,"parent":0,"menu_order":0,"comment_status":"closed","ping_status":"closed","template":"templates\/template-sub.php","meta":{"_acf_changed":false,"footnotes":"","_links_to":"","_links_to_target":""},"class_list":["post-22","page","type-page","status-publish","hentry"],"acf":[],"_links":{"self":[{"href":"https:\/\/fn.se\/sodradalarna\/wp-json\/wp\/v2\/pages\/22","targetHints":{"allow":["GET"]}}],"collection":[{"href":"https:\/\/fn.se\/sodradalarna\/wp-json\/wp\/v2\/pages"}],"about":[{"href":"https:\/\/fn.se\/sodradalarna\/wp-json\/wp\/v2\/types\/page"}],"author":[{"embeddable":true,"href":"https:\/\/fn.se\/sodradalarna\/wp-json\/wp\/v2\/users\/16"}],"replies":[{"embeddable":true,"href":"https:\/\/fn.se\/sodradalarna\/wp-json\/wp\/v2\/comments?post=22"}],"version-history":[{"count":12,"href":"https:\/\/fn.se\/sodradalarna\/wp-json\/wp\/v2\/pages\/22\/revisions"}],"predecessor-version":[{"id":68,"href":"https:\/\/fn.se\/sodradalarna\/wp-json\/wp\/v2\/pages\/22\/revisions\/68"}],"wp:attachment":[{"href":"https:\/\/fn.se\/sodradalarna\/wp-json\/wp\/v2\/media?parent=22"}],"curies":[{"name":"wp","href":"https:\/\/api.w.org\/{rel}","templated":true}]}}

<h2>Kontakt</h2>
<div class="m-h">
<p>Behöver du komma i kontakt med oss är du välkommen att mejla vår ordförande. Behöver du komma i kontakt med någon annan i styrelsen är du välkommen att klicka &#8221;styrelse&#8221; till vänster.</p>
<p class="fn n"><span class="title"><strong>Ordförande</strong><br /></span><span class="value" style="font-size: inherit;">Maria Vogel<br /></span><span style="font-size: inherit;">E-post: miavog@live.se</span></p>
</div>


<p></p>

<p>Kontakt Behöver du komma i kontakt med oss är du välkommen att mejla vår ordförande. Behöver du komma i kontakt&hellip;</p>
