{"id":2,"date":"2016-08-08T13:57:09","date_gmt":"2016-08-08T13:57:09","guid":{"rendered":"http:\/\/fn.se\/sodradalarnas-fnforening\/?page_id=2"},"modified":"2016-09-27T08:36:23","modified_gmt":"2016-09-27T08:36:23","slug":"sample-page","status":"publish","type":"page","link":"https:\/\/fn.se\/sodradalarna\/","title":{"rendered":"Hem"},"content":{"rendered":"<h1>V\u00e4lkommen till S\u00f6dra Dalarnas FN-f\u00f6rening!<\/h1>\n<p>S\u00f6dra Dalarnas FN-f\u00f6rening \u00e4r en del av den svenska FN-r\u00f6relsen och knuten till Svenska FN-f\u00f6rbundet.<img loading=\"lazy\" decoding=\"async\" class=\"alignright size-medium wp-image-17\" src=\"https:\/\/fn.se\/sodradalarna\/wp-content\/uploads\/sites\/41\/2016\/08\/SFN_FO\u0308RENING_So\u0308dra-Dalarnas-121x300.jpg\" alt=\"sfn_fo%cc%88rening_so%cc%88dra-dalarnas\" width=\"121\" height=\"300\" srcset=\"https:\/\/fn.se\/sodradalarna\/wp-content\/uploads\/sites\/41\/2016\/08\/SFN_FO\u0308RENING_So\u0308dra-Dalarnas-121x300.jpg 121w, https:\/\/fn.se\/sodradalarna\/wp-content\/uploads\/sites\/41\/2016\/08\/SFN_FO\u0308RENING_So\u0308dra-Dalarnas-413x1024.jpg 413w, https:\/\/fn.se\/sodradalarna\/wp-content\/uploads\/sites\/41\/2016\/08\/SFN_FO\u0308RENING_So\u0308dra-Dalarnas-129x320.jpg 129w, https:\/\/fn.se\/sodradalarna\/wp-content\/uploads\/sites\/41\/2016\/08\/SFN_FO\u0308RENING_So\u0308dra-Dalarnas-282x700.jpg 282w, https:\/\/fn.se\/sodradalarna\/wp-content\/uploads\/sites\/41\/2016\/08\/SFN_FO\u0308RENING_So\u0308dra-Dalarnas.jpg 489w\" sizes=\"auto, (max-width: 121px) 100vw, 121px\" \/> S\u00f6dra Dalarnas FN-f\u00f6rening \u00e4r verksam i tre kommuner, n\u00e4mligen Avesta, Hedemora och S\u00e4ter.<br \/>\nF\u00f6reningen tillh\u00f6r FN-distriktet Dalarna.<\/p>\n<p>F\u00f6reningen \u00e4r partipolitiskt och religi\u00f6st obunden. All verksamhet bygger p\u00e5 lokala och n\u00e4ra krafter. Vi vill g\u00e4rna samarbeta med andra f\u00f6reningar eller grupper i S\u00f6dra Dalarna som har samma grundv\u00e4rderingar och m\u00e5l som oss!<\/p>\n<p>Vi t\u00e4nker globalt men handlar n\u00e4ra och lokalt. I v\u00e5r r\u00f6relse levandeg\u00f6rs visioner. Id\u00e9er formas om hur internationellt samarbete kan fr\u00e4mjas.<\/p>\n<p>H\u00e4r f\u00e5r du m\u00f6jlighet att m\u00f6ta nya m\u00e4nniskor, l\u00e4ra dig mer om FN och internationella fr\u00e5gor, arbeta med insamlingsprojekt, p\u00e5verka och framf\u00f6r allt bidra till det viktiga arbetet f\u00f6r en b\u00e4ttre v\u00e4rld.<\/p>\n<p>Vi beh\u00f6ver FN! FN beh\u00f6ver dig!<\/p>\n<p><a class=\"new-window\" title=\"V\u00e4lkommen som medlem i v\u00e5r f\u00f6rening!\" href=\"https:\/\/betalning.fn.se\/pfs\/memberregistration\/\" target=\"_blank\">V\u00e4lkommen som medlem i v\u00e5r f\u00f6rening!<\/a><\/p>\n<p><a href=\"https:\/\/www.facebook.com\/sodradalarnasfnforening\/?fref=ts\">Hitta oss p\u00e5 Facebook: &#8221;S\u00f6dra Dalarnas FN-f\u00f6rening&#8221;<\/a><\/p>\n<p>&nbsp;<\/p>\n","protected":false},"excerpt":{"rendered":"<p>V\u00e4lkommen till S\u00f6dra Dalarnas FN-f\u00f6rening! S\u00f6dra Dalarnas FN-f\u00f6rening \u00e4r en del av den svenska FN-r\u00f6relsen och knuten till Svenska FN-f\u00f6rbundet.&hellip;<\/p>\n","protected":false},"author":16,"featured_media":7,"parent":0,"menu_order":0,"comment_status":"closed","ping_status":"open","template":"templates\/template-sub.php","meta":{"_acf_changed":false,"footnotes":"","_links_to":"","_links_to_target":""},"class_list":["post-2","page","type-page","status-publish","has-post-thumbnail","hentry"],"acf":[],"_links":{"self":[{"href":"https:\/\/fn.se\/sodradalarna\/wp-json\/wp\/v2\/pages\/2","targetHints":{"allow":["GET"]}}],"collection":[{"href":"https:\/\/fn.se\/sodradalarna\/wp-json\/wp\/v2\/pages"}],"about":[{"href":"https:\/\/fn.se\/sodradalarna\/wp-json\/wp\/v2\/types\/page"}],"author":[{"embeddable":true,"href":"https:\/\/fn.se\/sodradalarna\/wp-json\/wp\/v2\/users\/16"}],"replies":[{"embeddable":true,"href":"https:\/\/fn.se\/sodradalarna\/wp-json\/wp\/v2\/comments?post=2"}],"version-history":[{"count":4,"href":"https:\/\/fn.se\/sodradalarna\/wp-json\/wp\/v2\/pages\/2\/revisions"}],"predecessor-version":[{"id":18,"href":"https:\/\/fn.se\/sodradalarna\/wp-json\/wp\/v2\/pages\/2\/revisions\/18"}],"wp:featuredmedia":[{"embeddable":true,"href":"https:\/\/fn.se\/sodradalarna\/wp-json\/wp\/v2\/media\/7"}],"wp:attachment":[{"href":"https:\/\/fn.se\/sodradalarna\/wp-json\/wp\/v2\/media?parent=2"}],"curies":[{"name":"wp","href":"https:\/\/api.w.org\/{rel}","templated":true}]}}