{"id":19,"date":"2016-09-27T09:01:50","date_gmt":"2016-09-27T09:01:50","guid":{"rendered":"http:\/\/fn.se\/sodradalarna\/?page_id=19"},"modified":"2026-03-06T08:57:00","modified_gmt":"2026-03-06T08:57:00","slug":"styrelse","status":"publish","type":"page","link":"https:\/\/fn.se\/sodradalarna\/styrelse\/","title":{"rendered":"Styrelse"},"content":{"rendered":"<h2>Styrelse<\/h2>\n<p>H\u00e4r hittar du snart kontaktuppgifter till v\u00e5r styrelse. Tveka inte att kontakta oss om du har fr\u00e5gor eller synpunkter p\u00e5 verksamheten.<\/p>\n<p><strong>Ordf\u00f6rande<\/strong><br \/>\nMaria Vogel<br \/>\nE-post: miavog@live.se<\/p>\n<p><strong>styrelseledamot<\/strong><br \/>\nNN<br \/>\nE-post:<\/p>\n<p><strong>Vice ordf\u00f6rande<br \/>\n<\/strong>NN<br \/>\nE-post:<\/p>\n<p><strong>Kass\u00f6r<\/strong><br \/>\nNN<br \/>\nE-post:<\/p>\n<p><strong>Styrelseledamot\u00a0 \u00a0 \u00a0 \u00a0 \u00a0 \u00a0 \u00a0 \u00a0 \u00a0 \u00a0<\/strong><br \/>\nNN<br \/>\nE-post:<\/p>\n<p><strong>Styrelseledamot\u00a0 \u00a0 \u00a0 \u00a0 \u00a0 \u00a0 \u00a0 \u00a0 \u00a0 \u00a0<\/strong><br \/>\nNN<br \/>\nE-post:<\/p>\n","protected":false},"excerpt":{"rendered":"<p>Styrelse H\u00e4r hittar du snart kontaktuppgifter till v\u00e5r styrelse. Tveka inte att kontakta oss om du har fr\u00e5gor eller synpunkter&hellip;<\/p>\n","protected":false},"author":16,"featured_media":0,"parent":0,"menu_order":0,"comment_status":"closed","ping_status":"closed","template":"templates\/template-sub.php","meta":{"_acf_changed":false,"footnotes":"","_links_to":"","_links_to_target":""},"class_list":["post-19","page","type-page","status-publish","hentry"],"acf":[],"_links":{"self":[{"href":"https:\/\/fn.se\/sodradalarna\/wp-json\/wp\/v2\/pages\/19","targetHints":{"allow":["GET"]}}],"collection":[{"href":"https:\/\/fn.se\/sodradalarna\/wp-json\/wp\/v2\/pages"}],"about":[{"href":"https:\/\/fn.se\/sodradalarna\/wp-json\/wp\/v2\/types\/page"}],"author":[{"embeddable":true,"href":"https:\/\/fn.se\/sodradalarna\/wp-json\/wp\/v2\/users\/16"}],"replies":[{"embeddable":true,"href":"https:\/\/fn.se\/sodradalarna\/wp-json\/wp\/v2\/comments?post=19"}],"version-history":[{"count":6,"href":"https:\/\/fn.se\/sodradalarna\/wp-json\/wp\/v2\/pages\/19\/revisions"}],"predecessor-version":[{"id":70,"href":"https:\/\/fn.se\/sodradalarna\/wp-json\/wp\/v2\/pages\/19\/revisions\/70"}],"wp:attachment":[{"href":"https:\/\/fn.se\/sodradalarna\/wp-json\/wp\/v2\/media?parent=19"}],"curies":[{"name":"wp","href":"https:\/\/api.w.org\/{rel}","templated":true}]}}

<h2>Styrelse</h2>
<p>Här hittar du snart kontaktuppgifter till vår styrelse. Tveka inte att kontakta oss om du har frågor eller synpunkter på verksamheten.</p>
<p><strong>Ordförande</strong><br />
Maria Vogel<br />
E-post: miavog@live.se</p>
<p><strong>styrelseledamot</strong><br />
NN<br />
E-post:</p>
<p><strong>Vice ordförande<br />
</strong>NN<br />
E-post:</p>
<p><strong>Kassör</strong><br />
NN<br />
E-post:</p>
<p><strong>Styrelseledamot                   </strong><br />
NN<br />
E-post:</p>
<p><strong>Styrelseledamot                   </strong><br />
NN<br />
E-post:</p>

<p>Styrelse Här hittar du snart kontaktuppgifter till vår styrelse. Tveka inte att kontakta oss om du har frågor eller synpunkter&hellip;</p>
