{"id":75,"date":"2024-02-09T14:31:45","date_gmt":"2024-02-09T14:31:45","guid":{"rendered":"https:\/\/fn.se\/ostersund\/?page_id=75"},"modified":"2025-03-05T09:07:51","modified_gmt":"2025-03-05T09:07:51","slug":"kallelse-arsmote-2024-03-08","status":"publish","type":"page","link":"https:\/\/fn.se\/ostersund\/kallelse-arsmote-2024-03-08\/","title":{"rendered":"M\u00f6te 2024-03-08"},"content":{"rendered":"\n<p><\/p>\n\n\n\n<p><strong>Till alla medlemmar i \u00d6stersunds FN-f\u00f6rening<\/strong><\/p>\n\n\n\n<p>Vi \u00f6nskar er varmt v\u00e4lkomna till v\u00e5rt \u00e5rsm\u00f6te 2024-03-08<\/p>\n\n\n\n<p>Vi ser fram emot att tr\u00e4ffa er!<\/p>\n\n\n\n<p><strong>Tid: Fredag 8 mars kl 17:00 &#8211; 20:00<\/strong><\/p>\n\n\n\n<p><strong>Plats: ABFs lokal Munin, \u00d6stersund<\/strong><\/p>\n\n\n\n<p><\/p>\n\n\n\n<p>\u00c5RSM\u00d6TE DAGORDNING &nbsp;<\/p>\n\n\n\n<p>1. Fastst\u00e4llande av r\u00f6stl\u00e4ngd<\/p>\n\n\n\n<p>2. Fr\u00e5ga om m\u00f6tets stadgeenliga utlysning<\/p>\n\n\n\n<p>3. Fastst\u00e4llande av dagordning<\/p>\n\n\n\n<p>4. Val av ordf\u00f6rande och sekreterare f\u00f6r m\u00f6tet<\/p>\n\n\n\n<p>5. Val av protokolljusterare<\/p>\n\n\n\n<p>6. Styrelsens verksamhetsber\u00e4ttelse och \u00e5rsbokslut<\/p>\n\n\n\n<p>7. Revisorernas ber\u00e4ttelse<\/p>\n\n\n\n<p>8. Fastst\u00e4llande av verksamhetsber\u00e4ttelse och \u00e5rsbokslut<\/p>\n\n\n\n<p>9. Fr\u00e5ga om ansvarsfrihet f\u00f6r styrelsen<\/p>\n\n\n\n<p>10. Fastst\u00e4llande av verksamhetsplan och budget<\/p>\n\n\n\n<p>&nbsp; &nbsp; &nbsp; a. Fortsatt arbete med grundl\u00e4ggande fredsbyggande i FN-f\u00f6reningen<\/p>\n\n\n\n<p>&nbsp; &nbsp; &nbsp; b. studiecirkel i form av diskussionsgrupp om fredsbyggande<\/p>\n\n\n\n<p>11. Fastst\u00e4llande av antalet ledam\u00f6ter och suppleanter i styrelsen<\/p>\n\n\n\n<p>12. Val av a) ordf\u00f6rande (ev. vartannat \u00e5r), b) kass\u00f6r (ev. vartannat \u00e5r)<\/p>\n\n\n\n<p>13. Val av a) \u00f6vriga styrelseledam\u00f6ter (ev. vartannat \u00e5r), b) suppleanter<\/p>\n\n\n\n<p>14. Val av a) revisorer (ev. vartannat \u00e5r), b) revisorssuppleanter<\/p>\n\n\n\n<p>15. Val av ett ombud till Svenska FN-f\u00f6rbundets kongress 2024<\/p>\n\n\n\n<p>16. Beslut om fullmakt<\/p>\n\n\n\n<p>17. Beslut om adress\u00e4ndring<\/p>\n\n\n\n<p>18. Beslut om kontaktuppgifter<\/p>\n\n\n\n<p>19. Beslut om mailadress<\/p>\n\n\n\n<p>20. Val av valberedning<\/p>\n\n\n\n<p>21. Behandling av motioner<\/p>\n\n\n\n<p>22. Ytterligare \u00e4renden som styrelsen senast i samband med att kallelsen uts\u00e4nds f\u00f6rel\u00e4gger \u00e5rsm\u00f6tet<\/p>\n\n\n\n<p>23. \u00d6vriga \u00e4renden som \u00e5rsm\u00f6tet med 3\/4 majoritet beslutar ta upp till behandling<\/p>\n\n\n\n<p>****************************************<\/p>\n\n\n\n<p>Bilaga till dagordning \u00e5rsm\u00f6te 2024<\/p>\n\n\n\n<p><strong>\u00d6STERSUNDS FN-F\u00d6RENING<\/strong><\/p>\n\n\n\n<p><strong>VERKSAMHETSBER\u00c4TTELSE 2023<\/strong><\/p>\n\n\n\n<p><strong>MEDLEMMAR<\/strong><\/p>\n\n\n\n<p>I \u00d6stersunds FN-f\u00f6rening finns ett 30-tal medlemmar under 2023<\/p>\n\n\n\n<p><strong>F\u00d6RTROENDEUPPDRAG<\/strong><\/p>\n\n\n\n<p>Ordf\u00f6rande: Bo\u00d6rjan F\u00f6rsth<\/p>\n\n\n\n<p>Kass\u00f6r: Abdelrahim Abdelmotalib<\/p>\n\n\n\n<p>Sekreterare: Eva Larsson<\/p>\n\n\n\n<p>\u00d6vriga styrelseledam\u00f6ter: Sven Gustafsson, Tommy Pettersson<\/p>\n\n\n\n<p>Tillkommit under \u00e5ret 2023: Maria Sn\u00f6fall, Natallia Johansson<\/p>\n\n\n\n<p><strong>REVISOR<\/strong><\/p>\n\n\n\n<p><\/p>\n\n\n\n<p><strong>VALBEREDNING<\/strong><\/p>\n\n\n\n<p>F\u00f6reningens styrelse var tillsatta som valberedning<\/p>\n\n\n\n<p><strong>VERKSAMHET<\/strong><\/p>\n\n\n\n<p>M\u00f6ten f\u00f6r \u00e5terbildande av den sedan 2022 vilande f\u00f6reningen<\/p>\n\n\n\n<p>Styrelsem\u00f6ten<\/p>\n\n\n\n<p>Halv\u00e5rsm\u00f6te<\/p>\n\n\n\n<p>P\u00e5b\u00f6rjat diskussioner om bland annat fredsbyggande<\/p>\n\n\n\n<p>Beviljat medel till Abdelrahim Abdelmotalibs arbete med hj\u00e4lparbete i Tchad<\/p>\n\n\n\n<p><strong>SLUTORD<\/strong><\/p>\n\n\n\n<p>FN-f\u00f6reningen hade sv\u00e5rt att sammanstr\u00e5la s\u00e5 att den var beslutsf\u00f6r&nbsp; p\u00e5 grund av Covid-pandemin under 2021. D\u00e4refter beslutade styrelsen att \u00f6verg\u00e5 till att bli en vilande f\u00f6rening 2022.<\/p>\n\n\n\n<p>D\u00e4rf\u00f6r blev arbetet med att starta upp f\u00f6reningen 2023 sv\u00e5r att reda ut med en styrelse delvis ur aktiv funktion.<\/p>\n\n\n\n<p>Vi hoppas kunna \u00e5terg\u00e5 till en fungerande och fullgott aktiv f\u00f6rening i och med detta \u00e5rsm\u00f6te 2024.<\/p>\n","protected":false},"excerpt":{"rendered":"<p>Till alla medlemmar i \u00d6stersunds FN-f\u00f6rening Vi \u00f6nskar er varmt v\u00e4lkomna till v\u00e5rt \u00e5rsm\u00f6te 2024-03-08 Vi ser fram emot att&hellip;<\/p>\n","protected":false},"author":112,"featured_media":0,"parent":0,"menu_order":0,"comment_status":"closed","ping_status":"closed","template":"","meta":{"_acf_changed":false,"footnotes":"","_links_to":"","_links_to_target":""},"class_list":["post-75","page","type-page","status-publish","hentry"],"acf":[],"_links":{"self":[{"href":"https:\/\/fn.se\/ostersund\/wp-json\/wp\/v2\/pages\/75","targetHints":{"allow":["GET"]}}],"collection":[{"href":"https:\/\/fn.se\/ostersund\/wp-json\/wp\/v2\/pages"}],"about":[{"href":"https:\/\/fn.se\/ostersund\/wp-json\/wp\/v2\/types\/page"}],"author":[{"embeddable":true,"href":"https:\/\/fn.se\/ostersund\/wp-json\/wp\/v2\/users\/112"}],"replies":[{"embeddable":true,"href":"https:\/\/fn.se\/ostersund\/wp-json\/wp\/v2\/comments?post=75"}],"version-history":[{"count":4,"href":"https:\/\/fn.se\/ostersund\/wp-json\/wp\/v2\/pages\/75\/revisions"}],"predecessor-version":[{"id":110,"href":"https:\/\/fn.se\/ostersund\/wp-json\/wp\/v2\/pages\/75\/revisions\/110"}],"wp:attachment":[{"href":"https:\/\/fn.se\/ostersund\/wp-json\/wp\/v2\/media?parent=75"}],"curies":[{"name":"wp","href":"https:\/\/api.w.org\/{rel}","templated":true}]}}