{"id":802,"date":"2019-08-09T09:03:29","date_gmt":"2019-08-09T09:03:29","guid":{"rendered":"https:\/\/fn.se\/ornskoldsvik\/?page_id=802"},"modified":"2019-08-09T09:03:29","modified_gmt":"2019-08-09T09:03:29","slug":"zimbabwe-i-dag","status":"publish","type":"page","link":"https:\/\/fn.se\/ornskoldsvik\/zimbabwe-i-dag\/","title":{"rendered":"Zimbabwe i dag"},"content":{"rendered":"<p><strong>ZIMBABWE IDAG<\/strong><\/p>\n<p><img loading=\"lazy\" decoding=\"async\" class=\"wp-image-803 alignright\" src=\"https:\/\/fn.se\/ornskoldsvik\/wp-content\/uploads\/sites\/98\/2019\/08\/MDforT\u00c52-300x197.jpg\" alt=\"\" width=\"482\" height=\"317\" srcset=\"https:\/\/fn.se\/ornskoldsvik\/wp-content\/uploads\/sites\/98\/2019\/08\/MDforT\u00c52-300x197.jpg 300w, https:\/\/fn.se\/ornskoldsvik\/wp-content\/uploads\/sites\/98\/2019\/08\/MDforT\u00c52-768x505.jpg 768w, https:\/\/fn.se\/ornskoldsvik\/wp-content\/uploads\/sites\/98\/2019\/08\/MDforT\u00c52-1024x674.jpg 1024w, https:\/\/fn.se\/ornskoldsvik\/wp-content\/uploads\/sites\/98\/2019\/08\/MDforT\u00c52-650x428.jpg 650w\" sizes=\"auto, (max-width: 482px) 100vw, 482px\" \/><\/p>\n<p>Margaret Dongo, zimbabwisk politiker och aktivist f\u00f6r m\u00e4nskliga r\u00e4ttigheter i Zimbabwe hade inbjudits av \u00c5dalens Afrikagrupp f\u00f6r att ber\u00e4tta om hur hon ser p\u00e5 den \u00e5ter igen allt h\u00e5rdare situationen i Zimbabwe f\u00f6r landets befolkning under den r\u00e5dande regeringen. Ekonomin har g\u00e5tt allt s\u00e4mre nu igen med pengabrist, l\u00e5nga k\u00f6er efter br\u00e4nsle och galopperande inflation med h\u00f6jda matpriser, parat med st\u00e4ndiga elavbrott.<\/p>\n<p>Allt el\u00e4nde forts\u00e4tter i stort sedan f\u00f6rre presidenten Robert Mugabe st\u00f6rtades i en arm\u00e9st\u00f6dd kupp i november m\u00e5nad 2017. Detta efter runt 37 \u00e5r vid makten knuten till regeringspartiet Zanu-PF. Den nya ledningen har inte lyckats v\u00e4nda utvecklingen som r\u00e5dde under Mugabe. En b\u00e4ttre framtid f\u00f6r folket trodde man skulle komma, men tyv\u00e4rr har inte detta skett. Hon ber\u00f6rde \u00e4ven Kinas v\u00e4xande inflytande i landet och f\u00f6r \u00f6vrigt i hela Afrika.<\/p>\n<p>Margaret sj\u00e4lv l\u00e4mnade landet som 15-\u00e5ring f\u00f6r att ansluta sig till befrielsekampen som senare ledde till sj\u00e4lvst\u00e4ndigheten 1980. St\u00f6det fr\u00e5n Sverige var betydande under den l\u00e5nga kampen, menade Margaret, och po\u00e4ngterade ocks\u00e5 hur viktigt st\u00f6det till befolkningen \u00e4r i den r\u00e5dande situationen, ett m\u00e5ste f\u00f6r framtiden om utvecklingen ska kunna g\u00e5 i r\u00e4tt riktning. Hon betonade \u00e4ven hur viktigt kvinnost\u00f6det \u00e4r f\u00f6r ett h\u00e5llbart samh\u00e4lle p\u00e5 sikt.<\/p>\n<p>Margaret satt \u00e4ven i Zimbabwes parlament \u00e5ren 1990 &#8211; 2000, under senare \u00e5r har hon arbetat med ett jordbruk drygt 14 mil sydost om huvudstaden Harare ute i Mhondoro-distriktet. Detta f\u00f6rutom olika insatser n\u00e4r det just g\u00e4ller m\u00e4nskliga r\u00e4ttigheter i landet.<\/p>\n<p>Hon hade inbjudits till Sverige av \u00d6viks FN-f\u00f6rening f\u00f6r att \u00e5terrapportera om deras skolinsatser i Zimbabwe och s\u00e5g det viktigt att \u00e4ven kunna tr\u00e4ffa Afrikagruppen i \u00c5dalen.<\/p>\n<p>&nbsp;<\/p>\n<p>Text: Stellan B\u00e4cklund<\/p>\n<p>Foto: Privat<\/p>\n","protected":false},"excerpt":{"rendered":"<p>ZIMBABWE IDAG Margaret Dongo, zimbabwisk politiker och aktivist f\u00f6r m\u00e4nskliga r\u00e4ttigheter i Zimbabwe hade inbjudits av \u00c5dalens Afrikagrupp f\u00f6r att&hellip;<\/p>\n","protected":false},"author":111,"featured_media":0,"parent":0,"menu_order":0,"comment_status":"closed","ping_status":"closed","template":"","meta":{"_acf_changed":false,"footnotes":"","_links_to":"","_links_to_target":""},"class_list":["post-802","page","type-page","status-publish","hentry"],"acf":[],"_links":{"self":[{"href":"https:\/\/fn.se\/ornskoldsvik\/wp-json\/wp\/v2\/pages\/802","targetHints":{"allow":["GET"]}}],"collection":[{"href":"https:\/\/fn.se\/ornskoldsvik\/wp-json\/wp\/v2\/pages"}],"about":[{"href":"https:\/\/fn.se\/ornskoldsvik\/wp-json\/wp\/v2\/types\/page"}],"author":[{"embeddable":true,"href":"https:\/\/fn.se\/ornskoldsvik\/wp-json\/wp\/v2\/users\/111"}],"replies":[{"embeddable":true,"href":"https:\/\/fn.se\/ornskoldsvik\/wp-json\/wp\/v2\/comments?post=802"}],"version-history":[{"count":1,"href":"https:\/\/fn.se\/ornskoldsvik\/wp-json\/wp\/v2\/pages\/802\/revisions"}],"predecessor-version":[{"id":804,"href":"https:\/\/fn.se\/ornskoldsvik\/wp-json\/wp\/v2\/pages\/802\/revisions\/804"}],"wp:attachment":[{"href":"https:\/\/fn.se\/ornskoldsvik\/wp-json\/wp\/v2\/media?parent=802"}],"curies":[{"name":"wp","href":"https:\/\/api.w.org\/{rel}","templated":true}]}}