{"id":772,"date":"2019-06-04T12:56:28","date_gmt":"2019-06-04T12:56:28","guid":{"rendered":"https:\/\/fn.se\/ornskoldsvik\/?page_id=772"},"modified":"2019-06-04T13:45:59","modified_gmt":"2019-06-04T13:45:59","slug":"bokinsamling-till-nyatsambobiblioteket","status":"publish","type":"page","link":"https:\/\/fn.se\/ornskoldsvik\/bokinsamling-till-nyatsambobiblioteket\/","title":{"rendered":"Bokinsamling till Nyatsambobiblioteket"},"content":{"rendered":"<div id=\"attachment_778\" style=\"width: 261px\" class=\"wp-caption alignright\"><img loading=\"lazy\" decoding=\"async\" aria-describedby=\"caption-attachment-778\" class=\" wp-image-778\" src=\"https:\/\/fn.se\/ornskoldsvik\/wp-content\/uploads\/sites\/98\/2019\/06\/Nyatsambo-Placard-300x225.jpg\" alt=\"\" width=\"251\" height=\"189\" srcset=\"https:\/\/fn.se\/ornskoldsvik\/wp-content\/uploads\/sites\/98\/2019\/06\/Nyatsambo-Placard-300x225.jpg 300w, https:\/\/fn.se\/ornskoldsvik\/wp-content\/uploads\/sites\/98\/2019\/06\/Nyatsambo-Placard-768x576.jpg 768w, https:\/\/fn.se\/ornskoldsvik\/wp-content\/uploads\/sites\/98\/2019\/06\/Nyatsambo-Placard-1024x768.jpg 1024w, https:\/\/fn.se\/ornskoldsvik\/wp-content\/uploads\/sites\/98\/2019\/06\/Nyatsambo-Placard-650x488.jpg 650w\" sizes=\"auto, (max-width: 251px) 100vw, 251px\" \/><p id=\"caption-attachment-778\" class=\"wp-caption-text\">Plakatet utanf\u00f6r Biblioteket<\/p><\/div>\n<h3>Engelska barn- och ungdomsb\u00f6cker till Zimbabwe<\/h3>\n<p>FN-f\u00f6reningen tar tacksamt emot hj\u00e4lp i f\u00f6rs\u00f6ken att samla in barn- och ungdomsb\u00f6cker till sitt nystartade bibliotek vid Nyatsambo-skolan i Zimbabwe. Detta skolprojekt initierades redan 2012 och det invigdes med pompa och st\u00e5t den 11 september 2015 under n\u00e4rvaro av Stellan B\u00e4cklund, FN-f\u00f6reningens ordf\u00f6rande, och \u00e4r det enda Folk- och Skolbiblioteket bel\u00e4get inom distriktet Mhondoro-Ngezi, ca 14 mil sydost om huvudstaden Harare. Nu har Bibliotekskommitt\u00e9ns sammankallande v\u00e4djat om ytterligare b\u00f6cker till prim\u00e4rskolan med \u00f6ver 650 elever och med m\u00e5nga bokintresserade f\u00f6r\u00e4ldrar och vuxna boende runt skolan.<\/p>\n<div id=\"attachment_776\" style=\"width: 415px\" class=\"wp-caption alignleft\"><img loading=\"lazy\" decoding=\"async\" aria-describedby=\"caption-attachment-776\" class=\"wp-image-776\" src=\"https:\/\/fn.se\/ornskoldsvik\/wp-content\/uploads\/sites\/98\/2019\/06\/Masiwa-and-Mrs-Dongo-2018-300x225.jpg\" alt=\"\" width=\"405\" height=\"304\" srcset=\"https:\/\/fn.se\/ornskoldsvik\/wp-content\/uploads\/sites\/98\/2019\/06\/Masiwa-and-Mrs-Dongo-2018-300x225.jpg 300w, https:\/\/fn.se\/ornskoldsvik\/wp-content\/uploads\/sites\/98\/2019\/06\/Masiwa-and-Mrs-Dongo-2018-768x576.jpg 768w, https:\/\/fn.se\/ornskoldsvik\/wp-content\/uploads\/sites\/98\/2019\/06\/Masiwa-and-Mrs-Dongo-2018-1024x768.jpg 1024w, https:\/\/fn.se\/ornskoldsvik\/wp-content\/uploads\/sites\/98\/2019\/06\/Masiwa-and-Mrs-Dongo-2018-650x488.jpg 650w, https:\/\/fn.se\/ornskoldsvik\/wp-content\/uploads\/sites\/98\/2019\/06\/Masiwa-and-Mrs-Dongo-2018.jpg 1200w\" sizes=\"auto, (max-width: 405px) 100vw, 405px\" \/><p id=\"caption-attachment-776\" class=\"wp-caption-text\">Id\u00e9sprutan bakom Biblioteket Charles Masiwa med FN-f\u00f6reningens &#8221;hj\u00e4lpreda Mrs Margaret Dongo<\/p><\/div>\n<p>L\u00e4shungern \u00e4r idag enorm inom det h\u00e5rt krisdrabbade landet, rapporterar Stellan B\u00e4cklund, som st\u00e5r i regelbunden kontakt med Charles Masiwa, bokentusiasten som ligger bakom biblioteket tillsammans med FN-f\u00f6reningens kontaktperson Margaret Dongo, som f\u00f6r \u00f6vrigt bedriver ett mindre jordbruk strax intill skolan.<\/p>\n<p>Idag har klassrummet d\u00e4r biblioteket \u00e4r inrymt totalrenoverats efter en tromb som delvis skadade b\u00e5de inner-och yttertaket, nu finns \u00e4ven gardiner f\u00f6r alla f\u00f6nster liksom ett inbyggt f\u00f6rr\u00e5d i ena h\u00f6rnet. Inbrottsgaller har monterats f\u00f6r f\u00f6nstren och ytterd\u00f6rren och bokhyllorna \u00e4r omm\u00e5lade, inom kort finns \u00e4ven en \u201dsvarta tavla\u201d samt bord och b\u00e4nkar, allt snickrat ihop lokalt inom bygden. Genom FN:s Informationskontor i Harare har man \u00e4ven f\u00e5tt l\u00f6fte om en FN-h\u00f6rna med aktuella skrifter om FN och affischer som f\u00f6rhoppningsvis ska komma p\u00e5 plats inom en snar framtid.<\/p>\n<div id=\"attachment_774\" style=\"width: 348px\" class=\"wp-caption alignright\"><img loading=\"lazy\" decoding=\"async\" aria-describedby=\"caption-attachment-774\" class=\" wp-image-774\" src=\"https:\/\/fn.se\/ornskoldsvik\/wp-content\/uploads\/sites\/98\/2019\/06\/B\u00f6cker-f\u00f6r-Nyatsambo-Library-300x225.jpg\" alt=\"\" width=\"338\" height=\"254\" srcset=\"https:\/\/fn.se\/ornskoldsvik\/wp-content\/uploads\/sites\/98\/2019\/06\/B\u00f6cker-f\u00f6r-Nyatsambo-Library-300x225.jpg 300w, https:\/\/fn.se\/ornskoldsvik\/wp-content\/uploads\/sites\/98\/2019\/06\/B\u00f6cker-f\u00f6r-Nyatsambo-Library-768x576.jpg 768w, https:\/\/fn.se\/ornskoldsvik\/wp-content\/uploads\/sites\/98\/2019\/06\/B\u00f6cker-f\u00f6r-Nyatsambo-Library-1024x768.jpg 1024w, https:\/\/fn.se\/ornskoldsvik\/wp-content\/uploads\/sites\/98\/2019\/06\/B\u00f6cker-f\u00f6r-Nyatsambo-Library-650x488.jpg 650w\" sizes=\"auto, (max-width: 338px) 100vw, 338px\" \/><p id=\"caption-attachment-774\" class=\"wp-caption-text\">Rhodah Siyakisa och Margareta B\u00e4cklund (FN-f\u00f6reningen) tittar p\u00e5 ett av bokpaketen som kom fram h\u00f6sten 2017.<\/p><\/div>\n<p>Geneskolan med Rektor och Elevr\u00e5d i spetsen har, precis som f\u00f6rra \u00e5ret, lovat g\u00f6ra en insats f\u00f6r Nyatsambo-biblioteket. Dessutom v\u00e4nder sig FN-f\u00f6reningen till resterande h\u00f6gstadieskolor genom Elevr\u00e5den i Bj\u00e4sta, Husum, H\u00f6gland, Sj\u00e4levad, S\u00f6rliden och \u00c4nget och hoppas p\u00e5 s\u00e5 vis f\u00e5 n\u00e5gra \u201dboknapp\u201d ute bland eleverna. B\u00f6cker \u00e4r en enorm bristvara i Zimbabwe som \u00e4ven i dagarna g\u00e5r igenom en stor ekonomisk kris med en omfattande arbetsl\u00f6shet, delar av landet drabbades \u00e4ven h\u00e5rt nyligen av cyklonen Idai.<\/p>\n<div id=\"attachment_777\" style=\"width: 410px\" class=\"wp-caption alignleft\"><img loading=\"lazy\" decoding=\"async\" aria-describedby=\"caption-attachment-777\" class=\" wp-image-777\" src=\"https:\/\/fn.se\/ornskoldsvik\/wp-content\/uploads\/sites\/98\/2019\/06\/P1010070-300x225.jpg\" alt=\"\" width=\"400\" height=\"300\" srcset=\"https:\/\/fn.se\/ornskoldsvik\/wp-content\/uploads\/sites\/98\/2019\/06\/P1010070-300x225.jpg 300w, https:\/\/fn.se\/ornskoldsvik\/wp-content\/uploads\/sites\/98\/2019\/06\/P1010070-768x576.jpg 768w, https:\/\/fn.se\/ornskoldsvik\/wp-content\/uploads\/sites\/98\/2019\/06\/P1010070-1024x768.jpg 1024w, https:\/\/fn.se\/ornskoldsvik\/wp-content\/uploads\/sites\/98\/2019\/06\/P1010070-650x488.jpg 650w\" sizes=\"auto, (max-width: 400px) 100vw, 400px\" \/><p id=\"caption-attachment-777\" class=\"wp-caption-text\">Det ryms m\u00e5nga fler b\u00f6cker i bokhyllorna i Nyatsambo-skolans bibliotek!<\/p><\/div>\n<p>M\u00e5let med bokaktionen f\u00f6r Nyatsambo-biblioteket har satts till 100 engelska b\u00f6cker, kanske allt f\u00f6r optimistiskt, men vi f\u00e5r se hur det hela fortl\u00f6per.\u00a0 Eventuella insamlade b\u00f6cker kommer att skickas med v\u00e5r kontaktperson Margaret Dongo som bes\u00f6ker \u00d6rnsk\u00f6ldsvik kommande juni\/juli och som lovat ta med sig s\u00e5 m\u00e5nga b\u00f6cker som m\u00f6jligt p\u00e5 tillbakaresan. Vi m\u00e5ste tillsammans klara av detta, s\u00e4ger Stellan B\u00e4cklund avslutningsvis.<\/p>\n<p>Text: Torbj\u00f6rn Lindgren<\/p>\n<p><img loading=\"lazy\" decoding=\"async\" class=\" wp-image-773 alignright\" src=\"https:\/\/fn.se\/ornskoldsvik\/wp-content\/uploads\/sites\/98\/2019\/06\/Bokhyllor-vid-Nyatsambo-School-225x300.jpg\" alt=\"\" width=\"253\" height=\"337\" srcset=\"https:\/\/fn.se\/ornskoldsvik\/wp-content\/uploads\/sites\/98\/2019\/06\/Bokhyllor-vid-Nyatsambo-School-225x300.jpg 225w, https:\/\/fn.se\/ornskoldsvik\/wp-content\/uploads\/sites\/98\/2019\/06\/Bokhyllor-vid-Nyatsambo-School-768x1024.jpg 768w, https:\/\/fn.se\/ornskoldsvik\/wp-content\/uploads\/sites\/98\/2019\/06\/Bokhyllor-vid-Nyatsambo-School-650x867.jpg 650w, https:\/\/fn.se\/ornskoldsvik\/wp-content\/uploads\/sites\/98\/2019\/06\/Bokhyllor-vid-Nyatsambo-School.jpg 810w\" sizes=\"auto, (max-width: 253px) 100vw, 253px\" \/>Foton: Stellan B\u00e4cklund<\/p>\n<div id=\"attachment_775\" style=\"width: 411px\" class=\"wp-caption alignleft\"><img loading=\"lazy\" decoding=\"async\" aria-describedby=\"caption-attachment-775\" class=\"wp-image-775 \" src=\"https:\/\/fn.se\/ornskoldsvik\/wp-content\/uploads\/sites\/98\/2019\/06\/Library-Committee-2018-at-Nyatsambo-300x225.jpg\" alt=\"\" width=\"401\" height=\"301\" srcset=\"https:\/\/fn.se\/ornskoldsvik\/wp-content\/uploads\/sites\/98\/2019\/06\/Library-Committee-2018-at-Nyatsambo-300x225.jpg 300w, https:\/\/fn.se\/ornskoldsvik\/wp-content\/uploads\/sites\/98\/2019\/06\/Library-Committee-2018-at-Nyatsambo-768x576.jpg 768w, https:\/\/fn.se\/ornskoldsvik\/wp-content\/uploads\/sites\/98\/2019\/06\/Library-Committee-2018-at-Nyatsambo-1024x768.jpg 1024w, https:\/\/fn.se\/ornskoldsvik\/wp-content\/uploads\/sites\/98\/2019\/06\/Library-Committee-2018-at-Nyatsambo-650x488.jpg 650w, https:\/\/fn.se\/ornskoldsvik\/wp-content\/uploads\/sites\/98\/2019\/06\/Library-Committee-2018-at-Nyatsambo.jpg 1200w\" sizes=\"auto, (max-width: 401px) 100vw, 401px\" \/><p id=\"caption-attachment-775\" class=\"wp-caption-text\">Bibliotekskommitt\u00e9n vid Nyatsambo samlad utanf\u00f6r Biblioteket f\u00f6r m\u00f6te i januari 2018 med Margareta B\u00e4cklund FN-f\u00f6reningen<\/p><\/div>\n","protected":false},"excerpt":{"rendered":"<p>Engelska barn- och ungdomsb\u00f6cker till Zimbabwe FN-f\u00f6reningen tar tacksamt emot hj\u00e4lp i f\u00f6rs\u00f6ken att samla in barn- och ungdomsb\u00f6cker till&hellip;<\/p>\n","protected":false},"author":111,"featured_media":0,"parent":0,"menu_order":0,"comment_status":"closed","ping_status":"closed","template":"","meta":{"_acf_changed":false,"footnotes":"","_links_to":"","_links_to_target":""},"class_list":["post-772","page","type-page","status-publish","hentry"],"acf":[],"_links":{"self":[{"href":"https:\/\/fn.se\/ornskoldsvik\/wp-json\/wp\/v2\/pages\/772","targetHints":{"allow":["GET"]}}],"collection":[{"href":"https:\/\/fn.se\/ornskoldsvik\/wp-json\/wp\/v2\/pages"}],"about":[{"href":"https:\/\/fn.se\/ornskoldsvik\/wp-json\/wp\/v2\/types\/page"}],"author":[{"embeddable":true,"href":"https:\/\/fn.se\/ornskoldsvik\/wp-json\/wp\/v2\/users\/111"}],"replies":[{"embeddable":true,"href":"https:\/\/fn.se\/ornskoldsvik\/wp-json\/wp\/v2\/comments?post=772"}],"version-history":[{"count":5,"href":"https:\/\/fn.se\/ornskoldsvik\/wp-json\/wp\/v2\/pages\/772\/revisions"}],"predecessor-version":[{"id":784,"href":"https:\/\/fn.se\/ornskoldsvik\/wp-json\/wp\/v2\/pages\/772\/revisions\/784"}],"wp:attachment":[{"href":"https:\/\/fn.se\/ornskoldsvik\/wp-json\/wp\/v2\/media?parent=772"}],"curies":[{"name":"wp","href":"https:\/\/api.w.org\/{rel}","templated":true}]}}