{"id":555,"date":"2018-03-25T12:54:02","date_gmt":"2018-03-25T12:54:02","guid":{"rendered":"https:\/\/fn.se\/ornskoldsvik\/?page_id=555"},"modified":"2018-03-25T12:54:02","modified_gmt":"2018-03-25T12:54:02","slug":"zimbabwe-i-fokus-inom-fn-foreningen","status":"publish","type":"page","link":"https:\/\/fn.se\/ornskoldsvik\/zimbabwe-i-fokus-inom-fn-foreningen\/","title":{"rendered":"ZIMBABWE i fokus inom FN-f\u00f6reningen"},"content":{"rendered":"<p>Vid FN-f\u00f6reningens tredje och sista temam\u00f6te f\u00f6r v\u00e5ren tog ordf\u00f6randen Stellan B\u00e4cklund upp den r\u00e5dande situationen i Zimbabwe och gav \u00e4ven en kort rapport fr\u00e5n f\u00f6reningens olika skolrelaterade projekt som man st\u00f6tt i landet, projekt som inleddes efter fredsinformat\u00f6rsresan 1989 i samarbete med Vnrl:s FN-distrikt. Idag har drygt tre miljoner kronor kanaliserats till projekten varav en del \u00e4nnu p\u00e5g\u00e5r, inte minst d\u00e5 st\u00f6det som initierades 2012 till Skol \u2013 och Folkbiblioteket vid skolan i Nyatsambo utanf\u00f6r huvudstaden Harare.<\/p>\n<p><img loading=\"lazy\" decoding=\"async\" class=\"alignnone size-medium wp-image-558\" src=\"https:\/\/fn.se\/ornskoldsvik\/wp-content\/uploads\/sites\/98\/2018\/03\/P1030064-300x225.jpg\" alt=\"\" width=\"300\" height=\"225\" srcset=\"https:\/\/fn.se\/ornskoldsvik\/wp-content\/uploads\/sites\/98\/2018\/03\/P1030064-300x225.jpg 300w, https:\/\/fn.se\/ornskoldsvik\/wp-content\/uploads\/sites\/98\/2018\/03\/P1030064-768x576.jpg 768w, https:\/\/fn.se\/ornskoldsvik\/wp-content\/uploads\/sites\/98\/2018\/03\/P1030064-1024x768.jpg 1024w, https:\/\/fn.se\/ornskoldsvik\/wp-content\/uploads\/sites\/98\/2018\/03\/P1030064-427x320.jpg 427w, https:\/\/fn.se\/ornskoldsvik\/wp-content\/uploads\/sites\/98\/2018\/03\/P1030064-933x700.jpg 933w, https:\/\/fn.se\/ornskoldsvik\/wp-content\/uploads\/sites\/98\/2018\/03\/P1030064.jpg 1600w\" sizes=\"auto, (max-width: 300px) 100vw, 300px\" \/>\u00a0\u00a0<img loading=\"lazy\" decoding=\"async\" class=\"alignnone size-medium wp-image-557\" src=\"https:\/\/fn.se\/ornskoldsvik\/wp-content\/uploads\/sites\/98\/2018\/03\/P1030060-300x225.jpg\" alt=\"\" width=\"300\" height=\"225\" srcset=\"https:\/\/fn.se\/ornskoldsvik\/wp-content\/uploads\/sites\/98\/2018\/03\/P1030060-300x225.jpg 300w, https:\/\/fn.se\/ornskoldsvik\/wp-content\/uploads\/sites\/98\/2018\/03\/P1030060-768x576.jpg 768w, https:\/\/fn.se\/ornskoldsvik\/wp-content\/uploads\/sites\/98\/2018\/03\/P1030060-1024x768.jpg 1024w, https:\/\/fn.se\/ornskoldsvik\/wp-content\/uploads\/sites\/98\/2018\/03\/P1030060-427x320.jpg 427w, https:\/\/fn.se\/ornskoldsvik\/wp-content\/uploads\/sites\/98\/2018\/03\/P1030060-933x700.jpg 933w, https:\/\/fn.se\/ornskoldsvik\/wp-content\/uploads\/sites\/98\/2018\/03\/P1030060.jpg 1600w\" sizes=\"auto, (max-width: 300px) 100vw, 300px\" \/>\u00a0\u00a0<img loading=\"lazy\" decoding=\"async\" class=\"alignnone size-medium wp-image-556\" src=\"https:\/\/fn.se\/ornskoldsvik\/wp-content\/uploads\/sites\/98\/2018\/03\/P1030055-300x225.jpg\" alt=\"\" width=\"300\" height=\"225\" srcset=\"https:\/\/fn.se\/ornskoldsvik\/wp-content\/uploads\/sites\/98\/2018\/03\/P1030055-300x225.jpg 300w, https:\/\/fn.se\/ornskoldsvik\/wp-content\/uploads\/sites\/98\/2018\/03\/P1030055-768x576.jpg 768w, https:\/\/fn.se\/ornskoldsvik\/wp-content\/uploads\/sites\/98\/2018\/03\/P1030055-1024x768.jpg 1024w, https:\/\/fn.se\/ornskoldsvik\/wp-content\/uploads\/sites\/98\/2018\/03\/P1030055-427x320.jpg 427w, https:\/\/fn.se\/ornskoldsvik\/wp-content\/uploads\/sites\/98\/2018\/03\/P1030055-933x700.jpg 933w, https:\/\/fn.se\/ornskoldsvik\/wp-content\/uploads\/sites\/98\/2018\/03\/P1030055.jpg 1600w\" sizes=\"auto, (max-width: 300px) 100vw, 300px\" \/><\/p>\n<p>St\u00f6d utg\u00e5r \u00e4nnu till Bangira-projektet och de d\u00e4r byggda f\u00f6rskolorna vilket drogs ig\u00e5ng redan 1996 med st\u00f6d fr\u00e5n olika skolor inom kommunen. Verksamheten rullar vidare i stort helt enligt gjorda planer, vissa problem har dock uppst\u00e5tt n\u00e4r det g\u00e4ller gatubarnsprojektet Just Children Foundation, man avvaktar tills vidare f\u00f6r att se hur det hela kommer att avl\u00f6pa.\u00a0 Skolbygget vid Gasanyama \u00e4r avklarat och invigt och barnhemmet Danai utvecklas p\u00e5 ett fint s\u00e4tt, rapporterade Stellan till de talrika \u00e5h\u00f6rarna som slutit upp trots det r\u00e5dande sn\u00f6ov\u00e4dret.<\/p>\n<p>Hj\u00e4lpredan Mrs Margaret Dongo har betytt oerh\u00f6rt mycket, hon har bist\u00e5tt f\u00f6reningen i hela 25 \u00e5r p\u00e5 ett f\u00f6rtr\u00e4ffligt s\u00e4tt. Projekten har fortl\u00f6pande utv\u00e4rderats och \u00e4r genomf\u00f6rda framf\u00f6r allt tack vare insamlade pengar genom Operation Syskonskola i kommunens h\u00f6gstadieskolor.<\/p>\n<p>Samma dag som Stellan och frun Margareta anl\u00e4nde s\u00e5 \u00e4gde kuppen mot Mugabe och hans regering rum, en kupp som genomf\u00f6rdes oblodigt genom arm\u00e9n och generalen Chiwenga.\u00a0 En del misst\u00e4nkta och korrupta ministrar hann fly ur landet men en del lyckades man \u201df\u00e5nga in\u201d och arrestera. Fraktionsstrider hade p\u00e5g\u00e5tt inom regeringen en l\u00e4ngre tid och vicepresidenten hade avsatts och flytt till Sydafrika. Mugabes fru Grace s\u00e5gs som en kandidat till att p\u00e5 sikt ta \u00f6ver makten i landet, en sak som s\u00e5gs med oblida \u00f6gon officiellt av landets ledande milit\u00e4rer.<\/p>\n<p>Mugabe tr\u00e4dde tillbaka efter n\u00e5gra dagar n\u00e4r hotet om riksr\u00e4tt proklamerades via parlamentet och s\u00e5 hemkallades vicepresidenten, E.D. Mnangagwa, som under stor pompa och st\u00e5t uts\u00e5gs till ny president p\u00e5 National Stadium i Harare med 60.000 \u00e5h\u00f6rare p\u00e5 l\u00e4ktarna. Mugabes 37 \u00e5r vid makten var \u00f6ver och den nya regeringen har nu en gigantiskt uppgift framf\u00f6r sig att skapa jobb och stoppa den mycket utbredda korruptionen i det h\u00e5rt drabbade landet. Detta samtidigt som ocks\u00e5 milit\u00e4ren st\u00e4rkt sin makt och folket hoppas p\u00e5 f\u00f6rb\u00e4ttringar \u00f6ver hela linjen, avslutade Stellan sitt f\u00f6redrag.<\/p>\n<p><img loading=\"lazy\" decoding=\"async\" class=\"alignnone  wp-image-559\" src=\"https:\/\/fn.se\/ornskoldsvik\/wp-content\/uploads\/sites\/98\/2018\/03\/P1030068-300x225.jpg\" alt=\"\" width=\"440\" height=\"330\" srcset=\"https:\/\/fn.se\/ornskoldsvik\/wp-content\/uploads\/sites\/98\/2018\/03\/P1030068-300x225.jpg 300w, https:\/\/fn.se\/ornskoldsvik\/wp-content\/uploads\/sites\/98\/2018\/03\/P1030068-768x576.jpg 768w, https:\/\/fn.se\/ornskoldsvik\/wp-content\/uploads\/sites\/98\/2018\/03\/P1030068-1024x768.jpg 1024w, https:\/\/fn.se\/ornskoldsvik\/wp-content\/uploads\/sites\/98\/2018\/03\/P1030068-427x320.jpg 427w, https:\/\/fn.se\/ornskoldsvik\/wp-content\/uploads\/sites\/98\/2018\/03\/P1030068-933x700.jpg 933w, https:\/\/fn.se\/ornskoldsvik\/wp-content\/uploads\/sites\/98\/2018\/03\/P1030068.jpg 1600w\" sizes=\"auto, (max-width: 440px) 100vw, 440px\" \/><\/p>\n<p>Stellan avtackades av Anita Harning som \u00e4ven tillsammans med Birgitta Nordin stod f\u00f6r kv\u00e4llens fika.<\/p>\n<p>\/Toli<\/p>\n","protected":false},"excerpt":{"rendered":"<p>Vid FN-f\u00f6reningens tredje och sista temam\u00f6te f\u00f6r v\u00e5ren tog ordf\u00f6randen Stellan B\u00e4cklund upp den r\u00e5dande situationen i Zimbabwe och gav&hellip;<\/p>\n","protected":false},"author":111,"featured_media":0,"parent":0,"menu_order":0,"comment_status":"closed","ping_status":"closed","template":"templates\/template-sub.php","meta":{"_acf_changed":false,"footnotes":"","_links_to":"","_links_to_target":""},"class_list":["post-555","page","type-page","status-publish","hentry"],"acf":[],"_links":{"self":[{"href":"https:\/\/fn.se\/ornskoldsvik\/wp-json\/wp\/v2\/pages\/555","targetHints":{"allow":["GET"]}}],"collection":[{"href":"https:\/\/fn.se\/ornskoldsvik\/wp-json\/wp\/v2\/pages"}],"about":[{"href":"https:\/\/fn.se\/ornskoldsvik\/wp-json\/wp\/v2\/types\/page"}],"author":[{"embeddable":true,"href":"https:\/\/fn.se\/ornskoldsvik\/wp-json\/wp\/v2\/users\/111"}],"replies":[{"embeddable":true,"href":"https:\/\/fn.se\/ornskoldsvik\/wp-json\/wp\/v2\/comments?post=555"}],"version-history":[{"count":1,"href":"https:\/\/fn.se\/ornskoldsvik\/wp-json\/wp\/v2\/pages\/555\/revisions"}],"predecessor-version":[{"id":560,"href":"https:\/\/fn.se\/ornskoldsvik\/wp-json\/wp\/v2\/pages\/555\/revisions\/560"}],"wp:attachment":[{"href":"https:\/\/fn.se\/ornskoldsvik\/wp-json\/wp\/v2\/media?parent=555"}],"curies":[{"name":"wp","href":"https:\/\/api.w.org\/{rel}","templated":true}]}}