{"id":529,"date":"2018-02-24T13:59:08","date_gmt":"2018-02-24T13:59:08","guid":{"rendered":"https:\/\/fn.se\/ornskoldsvik\/?page_id=529"},"modified":"2018-02-24T14:12:51","modified_gmt":"2018-02-24T14:12:51","slug":"praktikant-inom-fn-rorelsen-i-tanzania","status":"publish","type":"page","link":"https:\/\/fn.se\/ornskoldsvik\/praktikant-inom-fn-rorelsen-i-tanzania\/","title":{"rendered":"Praktikant inom FN-r\u00f6relsen i Tanzania"},"content":{"rendered":"<p><img loading=\"lazy\" decoding=\"async\" class=\"alignnone wp-image-530\" src=\"https:\/\/fn.se\/ornskoldsvik\/wp-content\/uploads\/sites\/98\/2018\/02\/P1030017c-300x242.jpg\" alt=\"\" width=\"318\" height=\"257\" srcset=\"https:\/\/fn.se\/ornskoldsvik\/wp-content\/uploads\/sites\/98\/2018\/02\/P1030017c-300x242.jpg 300w, https:\/\/fn.se\/ornskoldsvik\/wp-content\/uploads\/sites\/98\/2018\/02\/P1030017c-768x621.jpg 768w, https:\/\/fn.se\/ornskoldsvik\/wp-content\/uploads\/sites\/98\/2018\/02\/P1030017c-1024x827.jpg 1024w, https:\/\/fn.se\/ornskoldsvik\/wp-content\/uploads\/sites\/98\/2018\/02\/P1030017c-396x320.jpg 396w, https:\/\/fn.se\/ornskoldsvik\/wp-content\/uploads\/sites\/98\/2018\/02\/P1030017c-866x700.jpg 866w, https:\/\/fn.se\/ornskoldsvik\/wp-content\/uploads\/sites\/98\/2018\/02\/P1030017c.jpg 1292w\" sizes=\"auto, (max-width: 318px) 100vw, 318px\" \/>\u00a0\u00a0<img loading=\"lazy\" decoding=\"async\" class=\"alignnone wp-image-531\" src=\"https:\/\/fn.se\/ornskoldsvik\/wp-content\/uploads\/sites\/98\/2018\/02\/P1030018-300x225.jpg\" alt=\"\" width=\"342\" height=\"256\" srcset=\"https:\/\/fn.se\/ornskoldsvik\/wp-content\/uploads\/sites\/98\/2018\/02\/P1030018-300x225.jpg 300w, https:\/\/fn.se\/ornskoldsvik\/wp-content\/uploads\/sites\/98\/2018\/02\/P1030018-768x576.jpg 768w, https:\/\/fn.se\/ornskoldsvik\/wp-content\/uploads\/sites\/98\/2018\/02\/P1030018-1024x768.jpg 1024w, https:\/\/fn.se\/ornskoldsvik\/wp-content\/uploads\/sites\/98\/2018\/02\/P1030018-427x320.jpg 427w, https:\/\/fn.se\/ornskoldsvik\/wp-content\/uploads\/sites\/98\/2018\/02\/P1030018-933x700.jpg 933w, https:\/\/fn.se\/ornskoldsvik\/wp-content\/uploads\/sites\/98\/2018\/02\/P1030018.jpg 1600w\" sizes=\"auto, (max-width: 342px) 100vw, 342px\" \/>\u00a0\u00a0<img loading=\"lazy\" decoding=\"async\" class=\"alignnone wp-image-532\" src=\"https:\/\/fn.se\/ornskoldsvik\/wp-content\/uploads\/sites\/98\/2018\/02\/01TanzKarta-300x297.jpg\" alt=\"\" width=\"292\" height=\"289\" srcset=\"https:\/\/fn.se\/ornskoldsvik\/wp-content\/uploads\/sites\/98\/2018\/02\/01TanzKarta-300x297.jpg 300w, https:\/\/fn.se\/ornskoldsvik\/wp-content\/uploads\/sites\/98\/2018\/02\/01TanzKarta-768x760.jpg 768w, https:\/\/fn.se\/ornskoldsvik\/wp-content\/uploads\/sites\/98\/2018\/02\/01TanzKarta-323x320.jpg 323w, https:\/\/fn.se\/ornskoldsvik\/wp-content\/uploads\/sites\/98\/2018\/02\/01TanzKarta-708x700.jpg 708w, https:\/\/fn.se\/ornskoldsvik\/wp-content\/uploads\/sites\/98\/2018\/02\/01TanzKarta.jpg 839w\" sizes=\"auto, (max-width: 292px) 100vw, 292px\" \/><\/p>\n<p>Till FN-f\u00f6reningens f\u00f6rsta temam\u00f6te f\u00f6r v\u00e5ren hade man inbjudit Hannes Berggren, student fr\u00e5n Lund\u00a0 d\u00e4r han studerar statsvetenskap och nationalekonomi f\u00f6r tillf\u00e4llet. B\u00f6rdig fr\u00e5n Orrvik inom N\u00e4tra och gammal elev fr\u00e5n b\u00e5de Bj\u00e4sta &#8211; och Nolaskolan.\u00a0 Han skulle\u00a0 redog\u00f6ra fr\u00e5n sin praktikperiod knuten till Tanzanias FN-f\u00f6rbund i h\u00f6stas och \u00e4ven ber\u00e4tta om den r\u00e5dande situationen i landet och ber\u00f6ra v\u00e5rt svenska bist\u00e5nd som har mycket l\u00e5ng tradition.<\/p>\n<p>Tanzania blev sj\u00e4lvst\u00e4ndigt 1961 fr\u00e5n den brittiska ockupationen och har drygt 55 miljoner inv\u00e5nare, var \u00e5ren 1886-1919 \u00e4ven koloniserat som Tyska \u00d6stafrika. 1964 bildade Tanganyika och kustn\u00e4ra krydd\u00f6n Zanzibar\u00a0 ute i Indiska Oceanen F\u00f6renade republiken Tanzania. Idag \u00e4r man en unionsrepublik d\u00e4r\u00a0 Zanzibar har egen regering och ett eget parlament. Huvudstaden heter Dodoma sedan 1996 och ligger inne i landet, den st\u00f6rsta staden \u00e4r Dar es-Salaam nere vid kusten med dryga 5 miljoner inv\u00e5nare idag.<\/p>\n<p>Omr\u00e5det \u00e4r ett av v\u00e4rldens l\u00e4ngst bebodda\u00a0 och har idag de tre stora sj\u00f6arna Victoriasj\u00f6n, Malawisj\u00f6n och Tanganyikasj\u00f6n inom sina gr\u00e4nser. Hannes hann \u00e4ven bes\u00f6ka Serengeti Nationalpark och som krydda p\u00e5 sin vistelse bestiga Kilimanjaro, Afrikas h\u00f6gsta berg.<\/p>\n<p>Tanzanias f\u00f6rste president Julius Nyerere styrde landet mellan 1961 och 1985 och idag heter presidenten John Magufuli, under senare \u00e5r har landet haft en god ekonomisk tillv\u00e4xt, \u00e5r 2016 l\u00e5g tillv\u00e4xten p\u00e5 \u00f6ver sju procent. J\u00e4mst\u00e4lldheten prioriteras idag i landet,\u00a0 man har f\u00f6r \u00f6vrigt 36 procent kvinnor som sitter i parlamentet.<\/p>\n<p>Tanzanias FN-f\u00f6rbund har samarbete med Svenska FN-f\u00f6rbundet sedan 2010 som erbj\u00f6d fyra praktikplatser under f\u00f6rra \u00e5ret,\u00a0 f\u00f6rutom i Tanzania \u00e4ven i Zimbabwe, Georgien och Armenien. Syftet med samarbetet i Tanzania \u00e4r att st\u00f6dja och utbilda nationella civilorganisationer i hur FN:s Globala M\u00e5l ska implementeras i landet med uppf\u00f6ljning b\u00e5de lokalt och nationellt. Vidare ska fokus vara\u00a0 riktat mot ungas deltagande inom olika utvecklingsprogram. Praktikanten ska efter hemkomsten sprida information fr\u00e5n praktikperioden. Antalet praktikplatser kommer att ut\u00f6kas och Hannes hade bara positiva erfarenheter\u00a0 fr\u00e5n Svenska FN-f\u00f6rbundet att f\u00f6ra vidare fr\u00e5n sin period i Tanzania. Unik chans f\u00f6r m\u00e5nga ungdomar att f\u00e5 praktik som man kan ha nytta av i framtiden kopplat till sin utbildning.<\/p>\n<p>Hannes \u00f6ppnade slutligen\u00a0 f\u00f6r fr\u00e5gor runt vistelsen i landet och avtackades av\u00a0 FN-f\u00f6reningens ordf\u00f6rande Stellan B\u00e4cklund f\u00f6r sin initierade rapport fr\u00e5n vistelsen i landet. Gl\u00e4djande var ocks\u00e5 att s\u00e5 m\u00e5nga \u00e5h\u00f6rare slutit upp p\u00e5 NBV trots kylan, en del skulle \u00e4ven inom kort ocks\u00e5 bes\u00f6ka landet.<\/p>\n<p>\/ESSBE<\/p>\n<p>Foto: toli<\/p>\n<p>Avslutningsvis n\u00e5gra bilder fr\u00e5n ESSBEs och tolis resa till Tanzania 1981, inklusive kartbilden l\u00e4ngst upp.<\/p>\n<p><img loading=\"lazy\" decoding=\"async\" class=\"alignnone wp-image-535\" src=\"https:\/\/fn.se\/ornskoldsvik\/wp-content\/uploads\/sites\/98\/2018\/02\/03tan162-300x193.jpg\" alt=\"\" width=\"221\" height=\"142\" srcset=\"https:\/\/fn.se\/ornskoldsvik\/wp-content\/uploads\/sites\/98\/2018\/02\/03tan162-300x193.jpg 300w, https:\/\/fn.se\/ornskoldsvik\/wp-content\/uploads\/sites\/98\/2018\/02\/03tan162-768x494.jpg 768w, https:\/\/fn.se\/ornskoldsvik\/wp-content\/uploads\/sites\/98\/2018\/02\/03tan162-1024x659.jpg 1024w, https:\/\/fn.se\/ornskoldsvik\/wp-content\/uploads\/sites\/98\/2018\/02\/03tan162-450x289.jpg 450w, https:\/\/fn.se\/ornskoldsvik\/wp-content\/uploads\/sites\/98\/2018\/02\/03tan162.jpg 1866w\" sizes=\"auto, (max-width: 221px) 100vw, 221px\" \/>\u00a0\u00a0<img loading=\"lazy\" decoding=\"async\" class=\"alignnone wp-image-534\" src=\"https:\/\/fn.se\/ornskoldsvik\/wp-content\/uploads\/sites\/98\/2018\/02\/35tan030-300x191.jpg\" alt=\"\" width=\"222\" height=\"141\" srcset=\"https:\/\/fn.se\/ornskoldsvik\/wp-content\/uploads\/sites\/98\/2018\/02\/35tan030-300x191.jpg 300w, https:\/\/fn.se\/ornskoldsvik\/wp-content\/uploads\/sites\/98\/2018\/02\/35tan030-768x490.jpg 768w, https:\/\/fn.se\/ornskoldsvik\/wp-content\/uploads\/sites\/98\/2018\/02\/35tan030-1024x653.jpg 1024w, https:\/\/fn.se\/ornskoldsvik\/wp-content\/uploads\/sites\/98\/2018\/02\/35tan030-450x287.jpg 450w, https:\/\/fn.se\/ornskoldsvik\/wp-content\/uploads\/sites\/98\/2018\/02\/35tan030.jpg 1881w\" sizes=\"auto, (max-width: 222px) 100vw, 222px\" \/>\u00a0\u00a0<img loading=\"lazy\" decoding=\"async\" class=\"alignnone wp-image-533\" src=\"https:\/\/fn.se\/ornskoldsvik\/wp-content\/uploads\/sites\/98\/2018\/02\/17tan158-300x193.jpg\" alt=\"\" width=\"219\" height=\"141\" srcset=\"https:\/\/fn.se\/ornskoldsvik\/wp-content\/uploads\/sites\/98\/2018\/02\/17tan158-300x193.jpg 300w, https:\/\/fn.se\/ornskoldsvik\/wp-content\/uploads\/sites\/98\/2018\/02\/17tan158-768x494.jpg 768w, https:\/\/fn.se\/ornskoldsvik\/wp-content\/uploads\/sites\/98\/2018\/02\/17tan158-1024x659.jpg 1024w, https:\/\/fn.se\/ornskoldsvik\/wp-content\/uploads\/sites\/98\/2018\/02\/17tan158-450x289.jpg 450w, https:\/\/fn.se\/ornskoldsvik\/wp-content\/uploads\/sites\/98\/2018\/02\/17tan158.jpg 1866w\" sizes=\"auto, (max-width: 219px) 100vw, 219px\" \/><\/p>\n","protected":false},"excerpt":{"rendered":"<p>\u00a0\u00a0\u00a0\u00a0 Till FN-f\u00f6reningens f\u00f6rsta temam\u00f6te f\u00f6r v\u00e5ren hade man inbjudit Hannes Berggren, student fr\u00e5n Lund\u00a0 d\u00e4r han studerar statsvetenskap och&hellip;<\/p>\n","protected":false},"author":111,"featured_media":0,"parent":0,"menu_order":0,"comment_status":"closed","ping_status":"closed","template":"templates\/template-sub.php","meta":{"_acf_changed":false,"footnotes":"","_links_to":"","_links_to_target":""},"class_list":["post-529","page","type-page","status-publish","hentry"],"acf":[],"_links":{"self":[{"href":"https:\/\/fn.se\/ornskoldsvik\/wp-json\/wp\/v2\/pages\/529","targetHints":{"allow":["GET"]}}],"collection":[{"href":"https:\/\/fn.se\/ornskoldsvik\/wp-json\/wp\/v2\/pages"}],"about":[{"href":"https:\/\/fn.se\/ornskoldsvik\/wp-json\/wp\/v2\/types\/page"}],"author":[{"embeddable":true,"href":"https:\/\/fn.se\/ornskoldsvik\/wp-json\/wp\/v2\/users\/111"}],"replies":[{"embeddable":true,"href":"https:\/\/fn.se\/ornskoldsvik\/wp-json\/wp\/v2\/comments?post=529"}],"version-history":[{"count":7,"href":"https:\/\/fn.se\/ornskoldsvik\/wp-json\/wp\/v2\/pages\/529\/revisions"}],"predecessor-version":[{"id":543,"href":"https:\/\/fn.se\/ornskoldsvik\/wp-json\/wp\/v2\/pages\/529\/revisions\/543"}],"wp:attachment":[{"href":"https:\/\/fn.se\/ornskoldsvik\/wp-json\/wp\/v2\/media?parent=529"}],"curies":[{"name":"wp","href":"https:\/\/api.w.org\/{rel}","templated":true}]}}