{"id":2,"date":"2016-08-11T11:11:46","date_gmt":"2016-08-11T11:11:46","guid":{"rendered":"http:\/\/fn.se\/ornskoldsviks-fn-forening\/?page_id=2"},"modified":"2026-03-23T12:47:36","modified_gmt":"2026-03-23T12:47:36","slug":"sample-page","status":"publish","type":"page","link":"https:\/\/fn.se\/ornskoldsvik\/","title":{"rendered":"Hem"},"content":{"rendered":"\n<h1 class=\"wp-block-heading\" id=\"valkommen-till-ornskoldsviks-fn-forening\">V\u00e4lkommen till&nbsp;\u00d6rnsk\u00f6ldsviks FN-f\u00f6rening!<img loading=\"lazy\" decoding=\"async\" class=\"alignright\" src=\"https:\/\/fn.se\/ornskoldsvik\/wp-content\/uploads\/sites\/98\/2016\/08\/SFN_F\u00d6RENING_\u00d6rnsk\u00f6ldsviksB.jpg\" alt=\"sfn_logopayoff_pos_right\" width=\"107\" height=\"235\"><\/h1>\n\n\n\n<div>\n<p>\u00d6rnsk\u00f6ldsviks FN-f\u00f6rening \u00e4r en del av den svenska FN-r\u00f6relsen och knuten till Svenska FN-f\u00f6rbundet. F\u00f6reningen \u00e4r partipolitiskt och religi\u00f6st obunden. All verksamhet bygger p\u00e5 lokala och n\u00e4ra krafter, vi t\u00e4nker globalt men handlar n\u00e4ra och lokalt. Vi beh\u00f6ver FN! FN beh\u00f6ver dig! <strong><br><a href=\"https:\/\/betalning.fn.se\/pfs\/memberregistration\/\" target=\"_blank\" rel=\"noopener noreferrer\">V\u00e4lkommen som medlem i v\u00e5r f\u00f6rening!<\/a><\/strong><\/p>\n<\/div>\n\n\n\n<p class=\"has-text-align-center\">      V\u00c5RA TRE PRIORITERADE OMR\u00c5DEN<\/p>\n\n\n\n<div class=\"wp-block-columns alignwide are-vertically-aligned-center is-layout-flex wp-container-core-columns-is-layout-9d6595d7 wp-block-columns-is-layout-flex\">\n<div class=\"wp-block-column is-vertically-aligned-center is-layout-flow wp-block-column-is-layout-flow\">\n<p class=\"has-text-align-center has-large-font-size\"><strong>K\u00e4rnvapen<\/strong><\/p>\n<\/div>\n\n\n\n<div class=\"wp-block-column is-vertically-aligned-center is-layout-flow wp-block-column-is-layout-flow\">\n<p class=\"has-text-align-center has-large-font-size\"><strong>Flickor och kvinnors villkor<\/strong><\/p>\n<\/div>\n\n\n\n<div class=\"wp-block-column is-vertically-aligned-center is-layout-flow wp-block-column-is-layout-flow\">\n<p class=\"has-text-align-center has-large-font-size\"><strong>Klimatet<\/strong><\/p>\n<\/div>\n<\/div>\n\n\n\n<p>Mycket h\u00e4nder i v\u00e4rlden&nbsp; och FN\u2019s&nbsp; roll lokalt, nationellt och internationellt efterfr\u00e5gas. <br>Som medlem i lokalavdelningen \u00e4r du med och bidrar till att skapa en h\u00e5llbar v\u00e4rld och st\u00f6der arbetet med opinionsbildning, kunskapsspridning som g\u00f6r v\u00e5r v\u00e4rld b\u00e4ttre. <br>Utmaningarna \u00e4r stora och vi beh\u00f6ver hj\u00e4lpas \u00e5t. Vi \u00e4r tacksamma f\u00f6r ditt st\u00f6d.&nbsp;<\/p>\n\n\n\n<div class=\"wp-block-group is-nowrap is-layout-flex wp-container-core-group-is-layout-ad2f72ca wp-block-group-is-layout-flex\">\n<p>\u00c4r du \u00e4nnu inte medlem kan du bli det h\u00e4r &#8211; <a href=\"https:\/\/betalning.fn.se\/pfs\/memberregistration\">https:\/\/betalning.fn.se\/pfs\/memberregistration<\/a><\/p>\n\n\n\n<p><strong>Senaste nytt: Vid \u00e5rsm\u00f6tet bildades en ny styrelse med ny ordf\u00f6rande, Nyasha Manyau. Inger Melkersson kass\u00f6r och H\u00e5kan Lindgren sekreterare.<br>Kontaktuppgifter kommer p\u00e5 kontaktsidan och styrelsesidan.<\/strong><\/p>\n\n\n\n<p><\/p>\n<\/div>\n\n\n<p><strong>V\u00e5ren 2026<\/strong><br \/><strong>27<\/strong> januariMinnesdag f\u00f6r F\u00f6rintelsen<strong><br \/>8 mars\u00a0 <\/strong>Internationella Kvinnodagen<strong><br \/>11 mars \u00c5rsm\u00f6te\u00a0 G\u00e4st: Abbas Assaf om situationen i Kibanon<\/strong><br \/>28 mars\u00a0 Earth Hour<br \/>25 april\u00a0 \u00a0Kl\u00e4dbytardagen\u00a0<br \/>14 juni 11.00\u00a0 Klimatgudstj\u00e4nst, M\u00e5 \u00e5tervinningscentral<\/p>\n\n\n<p>Vi vill fylla p\u00e5 med intressanta temakv\u00e4llar och aktiviteter utifr\u00e5n medlemmarnas intresse. Om du har ett f\u00f6rslag p\u00e5 aktivitet som du brinner f\u00f6r, kontakta styrelsen &#8211; <a href=\"mailto:fnforeningenovik@gmail.com\">fnforeningenovik@gmail.com<\/a> <br>Vi g\u00f6r det tillsammans, utnyttja ditt medlemskap.<\/p>\n\n\n\n<p id=\"E106\"><a style=\"font-size: inherit\" href=\"https:\/\/fn.se\/ornskoldsvik\/nyhetsarkiv\/\"><strong>Arkiv<\/strong><\/a><span style=\"font-size: inherit\"> (\u00c4ldre Temam\u00f6ten i huvudsak. H\u00e4r hamnar med tiden ovanst\u00e5ende rubriker!)<\/span><\/p>\n\n\n\n<p><\/p>\n","protected":false},"excerpt":{"rendered":"<p>V\u00e4lkommen till&nbsp;\u00d6rnsk\u00f6ldsviks FN-f\u00f6rening! \u00d6rnsk\u00f6ldsviks FN-f\u00f6rening \u00e4r en del av den svenska FN-r\u00f6relsen och knuten till Svenska FN-f\u00f6rbundet. F\u00f6reningen \u00e4r partipolitiskt&hellip;<\/p>\n","protected":false},"author":16,"featured_media":1785,"parent":0,"menu_order":0,"comment_status":"closed","ping_status":"closed","template":"templates\/template-sub.php","meta":{"_acf_changed":false,"footnotes":"","_links_to":"","_links_to_target":""},"class_list":["post-2","page","type-page","status-publish","has-post-thumbnail","hentry"],"acf":[],"_links":{"self":[{"href":"https:\/\/fn.se\/ornskoldsvik\/wp-json\/wp\/v2\/pages\/2","targetHints":{"allow":["GET"]}}],"collection":[{"href":"https:\/\/fn.se\/ornskoldsvik\/wp-json\/wp\/v2\/pages"}],"about":[{"href":"https:\/\/fn.se\/ornskoldsvik\/wp-json\/wp\/v2\/types\/page"}],"author":[{"embeddable":true,"href":"https:\/\/fn.se\/ornskoldsvik\/wp-json\/wp\/v2\/users\/16"}],"replies":[{"embeddable":true,"href":"https:\/\/fn.se\/ornskoldsvik\/wp-json\/wp\/v2\/comments?post=2"}],"version-history":[{"count":581,"href":"https:\/\/fn.se\/ornskoldsvik\/wp-json\/wp\/v2\/pages\/2\/revisions"}],"predecessor-version":[{"id":1920,"href":"https:\/\/fn.se\/ornskoldsvik\/wp-json\/wp\/v2\/pages\/2\/revisions\/1920"}],"wp:featuredmedia":[{"embeddable":true,"href":"https:\/\/fn.se\/ornskoldsvik\/wp-json\/wp\/v2\/media\/1785"}],"wp:attachment":[{"href":"https:\/\/fn.se\/ornskoldsvik\/wp-json\/wp\/v2\/media?parent=2"}],"curies":[{"name":"wp","href":"https:\/\/api.w.org\/{rel}","templated":true}]}}