{"id":163,"date":"2016-09-15T09:06:45","date_gmt":"2016-09-15T09:06:45","guid":{"rendered":"http:\/\/fn.se\/ornskoldsvik\/?page_id=163"},"modified":"2016-11-05T12:33:00","modified_gmt":"2016-11-05T12:33:00","slug":"operation-syskonskola-2016","status":"publish","type":"page","link":"https:\/\/fn.se\/ornskoldsvik\/operation-syskonskola-2016\/","title":{"rendered":"Operation Syskonskola 2016"},"content":{"rendered":"<h1>Operation Syskonskola 2016<\/h1>\n<p class=\"intro\">\u00d6rnsk\u00f6ldsviks F<img loading=\"lazy\" decoding=\"async\" class=\"wp-image-166 size-medium alignleft\" src=\"https:\/\/fn.se\/ornskoldsvik\/wp-content\/uploads\/sites\/98\/2016\/09\/op2-300x225.jpg\" alt=\"\" width=\"300\" height=\"225\" srcset=\"https:\/\/fn.se\/ornskoldsvik\/wp-content\/uploads\/sites\/98\/2016\/09\/op2-300x225.jpg 300w, https:\/\/fn.se\/ornskoldsvik\/wp-content\/uploads\/sites\/98\/2016\/09\/op2-768x576.jpg 768w, https:\/\/fn.se\/ornskoldsvik\/wp-content\/uploads\/sites\/98\/2016\/09\/op2-1024x768.jpg 1024w, https:\/\/fn.se\/ornskoldsvik\/wp-content\/uploads\/sites\/98\/2016\/09\/op2-427x320.jpg 427w, https:\/\/fn.se\/ornskoldsvik\/wp-content\/uploads\/sites\/98\/2016\/09\/op2-933x700.jpg 933w, https:\/\/fn.se\/ornskoldsvik\/wp-content\/uploads\/sites\/98\/2016\/09\/op2.jpg 1600w\" sizes=\"auto, (max-width: 300px) 100vw, 300px\" \/>N-f\u00f6rening forts\u00e4tter med sin bist\u00e5ndsverksamhet i Zimbabwe \u00e4ven detta \u00e5r, en verksamhet som i st\u00f6rre eller mindre skala p\u00e5g\u00e5tt oavbrutet sedan 1988 till detta h\u00e5rt krisdrabbade land i S\u00f6dra Afrika.<\/p>\n<p class=\"Standard\">Samtliga sju h\u00f6gstadieskolor hade via Elevr\u00e5den h\u00f6rsammat kallelsen till &#8221;syskonskoletr\u00e4ffen&#8221; som h\u00f6lls sedvanligt med Roger Sandstr\u00f6m och Stellan B\u00e4cklund som v\u00e4rdar. De tre st\u00f6rre projekten i landet presenterades i ord och bild, st\u00f6det till barnhemmet Danai och gatubarnsprojektet Just Children Foundation i huvudstaden Harare forts\u00e4tter liksom till det nyinvigda biblioteket vid Nyatsambo Primary School inom Mhondoro-Ngezi District. Biblioteket fick en del skador p\u00e5 taket nyligen, d\u00e5 en tromb drog fram intill sko<img loading=\"lazy\" decoding=\"async\" class=\"wp-image-168 size-medium alignright\" src=\"https:\/\/fn.se\/ornskoldsvik\/wp-content\/uploads\/sites\/98\/2016\/09\/op4-300x225.jpg\" alt=\"\" width=\"300\" height=\"225\" srcset=\"https:\/\/fn.se\/ornskoldsvik\/wp-content\/uploads\/sites\/98\/2016\/09\/op4-300x225.jpg 300w, https:\/\/fn.se\/ornskoldsvik\/wp-content\/uploads\/sites\/98\/2016\/09\/op4-768x576.jpg 768w, https:\/\/fn.se\/ornskoldsvik\/wp-content\/uploads\/sites\/98\/2016\/09\/op4-1024x768.jpg 1024w, https:\/\/fn.se\/ornskoldsvik\/wp-content\/uploads\/sites\/98\/2016\/09\/op4-427x320.jpg 427w, https:\/\/fn.se\/ornskoldsvik\/wp-content\/uploads\/sites\/98\/2016\/09\/op4-933x700.jpg 933w, https:\/\/fn.se\/ornskoldsvik\/wp-content\/uploads\/sites\/98\/2016\/09\/op4.jpg 1600w\" sizes=\"auto, (max-width: 300px) 100vw, 300px\" \/>lan, en sak som inte \u00e4r s\u00e5 ovanlig i Zimbabwe.<\/p>\n<p class=\"Standard\">Enorm torka r\u00e5der f\u00f6r n\u00e4rvarande i landet och arbetsl\u00f6sheten \u00e4r enorm vilket g\u00f6r att landet nu st\u00e5r inf\u00f6r stora utmaningar fram\u00f6ver, presidenten Mugabe fyllde \u00e4ven nyligen 92 \u00e5r och m\u00e5nga undrar \u00f6ver hur l\u00e4nge han kommer att orka med sina enorma uppgifter.<\/p>\n<p class=\"Standard\">FN-f\u00f6reningen kommer \u00e4ven att f\u00f6rmedla st\u00f6d till en utbildningsinsats f\u00f6r kvinnor knutna till Bangira-projektet, ett projekt som p\u00e5g\u00e5tt allt sedan 1996 i samarbete med den lokala skolf\u00f6reningen.<\/p>\n<p class=\"Standard\">ESSBE<\/p>\n<p class=\"Standard\">\u00a0 \u00a0 \u00a0 \u00a0 \u00a0 \u00a0 \u00a0<img loading=\"lazy\" decoding=\"async\" class=\"alignnone wp-image-165 size-medium\" src=\"https:\/\/fn.se\/ornskoldsvik\/wp-content\/uploads\/sites\/98\/2016\/09\/op1-300x225.jpg\" alt=\"\" width=\"300\" height=\"225\" srcset=\"https:\/\/fn.se\/ornskoldsvik\/wp-content\/uploads\/sites\/98\/2016\/09\/op1-300x225.jpg 300w, https:\/\/fn.se\/ornskoldsvik\/wp-content\/uploads\/sites\/98\/2016\/09\/op1-768x576.jpg 768w, https:\/\/fn.se\/ornskoldsvik\/wp-content\/uploads\/sites\/98\/2016\/09\/op1-1024x768.jpg 1024w, https:\/\/fn.se\/ornskoldsvik\/wp-content\/uploads\/sites\/98\/2016\/09\/op1-427x320.jpg 427w, https:\/\/fn.se\/ornskoldsvik\/wp-content\/uploads\/sites\/98\/2016\/09\/op1-933x700.jpg 933w, https:\/\/fn.se\/ornskoldsvik\/wp-content\/uploads\/sites\/98\/2016\/09\/op1.jpg 1600w\" sizes=\"auto, (max-width: 300px) 100vw, 300px\" \/>\u00a0 \u00a0 \u00a0\u00a0\u00a0 \u00a0\u00a0\u00a0<img loading=\"lazy\" decoding=\"async\" class=\"wp-image-167 size-medium alignnone\" src=\"https:\/\/fn.se\/ornskoldsvik\/wp-content\/uploads\/sites\/98\/2016\/09\/op3-300x225.jpg\" alt=\"\" width=\"300\" height=\"225\" srcset=\"https:\/\/fn.se\/ornskoldsvik\/wp-content\/uploads\/sites\/98\/2016\/09\/op3-300x225.jpg 300w, https:\/\/fn.se\/ornskoldsvik\/wp-content\/uploads\/sites\/98\/2016\/09\/op3-768x576.jpg 768w, https:\/\/fn.se\/ornskoldsvik\/wp-content\/uploads\/sites\/98\/2016\/09\/op3-1024x768.jpg 1024w, https:\/\/fn.se\/ornskoldsvik\/wp-content\/uploads\/sites\/98\/2016\/09\/op3-427x320.jpg 427w, https:\/\/fn.se\/ornskoldsvik\/wp-content\/uploads\/sites\/98\/2016\/09\/op3-933x700.jpg 933w\" sizes=\"auto, (max-width: 300px) 100vw, 300px\" \/><\/p>\n<p>&nbsp;<\/p>\n<p>&nbsp;<\/p>\n","protected":false},"excerpt":{"rendered":"<p>Operation Syskonskola 2016 \u00d6rnsk\u00f6ldsviks FN-f\u00f6rening forts\u00e4tter med sin bist\u00e5ndsverksamhet i Zimbabwe \u00e4ven detta \u00e5r, en verksamhet som i st\u00f6rre eller&hellip;<\/p>\n","protected":false},"author":3,"featured_media":0,"parent":0,"menu_order":0,"comment_status":"closed","ping_status":"closed","template":"templates\/template-sub.php","meta":{"_acf_changed":false,"footnotes":"","_links_to":"","_links_to_target":""},"class_list":["post-163","page","type-page","status-publish","hentry"],"acf":[],"_links":{"self":[{"href":"https:\/\/fn.se\/ornskoldsvik\/wp-json\/wp\/v2\/pages\/163","targetHints":{"allow":["GET"]}}],"collection":[{"href":"https:\/\/fn.se\/ornskoldsvik\/wp-json\/wp\/v2\/pages"}],"about":[{"href":"https:\/\/fn.se\/ornskoldsvik\/wp-json\/wp\/v2\/types\/page"}],"author":[{"embeddable":true,"href":"https:\/\/fn.se\/ornskoldsvik\/wp-json\/wp\/v2\/users\/3"}],"replies":[{"embeddable":true,"href":"https:\/\/fn.se\/ornskoldsvik\/wp-json\/wp\/v2\/comments?post=163"}],"version-history":[{"count":3,"href":"https:\/\/fn.se\/ornskoldsvik\/wp-json\/wp\/v2\/pages\/163\/revisions"}],"predecessor-version":[{"id":277,"href":"https:\/\/fn.se\/ornskoldsvik\/wp-json\/wp\/v2\/pages\/163\/revisions\/277"}],"wp:attachment":[{"href":"https:\/\/fn.se\/ornskoldsvik\/wp-json\/wp\/v2\/media?parent=163"}],"curies":[{"name":"wp","href":"https:\/\/api.w.org\/{rel}","templated":true}]}}